{"id":6393,"date":"2013-11-20T20:26:39","date_gmt":"2013-11-20T23:26:39","guid":{"rendered":"http:\/\/ajupe.com.uy\/web\/?post_type=product&#038;p=6393"},"modified":"2013-11-20T20:26:39","modified_gmt":"2013-11-20T23:26:39","slug":"modelos-de-mujer","status":"publish","type":"product","link":"https:\/\/ajupe.com.uy\/web\/biblioteca\/modelos-de-mujer\/","title":{"rendered":"Modelos de mujer"},"content":{"rendered":"<p>Como insin\u00faa el propio t\u00edtulo, Modelos de mujer,  estos siete relatos est\u00e1n todos protagonizados por mujeres que, en  distintas edades y circunstancias, se enfrentan todas ellas, en alg\u00fan  momento, a hechos extraordinarios. Todos, menos el que da t\u00edtulo al  libro, est\u00e1n de un modo u otro ligados a la infancia, a la capacidad de  desear como motor de la voluntad, de los actos de voluntad que las  protagonistas deber\u00e1n asumir para impedir que la vida las avasalle. En  los tres primeros cuentos -\u00abLos ojos rotos\u00bb, \u00abMalena, una vida hervida\u00bb y  \u00abB\u00e1rbara contra la muerte\u00bb-, los personajes femeninos vencen, cada uno a  su manera, a la muerte: la peque\u00f1a Miguela, la mujer mong\u00f3lica que se  enamora de un fantasma; Malena, que se pasa la vida haciendo r\u00e9gimen por  amor; y B\u00e1rbara, que acompa\u00f1a a su abuelo a pescar. En los cuatro  \u00faltimos -\u00abEl vocabulario de los balcones\u00bb, \u00abAmor de madre\u00bb, \u00abModelos de  mujer\u00bb y \u00abLa buena hija\u00bb-, las protagonistas tuercen el destino a su  favor recurriendo unas al poder de seducci\u00f3n y otras a la fuerza de la  raz\u00f3n, y todas con la voluntad que les otorga el firme deseo de no  tolerar que la vida se les escape de las manos.<\/p>\n","protected":false},"excerpt":{"rendered":"<p>Como insin\u00faa el propio t\u00edtulo, Modelos de mujer, estos siete relatos est\u00e1n todos protagonizados por mujeres que, en distintas edades y circunstancias, se enfrentan todas ellas, en alg\u00fan momento, a hechos extraordinarios.<\/p>\n","protected":false},"featured_media":6394,"template":"","meta":[],"product_brand":[548],"product_cat":[29],"product_tag":[],"class_list":{"0":"post-6393","1":"product","2":"type-product","3":"status-publish","4":"has-post-thumbnail","6":"product_brand-almudena-grandes","7":"product_cat-novela","9":"first","10":"instock","11":"purchasable","12":"product-type-simple"},"featured_image_urls_v2":{"full":["https:\/\/ajupe.com.uy\/web\/wp-content\/uploads\/2016\/04\/p-6393-Modelos_de_mujer_528d1aff024d6.jpg",182,269,false],"thumbnail":["https:\/\/ajupe.com.uy\/web\/wp-content\/uploads\/2016\/04\/p-6393-Modelos_de_mujer_528d1aff024d6.jpg",150,150,true],"medium":["https:\/\/ajupe.com.uy\/web\/wp-content\/uploads\/2016\/04\/p-6393-Modelos_de_mujer_528d1aff024d6.jpg",300,214,true],"medium_large":["https:\/\/ajupe.com.uy\/web\/wp-content\/uploads\/2016\/04\/p-6393-Modelos_de_mujer_528d1aff024d6.jpg",182,269,false],"large":["https:\/\/ajupe.com.uy\/web\/wp-content\/uploads\/2016\/04\/p-6393-Modelos_de_mujer_528d1aff024d6.jpg",182,269,false],"1536x1536":["https:\/\/ajupe.com.uy\/web\/wp-content\/uploads\/2016\/04\/p-6393-Modelos_de_mujer_528d1aff024d6.jpg",182,269,false],"2048x2048":["https:\/\/ajupe.com.uy\/web\/wp-content\/uploads\/2016\/04\/p-6393-Modelos_de_mujer_528d1aff024d6.jpg",182,269,false],"woocommerce_archive_thumbnail":["https:\/\/ajupe.com.uy\/web\/wp-content\/uploads\/2016\/04\/p-6393-Modelos_de_mujer_528d1aff024d6.jpg",182,269,false],"woocommerce_thumbnail":["https:\/\/ajupe.com.uy\/web\/wp-content\/uploads\/2016\/04\/p-6393-Modelos_de_mujer_528d1aff024d6.jpg",182,269,false],"woocommerce_single":["https:\/\/ajupe.com.uy\/web\/wp-content\/uploads\/2016\/04\/p-6393-Modelos_de_mujer_528d1aff024d6.jpg",182,269,false],"woocommerce_gallery_thumbnail":["https:\/\/ajupe.com.uy\/web\/wp-content\/uploads\/2016\/04\/p-6393-Modelos_de_mujer_528d1aff024d6-100x100.jpg",100,100,true]},"post_excerpt_stackable_v2":"<p>Como insin\u00faa el propio t\u00edtulo, Modelos de mujer, estos siete relatos est\u00e1n todos protagonizados por mujeres que, en distintas edades y circunstancias, se enfrentan todas ellas, en alg\u00fan momento, a hechos extraordinarios.<\/p>\n","category_list_v2":"","author_info_v2":{"name":"","url":""},"comments_num_v2":"0 comentarios","_links":{"self":[{"href":"https:\/\/ajupe.com.uy\/web\/wp-json\/wp\/v2\/product\/6393","targetHints":{"allow":["GET"]}}],"collection":[{"href":"https:\/\/ajupe.com.uy\/web\/wp-json\/wp\/v2\/product"}],"about":[{"href":"https:\/\/ajupe.com.uy\/web\/wp-json\/wp\/v2\/types\/product"}],"wp:featuredmedia":[{"embeddable":true,"href":"https:\/\/ajupe.com.uy\/web\/wp-json\/wp\/v2\/media\/6394"}],"wp:attachment":[{"href":"https:\/\/ajupe.com.uy\/web\/wp-json\/wp\/v2\/media?parent=6393"}],"wp:term":[{"taxonomy":"product_brand","embeddable":true,"href":"https:\/\/ajupe.com.uy\/web\/wp-json\/wp\/v2\/product_brand?post=6393"},{"taxonomy":"product_cat","embeddable":true,"href":"https:\/\/ajupe.com.uy\/web\/wp-json\/wp\/v2\/product_cat?post=6393"},{"taxonomy":"product_tag","embeddable":true,"href":"https:\/\/ajupe.com.uy\/web\/wp-json\/wp\/v2\/product_tag?post=6393"}],"curies":[{"name":"wp","href":"https:\/\/api.w.org\/{rel}","templated":true}]}}