{"id":6432,"date":"2013-11-22T17:07:07","date_gmt":"2013-11-22T20:07:07","guid":{"rendered":"http:\/\/ajupe.com.uy\/web\/?post_type=product&#038;p=6432"},"modified":"2013-11-22T17:07:07","modified_gmt":"2013-11-22T20:07:07","slug":"el-estafador","status":"publish","type":"product","link":"https:\/\/ajupe.com.uy\/web\/biblioteca\/el-estafador\/","title":{"rendered":"El estafador"},"content":{"rendered":"<p>S\u00f3lo cuatro jueces federales hab\u00edan sido asesinados en la historia del  pa\u00eds. Raymond Fawcett acaba de convertirse en el quinto. El cuerpo del  juez es encontrado en una remota caba\u00f1a junto a un lago. No se hab\u00eda  forzado la cerradura de la puerta. Junto a su cuerpo es hallada tambi\u00e9n  muerta su secretaria.<\/p>\n<p>Malcolm Bannister es un chantajista que  dice saber el qui\u00e9n y el porqu\u00e9 de la muerte prematura del juez. Es un  ex-abogado y ex-marine que lleva cinco a\u00f1os (la mitad de su condena) en  la Prisi\u00f3n Federal cerca de Frostburg, Maryland. El FBI encuentra vac\u00eda  la caja fuerte de la caba\u00f1a, y Malcolm asegura saber tambi\u00e9n lo que  hab\u00eda en ella.<\/p>\n<p>Todo tiene su precio y Malcolm se la ingeniar\u00e1  para vengarse del Gobierno Federal de los EE.UU. por haber sido  encarcelado por un crimen que no cometi\u00f3.<\/p>\n","protected":false},"excerpt":{"rendered":"<p>S\u00f3lo cuatro jueces federales hab\u00edan sido asesinados en la historia del pa\u00eds. Raymond Fawcett acaba de convertirse en el quinto. El cuerpo del juez es encontrado en una remota caba\u00f1a junto a un lago. No se hab\u00eda forzado la cerradura de la puerta. Junto a s<\/p>\n","protected":false},"featured_media":6433,"template":"","meta":[],"product_brand":[77],"product_cat":[48],"product_tag":[],"class_list":{"0":"post-6432","1":"product","2":"type-product","3":"status-publish","4":"has-post-thumbnail","6":"product_brand-john-grisham","7":"product_cat-thrillers","9":"first","10":"instock","11":"purchasable","12":"product-type-simple"},"featured_image_urls_v2":{"full":["https:\/\/ajupe.com.uy\/web\/wp-content\/uploads\/2016\/04\/p-6432-El_estafador_528f8f3b64456.jpg",225,332,false],"thumbnail":["https:\/\/ajupe.com.uy\/web\/wp-content\/uploads\/2016\/04\/p-6432-El_estafador_528f8f3b64456.jpg",150,150,true],"medium":["https:\/\/ajupe.com.uy\/web\/wp-content\/uploads\/2016\/04\/p-6432-El_estafador_528f8f3b64456.jpg",300,214,true],"medium_large":["https:\/\/ajupe.com.uy\/web\/wp-content\/uploads\/2016\/04\/p-6432-El_estafador_528f8f3b64456.jpg",225,332,false],"large":["https:\/\/ajupe.com.uy\/web\/wp-content\/uploads\/2016\/04\/p-6432-El_estafador_528f8f3b64456.jpg",225,332,false],"1536x1536":["https:\/\/ajupe.com.uy\/web\/wp-content\/uploads\/2016\/04\/p-6432-El_estafador_528f8f3b64456.jpg",225,332,false],"2048x2048":["https:\/\/ajupe.com.uy\/web\/wp-content\/uploads\/2016\/04\/p-6432-El_estafador_528f8f3b64456.jpg",225,332,false],"woocommerce_archive_thumbnail":["https:\/\/ajupe.com.uy\/web\/wp-content\/uploads\/2016\/04\/p-6432-El_estafador_528f8f3b64456-225x300.jpg",225,300,true],"woocommerce_thumbnail":["https:\/\/ajupe.com.uy\/web\/wp-content\/uploads\/2016\/04\/p-6432-El_estafador_528f8f3b64456-225x300.jpg",225,300,true],"woocommerce_single":["https:\/\/ajupe.com.uy\/web\/wp-content\/uploads\/2016\/04\/p-6432-El_estafador_528f8f3b64456.jpg",225,332,false],"woocommerce_gallery_thumbnail":["https:\/\/ajupe.com.uy\/web\/wp-content\/uploads\/2016\/04\/p-6432-El_estafador_528f8f3b64456-100x100.jpg",100,100,true]},"post_excerpt_stackable_v2":"<p>S\u00f3lo cuatro jueces federales hab\u00edan sido asesinados en la historia del pa\u00eds. Raymond Fawcett acaba de convertirse en el quinto. El cuerpo del juez es encontrado en una remota caba\u00f1a junto a un lago. No se hab\u00eda forzado la cerradura de la puerta. Junto a s<\/p>\n","category_list_v2":"","author_info_v2":{"name":"","url":""},"comments_num_v2":"0 comentarios","_links":{"self":[{"href":"https:\/\/ajupe.com.uy\/web\/wp-json\/wp\/v2\/product\/6432","targetHints":{"allow":["GET"]}}],"collection":[{"href":"https:\/\/ajupe.com.uy\/web\/wp-json\/wp\/v2\/product"}],"about":[{"href":"https:\/\/ajupe.com.uy\/web\/wp-json\/wp\/v2\/types\/product"}],"wp:featuredmedia":[{"embeddable":true,"href":"https:\/\/ajupe.com.uy\/web\/wp-json\/wp\/v2\/media\/6433"}],"wp:attachment":[{"href":"https:\/\/ajupe.com.uy\/web\/wp-json\/wp\/v2\/media?parent=6432"}],"wp:term":[{"taxonomy":"product_brand","embeddable":true,"href":"https:\/\/ajupe.com.uy\/web\/wp-json\/wp\/v2\/product_brand?post=6432"},{"taxonomy":"product_cat","embeddable":true,"href":"https:\/\/ajupe.com.uy\/web\/wp-json\/wp\/v2\/product_cat?post=6432"},{"taxonomy":"product_tag","embeddable":true,"href":"https:\/\/ajupe.com.uy\/web\/wp-json\/wp\/v2\/product_tag?post=6432"}],"curies":[{"name":"wp","href":"https:\/\/api.w.org\/{rel}","templated":true}]}}