{"id":6435,"date":"2014-01-28T18:46:11","date_gmt":"2014-01-28T21:46:11","guid":{"rendered":"http:\/\/ajupe.com.uy\/web\/?post_type=product&#038;p=6435"},"modified":"2014-01-28T18:46:11","modified_gmt":"2014-01-28T21:46:11","slug":"el-asedio","status":"publish","type":"product","link":"https:\/\/ajupe.com.uy\/web\/biblioteca\/el-asedio\/","title":{"rendered":"El asedio"},"content":{"rendered":"<p>C\u00e1diz, 1811. Espa\u00f1a lucha por su independencia mientras Am\u00e9rica lo  hace por la suya. En las calles de la ciudad m\u00e1s liberal de Europa se  libran batallas de otra \u00edndole. Mujeres j\u00f3venes aparecen desolladas a  latigazos. En cada lugar, antes del hallazgo del cad\u00e1ver, ha ca\u00eddo una  bomba francesa. Eso traza sobre la ciudad un mapa superpuesto y  siniestro: un complejo tablero de ajedrez donde la mano de un jugador  oculto \u2014un asesino despiadado, el azar, las curvas de artiller\u00eda, la  direcci\u00f3n de los vientos, el c\u00e1lculo de probabilidades\u2014 mueve piezas que  deciden el destino de los protagonistas: un polic\u00eda corrupto y brutal,  la heredera de una importante casa comercial gaditana, un capit\u00e1n  corsario de pocos escr\u00fapulos, un taxidermista mis\u00e1ntropo y esp\u00eda, un  enternecedor guerrillero de las salinas y un exc\u00e9ntrico artillero a  quien las guerras importan menos que resolver el problema t\u00e9cnico del  corto alcance de sus obuses.<\/p>\n<p><em>El asedio<\/em> narra el pulso asombroso de un mundo que pudo ser y  no fue. El fin de una \u00e9poca y unos personajes condenados por la  Historia, sentenciados a un vida que, como la ciudad que los alberga  \u2014una C\u00e1diz equ\u00edvoca, enigm\u00e1tica, s\u00f3lo en apariencia luminosa y blanca\u2014,  nunca volver\u00e1 a ser la misma.<\/p>\n","protected":false},"excerpt":{"rendered":"<p>El asedio narra el pulso asombroso de un mundo que pudo ser y no fue. El fin de una \u00e9poca y unos personajes condenados por la Historia, sentenciados a un vida que, como la ciudad que los alberga \u2014una C\u00e1diz equ\u00edvoca, enigm\u00e1tica, s\u00f3lo en apariencia luminosa<\/p>\n","protected":false},"featured_media":6436,"template":"","meta":[],"product_brand":[262],"product_cat":[31,29],"product_tag":[],"class_list":{"0":"post-6435","1":"product","2":"type-product","3":"status-publish","4":"has-post-thumbnail","6":"product_brand-arturo-perez-reverte","7":"product_cat-historico","8":"product_cat-novela","10":"first","11":"instock","12":"purchasable","13":"product-type-simple"},"featured_image_urls_v2":{"full":["https:\/\/ajupe.com.uy\/web\/wp-content\/uploads\/2016\/04\/p-6435-El_asedio_52e7faf390708.jpg",183,280,false],"thumbnail":["https:\/\/ajupe.com.uy\/web\/wp-content\/uploads\/2016\/04\/p-6435-El_asedio_52e7faf390708.jpg",150,150,true],"medium":["https:\/\/ajupe.com.uy\/web\/wp-content\/uploads\/2016\/04\/p-6435-El_asedio_52e7faf390708.jpg",300,214,true],"medium_large":["https:\/\/ajupe.com.uy\/web\/wp-content\/uploads\/2016\/04\/p-6435-El_asedio_52e7faf390708.jpg",183,280,false],"large":["https:\/\/ajupe.com.uy\/web\/wp-content\/uploads\/2016\/04\/p-6435-El_asedio_52e7faf390708.jpg",183,280,false],"1536x1536":["https:\/\/ajupe.com.uy\/web\/wp-content\/uploads\/2016\/04\/p-6435-El_asedio_52e7faf390708.jpg",183,280,false],"2048x2048":["https:\/\/ajupe.com.uy\/web\/wp-content\/uploads\/2016\/04\/p-6435-El_asedio_52e7faf390708.jpg",183,280,false],"woocommerce_archive_thumbnail":["https:\/\/ajupe.com.uy\/web\/wp-content\/uploads\/2016\/04\/p-6435-El_asedio_52e7faf390708.jpg",183,280,false],"woocommerce_thumbnail":["https:\/\/ajupe.com.uy\/web\/wp-content\/uploads\/2016\/04\/p-6435-El_asedio_52e7faf390708.jpg",183,280,false],"woocommerce_single":["https:\/\/ajupe.com.uy\/web\/wp-content\/uploads\/2016\/04\/p-6435-El_asedio_52e7faf390708.jpg",183,280,false],"woocommerce_gallery_thumbnail":["https:\/\/ajupe.com.uy\/web\/wp-content\/uploads\/2016\/04\/p-6435-El_asedio_52e7faf390708-100x100.jpg",100,100,true]},"post_excerpt_stackable_v2":"<p>El asedio narra el pulso asombroso de un mundo que pudo ser y no fue. El fin de una \u00e9poca y unos personajes condenados por la Historia, sentenciados a un vida que, como la ciudad que los alberga \u2014una C\u00e1diz equ\u00edvoca, enigm\u00e1tica, s\u00f3lo en apariencia luminosa<\/p>\n","category_list_v2":"","author_info_v2":{"name":"","url":""},"comments_num_v2":"0 comentarios","_links":{"self":[{"href":"https:\/\/ajupe.com.uy\/web\/wp-json\/wp\/v2\/product\/6435","targetHints":{"allow":["GET"]}}],"collection":[{"href":"https:\/\/ajupe.com.uy\/web\/wp-json\/wp\/v2\/product"}],"about":[{"href":"https:\/\/ajupe.com.uy\/web\/wp-json\/wp\/v2\/types\/product"}],"wp:featuredmedia":[{"embeddable":true,"href":"https:\/\/ajupe.com.uy\/web\/wp-json\/wp\/v2\/media\/6436"}],"wp:attachment":[{"href":"https:\/\/ajupe.com.uy\/web\/wp-json\/wp\/v2\/media?parent=6435"}],"wp:term":[{"taxonomy":"product_brand","embeddable":true,"href":"https:\/\/ajupe.com.uy\/web\/wp-json\/wp\/v2\/product_brand?post=6435"},{"taxonomy":"product_cat","embeddable":true,"href":"https:\/\/ajupe.com.uy\/web\/wp-json\/wp\/v2\/product_cat?post=6435"},{"taxonomy":"product_tag","embeddable":true,"href":"https:\/\/ajupe.com.uy\/web\/wp-json\/wp\/v2\/product_tag?post=6435"}],"curies":[{"name":"wp","href":"https:\/\/api.w.org\/{rel}","templated":true}]}}

<p>Cádiz, 1811. España lucha por su independencia mientras América lo  hace por la suya. En las calles de la ciudad más liberal de Europa se  libran batallas de otra índole. Mujeres jóvenes aparecen desolladas a  latigazos. En cada lugar, antes del hallazgo del cadáver, ha caído una  bomba francesa. Eso traza sobre la ciudad un mapa superpuesto y  siniestro: un complejo tablero de ajedrez donde la mano de un jugador  oculto —un asesino despiadado, el azar, las curvas de artillería, la  dirección de los vientos, el cálculo de probabilidades— mueve piezas que  deciden el destino de los protagonistas: un policía corrupto y brutal,  la heredera de una importante casa comercial gaditana, un capitán  corsario de pocos escrúpulos, un taxidermista misántropo y espía, un  enternecedor guerrillero de las salinas y un excéntrico artillero a  quien las guerras importan menos que resolver el problema técnico del  corto alcance de sus obuses.</p>
<p><em>El asedio</em> narra el pulso asombroso de un mundo que pudo ser y  no fue. El fin de una época y unos personajes condenados por la  Historia, sentenciados a un vida que, como la ciudad que los alberga  —una Cádiz equívoca, enigmática, sólo en apariencia luminosa y blanca—,  nunca volverá a ser la misma.</p>

<p>El asedio narra el pulso asombroso de un mundo que pudo ser y no fue. El fin de una época y unos personajes condenados por la Historia, sentenciados a un vida que, como la ciudad que los alberga —una Cádiz equívoca, enigmática, sólo en apariencia luminosa</p>
