{"id":6487,"date":"2014-03-19T20:38:13","date_gmt":"2014-03-19T23:38:13","guid":{"rendered":"http:\/\/ajupe.com.uy\/web\/?post_type=product&#038;p=6487"},"modified":"2014-03-19T20:38:13","modified_gmt":"2014-03-19T23:38:13","slug":"el-ministro-y-la-ballena","status":"publish","type":"product","link":"https:\/\/ajupe.com.uy\/web\/biblioteca\/el-ministro-y-la-ballena\/","title":{"rendered":"El ministro y la ballena"},"content":{"rendered":"<p>Un d\u00eda de verano el cad\u00e1ver de una ballena encalla frente a un balneario poblado de turistas. Su corrupci\u00f3n representa una amenaza. El Ministro de Turismo se propone eliminarla, pero los intentos encontrar\u00e1n obst\u00e1culos m\u00e1s grandes que el propio animal. La lucha contra los despojos se convierte as\u00ed en una met\u00e1fora, cruel y divertida, sobre la incapacidad de un pa\u00eds para resolver sus problemas y el resignado conformismo de quienes los padecen.<\/p>\n","protected":false},"excerpt":{"rendered":"<p>Un d\u00eda de verano el cad\u00e1ver de una ballena encalla frente a un balneario poblado de turistas. Su corrupci\u00f3n representa una amenaza. El Ministro de Turismo se propone eliminarla, pero los intentos encontrar\u00e1n<\/p>\n","protected":false},"featured_media":6488,"template":"","meta":[],"product_brand":[53],"product_cat":[29],"product_tag":[],"class_list":{"0":"post-6487","1":"product","2":"type-product","3":"status-publish","4":"has-post-thumbnail","6":"product_brand-jorge-burel","7":"product_cat-novela","9":"first","10":"instock","11":"purchasable","12":"product-type-simple"},"featured_image_urls_v2":{"full":["https:\/\/ajupe.com.uy\/web\/wp-content\/uploads\/2016\/04\/p-6487-El_ministro_y_la_532a0035003c3.jpg",190,308,false],"thumbnail":["https:\/\/ajupe.com.uy\/web\/wp-content\/uploads\/2016\/04\/p-6487-El_ministro_y_la_532a0035003c3.jpg",150,150,true],"medium":["https:\/\/ajupe.com.uy\/web\/wp-content\/uploads\/2016\/04\/p-6487-El_ministro_y_la_532a0035003c3.jpg",300,214,true],"medium_large":["https:\/\/ajupe.com.uy\/web\/wp-content\/uploads\/2016\/04\/p-6487-El_ministro_y_la_532a0035003c3.jpg",190,308,false],"large":["https:\/\/ajupe.com.uy\/web\/wp-content\/uploads\/2016\/04\/p-6487-El_ministro_y_la_532a0035003c3.jpg",190,308,false],"1536x1536":["https:\/\/ajupe.com.uy\/web\/wp-content\/uploads\/2016\/04\/p-6487-El_ministro_y_la_532a0035003c3.jpg",190,308,false],"2048x2048":["https:\/\/ajupe.com.uy\/web\/wp-content\/uploads\/2016\/04\/p-6487-El_ministro_y_la_532a0035003c3.jpg",190,308,false],"woocommerce_archive_thumbnail":["https:\/\/ajupe.com.uy\/web\/wp-content\/uploads\/2016\/04\/p-6487-El_ministro_y_la_532a0035003c3-190x300.jpg",190,300,true],"woocommerce_thumbnail":["https:\/\/ajupe.com.uy\/web\/wp-content\/uploads\/2016\/04\/p-6487-El_ministro_y_la_532a0035003c3-190x300.jpg",190,300,true],"woocommerce_single":["https:\/\/ajupe.com.uy\/web\/wp-content\/uploads\/2016\/04\/p-6487-El_ministro_y_la_532a0035003c3.jpg",190,308,false],"woocommerce_gallery_thumbnail":["https:\/\/ajupe.com.uy\/web\/wp-content\/uploads\/2016\/04\/p-6487-El_ministro_y_la_532a0035003c3-100x100.jpg",100,100,true]},"post_excerpt_stackable_v2":"<p>Un d\u00eda de verano el cad\u00e1ver de una ballena encalla frente a un balneario poblado de turistas. Su corrupci\u00f3n representa una amenaza. El Ministro de Turismo se propone eliminarla, pero los intentos encontrar\u00e1n<\/p>\n","category_list_v2":"","author_info_v2":{"name":"","url":""},"comments_num_v2":"0 comentarios","_links":{"self":[{"href":"https:\/\/ajupe.com.uy\/web\/wp-json\/wp\/v2\/product\/6487","targetHints":{"allow":["GET"]}}],"collection":[{"href":"https:\/\/ajupe.com.uy\/web\/wp-json\/wp\/v2\/product"}],"about":[{"href":"https:\/\/ajupe.com.uy\/web\/wp-json\/wp\/v2\/types\/product"}],"wp:featuredmedia":[{"embeddable":true,"href":"https:\/\/ajupe.com.uy\/web\/wp-json\/wp\/v2\/media\/6488"}],"wp:attachment":[{"href":"https:\/\/ajupe.com.uy\/web\/wp-json\/wp\/v2\/media?parent=6487"}],"wp:term":[{"taxonomy":"product_brand","embeddable":true,"href":"https:\/\/ajupe.com.uy\/web\/wp-json\/wp\/v2\/product_brand?post=6487"},{"taxonomy":"product_cat","embeddable":true,"href":"https:\/\/ajupe.com.uy\/web\/wp-json\/wp\/v2\/product_cat?post=6487"},{"taxonomy":"product_tag","embeddable":true,"href":"https:\/\/ajupe.com.uy\/web\/wp-json\/wp\/v2\/product_tag?post=6487"}],"curies":[{"name":"wp","href":"https:\/\/api.w.org\/{rel}","templated":true}]}}