{"id":6535,"date":"2014-03-26T18:42:00","date_gmt":"2014-03-26T21:42:00","guid":{"rendered":"http:\/\/ajupe.com.uy\/web\/?post_type=product&#038;p=6535"},"modified":"2014-03-26T18:42:00","modified_gmt":"2014-03-26T21:42:00","slug":"la-prueba-del-cielo","status":"publish","type":"product","link":"https:\/\/ajupe.com.uy\/web\/biblioteca\/la-prueba-del-cielo\/","title":{"rendered":"La prueba del cielo"},"content":{"rendered":"<p><em>La prueba del cielo<\/em>, escrito por el doctor <strong>Eben Alexander<\/strong>, es un libro de <a href=\"http:\/\/www.casadellibro.com\/libros\/autoayuda\/102001000\/3\/2\">autoayuda<\/a> que ha revolucionado el eterno conflicto entre ciencia y fe, el viaje  de un neurocirujano a la vida despu\u00e9s de la muerte, una historia real  que nos ayudar\u00e1 a comprender qu\u00e9 nos espera m\u00e1s all\u00e1 de la vida. Miles  de personas en todo el mundo afirman haber tenido experiencias cercanas a  la muerte y haber visitado el cielo. Hasta ahora, la ciencia siempre  hab\u00eda estado ah\u00ed para rebatirlas&#8230; <em>La prueba del cielo<\/em> te asombrar\u00e1 y te cambiar\u00e1 la vida. El doctor <strong>Eben Alexander<\/strong> ha ejercido como neurocirujano acad\u00e9mico durante los \u00faltimos  veinticinco a\u00f1os, quince de los cuales ha estado en el hospital Brigham  and Women\u00b4s, en el Children\u00b4s Hospital y en la escuela de medicina de  Harvard.<\/p>\n<p>\u00abEl 8 de noviembre de 2008 me despert\u00e9 con un terrible dolor de  cabeza que en apenas dos horas desemboc\u00f3 en un derrame cerebral. Ca\u00ed en  un coma profundo, y durante siete d\u00edas permanec\u00ed en ese estado, durante  el cual viv\u00ed una experiencia incre\u00edble y fuera de este mundo. El lugar  en el que estuve es un sitio maravilloso, reconfortante y lleno de amor.  No tengo miedo a morir porque ahora s\u00e9 que no es el final.\u00bb\u00a0<strong>Doctor Eben Alexander<\/strong>. La l\u00f3gica cient\u00edfica del doctor <strong>Alexander<\/strong> jam\u00e1s hab\u00eda dado cr\u00e9dito a las experiencias cercanas a la muerte. Sin  embargo, despu\u00e9s de haber pasado por esto sabe que no son meras  fantas\u00edas: Dios y el alma existen realmente, y la muerte no es el final  de la existencia personal, sino una mera transici\u00f3n.<\/p>\n","protected":false},"excerpt":{"rendered":"<p>La prueba del cielo, escrito por el doctor Eben Alexander, es un libro de autoayuda que ha revolucionado el eterno conflicto entre ciencia y fe, el viaje de un neurocirujano a la vida despu\u00e9s de la muerte, una historia real que nos ayudar\u00e1 a comprender qu<\/p>\n","protected":false},"featured_media":6536,"template":"","meta":[],"product_brand":[1262],"product_cat":[32],"product_tag":[],"class_list":{"0":"post-6535","1":"product","2":"type-product","3":"status-publish","4":"has-post-thumbnail","6":"product_brand-alexander-eben","7":"product_cat-autoayuda","9":"first","10":"instock","11":"purchasable","12":"product-type-simple"},"featured_image_urls_v2":{"full":["https:\/\/ajupe.com.uy\/web\/wp-content\/uploads\/2016\/04\/p-6535-La_prueba_del_ci_53331f78c2811.jpg",190,305,false],"thumbnail":["https:\/\/ajupe.com.uy\/web\/wp-content\/uploads\/2016\/04\/p-6535-La_prueba_del_ci_53331f78c2811.jpg",150,150,true],"medium":["https:\/\/ajupe.com.uy\/web\/wp-content\/uploads\/2016\/04\/p-6535-La_prueba_del_ci_53331f78c2811.jpg",300,214,true],"medium_large":["https:\/\/ajupe.com.uy\/web\/wp-content\/uploads\/2016\/04\/p-6535-La_prueba_del_ci_53331f78c2811.jpg",190,305,false],"large":["https:\/\/ajupe.com.uy\/web\/wp-content\/uploads\/2016\/04\/p-6535-La_prueba_del_ci_53331f78c2811.jpg",190,305,false],"1536x1536":["https:\/\/ajupe.com.uy\/web\/wp-content\/uploads\/2016\/04\/p-6535-La_prueba_del_ci_53331f78c2811.jpg",190,305,false],"2048x2048":["https:\/\/ajupe.com.uy\/web\/wp-content\/uploads\/2016\/04\/p-6535-La_prueba_del_ci_53331f78c2811.jpg",190,305,false],"woocommerce_archive_thumbnail":["https:\/\/ajupe.com.uy\/web\/wp-content\/uploads\/2016\/04\/p-6535-La_prueba_del_ci_53331f78c2811-190x300.jpg",190,300,true],"woocommerce_thumbnail":["https:\/\/ajupe.com.uy\/web\/wp-content\/uploads\/2016\/04\/p-6535-La_prueba_del_ci_53331f78c2811-190x300.jpg",190,300,true],"woocommerce_single":["https:\/\/ajupe.com.uy\/web\/wp-content\/uploads\/2016\/04\/p-6535-La_prueba_del_ci_53331f78c2811.jpg",190,305,false],"woocommerce_gallery_thumbnail":["https:\/\/ajupe.com.uy\/web\/wp-content\/uploads\/2016\/04\/p-6535-La_prueba_del_ci_53331f78c2811-100x100.jpg",100,100,true]},"post_excerpt_stackable_v2":"<p>La prueba del cielo, escrito por el doctor Eben Alexander, es un libro de autoayuda que ha revolucionado el eterno conflicto entre ciencia y fe, el viaje de un neurocirujano a la vida despu\u00e9s de la muerte, una historia real que nos ayudar\u00e1 a comprender qu<\/p>\n","category_list_v2":"","author_info_v2":{"name":"","url":""},"comments_num_v2":"0 comentarios","_links":{"self":[{"href":"https:\/\/ajupe.com.uy\/web\/wp-json\/wp\/v2\/product\/6535","targetHints":{"allow":["GET"]}}],"collection":[{"href":"https:\/\/ajupe.com.uy\/web\/wp-json\/wp\/v2\/product"}],"about":[{"href":"https:\/\/ajupe.com.uy\/web\/wp-json\/wp\/v2\/types\/product"}],"wp:featuredmedia":[{"embeddable":true,"href":"https:\/\/ajupe.com.uy\/web\/wp-json\/wp\/v2\/media\/6536"}],"wp:attachment":[{"href":"https:\/\/ajupe.com.uy\/web\/wp-json\/wp\/v2\/media?parent=6535"}],"wp:term":[{"taxonomy":"product_brand","embeddable":true,"href":"https:\/\/ajupe.com.uy\/web\/wp-json\/wp\/v2\/product_brand?post=6535"},{"taxonomy":"product_cat","embeddable":true,"href":"https:\/\/ajupe.com.uy\/web\/wp-json\/wp\/v2\/product_cat?post=6535"},{"taxonomy":"product_tag","embeddable":true,"href":"https:\/\/ajupe.com.uy\/web\/wp-json\/wp\/v2\/product_tag?post=6535"}],"curies":[{"name":"wp","href":"https:\/\/api.w.org\/{rel}","templated":true}]}}