{"id":6553,"date":"2014-03-27T19:23:32","date_gmt":"2014-03-27T22:23:32","guid":{"rendered":"http:\/\/ajupe.com.uy\/web\/?post_type=product&#038;p=6553"},"modified":"2014-03-27T19:23:32","modified_gmt":"2014-03-27T22:23:32","slug":"tea-bag","status":"publish","type":"product","link":"https:\/\/ajupe.com.uy\/web\/biblioteca\/tea-bag\/","title":{"rendered":"Tea-Bag"},"content":{"rendered":"<p>La vida del c\u00e9lebre poeta sueco Jesper Humlin puede ser tan regalada  como vacua, tocada por el desasosiego de la sociedad de la abundancia,  sumida en una inanidad apenas salpimentada por las trifulcas con su  pareja, las envidias de sus colegas o los apremios de sus editores. Sin  embargo, parecer\u00eda que Jesper conserva un resto de dignidad cuando  rechaza la propuesta de su editor de que escriba novelas polic\u00edacas, que  venden cincuenta veces m\u00e1s que la poes\u00eda (\u00a1si hasta su anciana madre se  ha puesto a escribir una!). Y quiz\u00e1 sea ese vestigio de decencia lo que  desencadene su inter\u00e9s por las historias de unas inmigrantes que conoce  durante una lectura po\u00e9tica de su obra. Entre ellas est\u00e1 una joven  africana, Tea-Bag, el relato de cuya huida de su aldea, el atroz viaje  hacia el norte \u2013con obligada \u00abescala\u00bb en las costas espa\u00f1olas\u2013 y su  llegada a Suecia, donde sigue siendo ilegal, acabar\u00e1 por descolocar, y  redimir, al fatuo Jesper. Porque son las conmovedoras historias de las  inmigrantes \u2013personas de carne y hueso\u2013 las que dan cuerpo a esta novela  que abre los ojos a una cruda realidad con la que convivimos pero que  pocas veces nos atrevemos a mirar de frente. Y <strong>Henning Mankell<\/strong>,  en un ejercicio comprometido no exento de humor e iron\u00eda \u2013\u00abNo me gustan  las novelas policiacas. Me aburren\u00bb, afirma Jesper Humlin\u2013, no s\u00f3lo da  voz a esas personas tantas veces silenciadas sino que esboza una  turbadora intuici\u00f3n: la de que s\u00f3lo a trav\u00e9s de ellas podemos ya  desembarazarnos del peso de nuestro cinismo.<\/p>\n","protected":false},"excerpt":{"rendered":"<p>La vida del c\u00e9lebre poeta sueco Jesper Humlin puede ser tan regalada como vacua, tocada por el desasosiego de la sociedad de la abundancia, sumida en una inanidad apenas salpimentada por las trifulcas con su pareja, las envidias de sus colegas o los aprem<\/p>\n","protected":false},"featured_media":6554,"template":"","meta":[],"product_brand":[996],"product_cat":[29],"product_tag":[],"class_list":{"0":"post-6553","1":"product","2":"type-product","3":"status-publish","4":"has-post-thumbnail","6":"product_brand-henning-mankell","7":"product_cat-novela","9":"first","10":"instock","11":"purchasable","12":"product-type-simple"},"featured_image_urls_v2":{"full":["https:\/\/ajupe.com.uy\/web\/wp-content\/uploads\/2016\/04\/p-6553-Tea_Bag_53347ab4c4ca7.jpg",183,275,false],"thumbnail":["https:\/\/ajupe.com.uy\/web\/wp-content\/uploads\/2016\/04\/p-6553-Tea_Bag_53347ab4c4ca7.jpg",150,150,true],"medium":["https:\/\/ajupe.com.uy\/web\/wp-content\/uploads\/2016\/04\/p-6553-Tea_Bag_53347ab4c4ca7.jpg",300,214,true],"medium_large":["https:\/\/ajupe.com.uy\/web\/wp-content\/uploads\/2016\/04\/p-6553-Tea_Bag_53347ab4c4ca7.jpg",183,275,false],"large":["https:\/\/ajupe.com.uy\/web\/wp-content\/uploads\/2016\/04\/p-6553-Tea_Bag_53347ab4c4ca7.jpg",183,275,false],"1536x1536":["https:\/\/ajupe.com.uy\/web\/wp-content\/uploads\/2016\/04\/p-6553-Tea_Bag_53347ab4c4ca7.jpg",183,275,false],"2048x2048":["https:\/\/ajupe.com.uy\/web\/wp-content\/uploads\/2016\/04\/p-6553-Tea_Bag_53347ab4c4ca7.jpg",183,275,false],"woocommerce_archive_thumbnail":["https:\/\/ajupe.com.uy\/web\/wp-content\/uploads\/2016\/04\/p-6553-Tea_Bag_53347ab4c4ca7.jpg",183,275,false],"woocommerce_thumbnail":["https:\/\/ajupe.com.uy\/web\/wp-content\/uploads\/2016\/04\/p-6553-Tea_Bag_53347ab4c4ca7.jpg",183,275,false],"woocommerce_single":["https:\/\/ajupe.com.uy\/web\/wp-content\/uploads\/2016\/04\/p-6553-Tea_Bag_53347ab4c4ca7.jpg",183,275,false],"woocommerce_gallery_thumbnail":["https:\/\/ajupe.com.uy\/web\/wp-content\/uploads\/2016\/04\/p-6553-Tea_Bag_53347ab4c4ca7-100x100.jpg",100,100,true]},"post_excerpt_stackable_v2":"<p>La vida del c\u00e9lebre poeta sueco Jesper Humlin puede ser tan regalada como vacua, tocada por el desasosiego de la sociedad de la abundancia, sumida en una inanidad apenas salpimentada por las trifulcas con su pareja, las envidias de sus colegas o los aprem<\/p>\n","category_list_v2":"","author_info_v2":{"name":"","url":""},"comments_num_v2":"0 comentarios","_links":{"self":[{"href":"https:\/\/ajupe.com.uy\/web\/wp-json\/wp\/v2\/product\/6553","targetHints":{"allow":["GET"]}}],"collection":[{"href":"https:\/\/ajupe.com.uy\/web\/wp-json\/wp\/v2\/product"}],"about":[{"href":"https:\/\/ajupe.com.uy\/web\/wp-json\/wp\/v2\/types\/product"}],"wp:featuredmedia":[{"embeddable":true,"href":"https:\/\/ajupe.com.uy\/web\/wp-json\/wp\/v2\/media\/6554"}],"wp:attachment":[{"href":"https:\/\/ajupe.com.uy\/web\/wp-json\/wp\/v2\/media?parent=6553"}],"wp:term":[{"taxonomy":"product_brand","embeddable":true,"href":"https:\/\/ajupe.com.uy\/web\/wp-json\/wp\/v2\/product_brand?post=6553"},{"taxonomy":"product_cat","embeddable":true,"href":"https:\/\/ajupe.com.uy\/web\/wp-json\/wp\/v2\/product_cat?post=6553"},{"taxonomy":"product_tag","embeddable":true,"href":"https:\/\/ajupe.com.uy\/web\/wp-json\/wp\/v2\/product_tag?post=6553"}],"curies":[{"name":"wp","href":"https:\/\/api.w.org\/{rel}","templated":true}]}}