{"id":6623,"date":"2014-05-14T18:14:22","date_gmt":"2014-05-14T21:14:22","guid":{"rendered":"http:\/\/ajupe.com.uy\/web\/?post_type=product&#038;p=6623"},"modified":"2014-05-14T18:14:22","modified_gmt":"2014-05-14T21:14:22","slug":"crepusculo-de-los-ases","status":"publish","type":"product","link":"https:\/\/ajupe.com.uy\/web\/biblioteca\/crepusculo-de-los-ases\/","title":{"rendered":"Crep\u00fasculo de los ases"},"content":{"rendered":"<p><em>Crep\u00fasculo de los ases<\/em> recrea la defensa que Roma llev\u00f3 a cabo  para impedir la invasi\u00f3n germana que hubiera puesto en peligro la  integridad del Imperio Romano tras la fatal derrota de Teutoburgo. Para  ello, Tiberio, sucesor de Augusto en el solio imperial, env\u00eda a  Germ\u00e1nico a vengar la memoria de las legiones malditas ca\u00eddas en los  bosques de Teutoburgo, con el objetivo de acabar con Arminio. Sin  embargo, la destreza del germano en la defensa de su territorio, a pesar  del inmenso poder militar desplegado por Roma, convencer\u00e1n a esta de  que Germania Magna debe quedar libre para siempre.<\/p>\n","protected":false},"excerpt":{"rendered":"<p>Crep\u00fasculo de los ases recrea la defensa que Roma llev\u00f3 a cabo para impedir la invasi\u00f3n germana que hubiera puesto en peligro la integridad del Imperio Romano tras la fatal derrota de Teutoburgo.<\/p>\n","protected":false},"featured_media":6624,"template":"","meta":[],"product_brand":[1273],"product_cat":[31,29],"product_tag":[],"class_list":{"0":"post-6623","1":"product","2":"type-product","3":"status-publish","4":"has-post-thumbnail","6":"product_brand-arturo-balder","7":"product_cat-historico","8":"product_cat-novela","10":"first","11":"instock","12":"purchasable","13":"product-type-simple"},"featured_image_urls_v2":{"full":["https:\/\/ajupe.com.uy\/web\/wp-content\/uploads\/2016\/04\/p-6623-Crep__sculo_de_l_5373b27ee6112.jpg",225,343,false],"thumbnail":["https:\/\/ajupe.com.uy\/web\/wp-content\/uploads\/2016\/04\/p-6623-Crep__sculo_de_l_5373b27ee6112.jpg",150,150,true],"medium":["https:\/\/ajupe.com.uy\/web\/wp-content\/uploads\/2016\/04\/p-6623-Crep__sculo_de_l_5373b27ee6112.jpg",300,214,true],"medium_large":["https:\/\/ajupe.com.uy\/web\/wp-content\/uploads\/2016\/04\/p-6623-Crep__sculo_de_l_5373b27ee6112.jpg",225,343,false],"large":["https:\/\/ajupe.com.uy\/web\/wp-content\/uploads\/2016\/04\/p-6623-Crep__sculo_de_l_5373b27ee6112.jpg",225,343,false],"1536x1536":["https:\/\/ajupe.com.uy\/web\/wp-content\/uploads\/2016\/04\/p-6623-Crep__sculo_de_l_5373b27ee6112.jpg",225,343,false],"2048x2048":["https:\/\/ajupe.com.uy\/web\/wp-content\/uploads\/2016\/04\/p-6623-Crep__sculo_de_l_5373b27ee6112.jpg",225,343,false],"woocommerce_archive_thumbnail":["https:\/\/ajupe.com.uy\/web\/wp-content\/uploads\/2016\/04\/p-6623-Crep__sculo_de_l_5373b27ee6112-225x300.jpg",225,300,true],"woocommerce_thumbnail":["https:\/\/ajupe.com.uy\/web\/wp-content\/uploads\/2016\/04\/p-6623-Crep__sculo_de_l_5373b27ee6112-225x300.jpg",225,300,true],"woocommerce_single":["https:\/\/ajupe.com.uy\/web\/wp-content\/uploads\/2016\/04\/p-6623-Crep__sculo_de_l_5373b27ee6112.jpg",225,343,false],"woocommerce_gallery_thumbnail":["https:\/\/ajupe.com.uy\/web\/wp-content\/uploads\/2016\/04\/p-6623-Crep__sculo_de_l_5373b27ee6112-100x100.jpg",100,100,true]},"post_excerpt_stackable_v2":"<p>Crep\u00fasculo de los ases recrea la defensa que Roma llev\u00f3 a cabo para impedir la invasi\u00f3n germana que hubiera puesto en peligro la integridad del Imperio Romano tras la fatal derrota de Teutoburgo.<\/p>\n","category_list_v2":"","author_info_v2":{"name":"","url":""},"comments_num_v2":"0 comentarios","_links":{"self":[{"href":"https:\/\/ajupe.com.uy\/web\/wp-json\/wp\/v2\/product\/6623","targetHints":{"allow":["GET"]}}],"collection":[{"href":"https:\/\/ajupe.com.uy\/web\/wp-json\/wp\/v2\/product"}],"about":[{"href":"https:\/\/ajupe.com.uy\/web\/wp-json\/wp\/v2\/types\/product"}],"wp:featuredmedia":[{"embeddable":true,"href":"https:\/\/ajupe.com.uy\/web\/wp-json\/wp\/v2\/media\/6624"}],"wp:attachment":[{"href":"https:\/\/ajupe.com.uy\/web\/wp-json\/wp\/v2\/media?parent=6623"}],"wp:term":[{"taxonomy":"product_brand","embeddable":true,"href":"https:\/\/ajupe.com.uy\/web\/wp-json\/wp\/v2\/product_brand?post=6623"},{"taxonomy":"product_cat","embeddable":true,"href":"https:\/\/ajupe.com.uy\/web\/wp-json\/wp\/v2\/product_cat?post=6623"},{"taxonomy":"product_tag","embeddable":true,"href":"https:\/\/ajupe.com.uy\/web\/wp-json\/wp\/v2\/product_tag?post=6623"}],"curies":[{"name":"wp","href":"https:\/\/api.w.org\/{rel}","templated":true}]}}