{"id":6632,"date":"2014-05-14T18:31:55","date_gmt":"2014-05-14T21:31:55","guid":{"rendered":"http:\/\/ajupe.com.uy\/web\/?post_type=product&#038;p=6632"},"modified":"2014-05-14T18:31:55","modified_gmt":"2014-05-14T21:31:55","slug":"diego-y-frida","status":"publish","type":"product","link":"https:\/\/ajupe.com.uy\/web\/biblioteca\/diego-y-frida\/","title":{"rendered":"Diego y Frida"},"content":{"rendered":"<p>\u00abLa boda de un elefante y una paloma.\u00bb. \u00c9ste es el \u00e1cido comentario que <strong>Frida Kahlo<\/strong> escucha de boca de su padre cuando le anuncia su intenci\u00f3n de casarse con <strong>Diego Rivera<\/strong>,  el genio de los muralistas mexicanos. Ella es una mujer fr\u00e1gil, pero  tenaz, rebelde, pintora iconoclasta; \u00e9l, un hombre que le dobla la edad,  un terror\u00edfico coloso con reputaci\u00f3n de devorador de mujeres, comunista  y ateo, que osa pintar frescos en los que incita a tomar los machetes y  los fusiles para derrocar la trinidad demon\u00edaca de M\u00e9xico: la  burgues\u00eda, el clero, la clase pol\u00edtica&#8230; <br \/><em>Diego y Frida<\/em> cuenta la tormentosa y apasionada historia de una pareja fuera de lo  com\u00fan. El primer choque de miradas, el dolor y la soledad de Frida,  acosada por la enfermedad y la desgracia, la fe en la revoluci\u00f3n, el  encuentro con Trotski y Breton, la aventura americana, el papel de ambos  en la renovaci\u00f3n del mundo del arte&#8230; Diego es para Frida el ni\u00f1o  todopoderoso que su vientre nunca podr\u00e1 albergar; Frida es para Diego la  mujer tocada de la magia amerindia. Hoy, las im\u00e1genes que nos han  dejado \u2014im\u00e1genes de amor, de b\u00fasqueda de la verdad, en las que la  sensualidad se mezcla siempre con el sufrimiento\u2014 siguen siendo  necesarias y tan intensas como entonces.<\/p>\n","protected":false},"excerpt":{"rendered":"<p>\u00abLa boda de un elefante y una paloma.\u00bb. \u00c9ste es el \u00e1cido comentario que Frida Kahlo escucha de boca de su padre cuando le anuncia su intenci\u00f3n de casarse con Diego Rivera, el genio de los muralistas mexicanos.<\/p>\n","protected":false},"featured_media":6633,"template":"","meta":[],"product_brand":[709],"product_cat":[29],"product_tag":[],"class_list":{"0":"post-6632","1":"product","2":"type-product","3":"status-publish","4":"has-post-thumbnail","6":"product_brand-j-m-g-le-clezio","7":"product_cat-novela","9":"first","10":"instock","11":"purchasable","12":"product-type-simple"},"featured_image_urls_v2":{"full":["https:\/\/ajupe.com.uy\/web\/wp-content\/uploads\/2016\/04\/p-6632-Diego_y_Frida_5373b69b3f0d8.jpg",219,335,false],"thumbnail":["https:\/\/ajupe.com.uy\/web\/wp-content\/uploads\/2016\/04\/p-6632-Diego_y_Frida_5373b69b3f0d8.jpg",150,150,true],"medium":["https:\/\/ajupe.com.uy\/web\/wp-content\/uploads\/2016\/04\/p-6632-Diego_y_Frida_5373b69b3f0d8.jpg",300,214,true],"medium_large":["https:\/\/ajupe.com.uy\/web\/wp-content\/uploads\/2016\/04\/p-6632-Diego_y_Frida_5373b69b3f0d8.jpg",219,335,false],"large":["https:\/\/ajupe.com.uy\/web\/wp-content\/uploads\/2016\/04\/p-6632-Diego_y_Frida_5373b69b3f0d8.jpg",219,335,false],"1536x1536":["https:\/\/ajupe.com.uy\/web\/wp-content\/uploads\/2016\/04\/p-6632-Diego_y_Frida_5373b69b3f0d8.jpg",219,335,false],"2048x2048":["https:\/\/ajupe.com.uy\/web\/wp-content\/uploads\/2016\/04\/p-6632-Diego_y_Frida_5373b69b3f0d8.jpg",219,335,false],"woocommerce_archive_thumbnail":["https:\/\/ajupe.com.uy\/web\/wp-content\/uploads\/2016\/04\/p-6632-Diego_y_Frida_5373b69b3f0d8-219x300.jpg",219,300,true],"woocommerce_thumbnail":["https:\/\/ajupe.com.uy\/web\/wp-content\/uploads\/2016\/04\/p-6632-Diego_y_Frida_5373b69b3f0d8-219x300.jpg",219,300,true],"woocommerce_single":["https:\/\/ajupe.com.uy\/web\/wp-content\/uploads\/2016\/04\/p-6632-Diego_y_Frida_5373b69b3f0d8.jpg",219,335,false],"woocommerce_gallery_thumbnail":["https:\/\/ajupe.com.uy\/web\/wp-content\/uploads\/2016\/04\/p-6632-Diego_y_Frida_5373b69b3f0d8-100x100.jpg",100,100,true]},"post_excerpt_stackable_v2":"<p>\u00abLa boda de un elefante y una paloma.\u00bb. \u00c9ste es el \u00e1cido comentario que Frida Kahlo escucha de boca de su padre cuando le anuncia su intenci\u00f3n de casarse con Diego Rivera, el genio de los muralistas mexicanos.<\/p>\n","category_list_v2":"","author_info_v2":{"name":"","url":""},"comments_num_v2":"0 comentarios","_links":{"self":[{"href":"https:\/\/ajupe.com.uy\/web\/wp-json\/wp\/v2\/product\/6632","targetHints":{"allow":["GET"]}}],"collection":[{"href":"https:\/\/ajupe.com.uy\/web\/wp-json\/wp\/v2\/product"}],"about":[{"href":"https:\/\/ajupe.com.uy\/web\/wp-json\/wp\/v2\/types\/product"}],"wp:featuredmedia":[{"embeddable":true,"href":"https:\/\/ajupe.com.uy\/web\/wp-json\/wp\/v2\/media\/6633"}],"wp:attachment":[{"href":"https:\/\/ajupe.com.uy\/web\/wp-json\/wp\/v2\/media?parent=6632"}],"wp:term":[{"taxonomy":"product_brand","embeddable":true,"href":"https:\/\/ajupe.com.uy\/web\/wp-json\/wp\/v2\/product_brand?post=6632"},{"taxonomy":"product_cat","embeddable":true,"href":"https:\/\/ajupe.com.uy\/web\/wp-json\/wp\/v2\/product_cat?post=6632"},{"taxonomy":"product_tag","embeddable":true,"href":"https:\/\/ajupe.com.uy\/web\/wp-json\/wp\/v2\/product_tag?post=6632"}],"curies":[{"name":"wp","href":"https:\/\/api.w.org\/{rel}","templated":true}]}}