{"id":6716,"date":"2014-09-18T21:15:04","date_gmt":"2014-09-19T00:15:04","guid":{"rendered":"http:\/\/ajupe.com.uy\/web\/?post_type=product&#038;p=6716"},"modified":"2014-09-18T21:17:17","modified_gmt":"2014-09-19T00:17:17","slug":"cristina-moran","status":"publish","type":"product","link":"https:\/\/ajupe.com.uy\/web\/biblioteca\/cristina-moran\/","title":{"rendered":"Cristina Moran"},"content":{"rendered":"<p>El mundo de Cristina Mor\u00e1n es la historia de la televisi\u00f3n uruguaya. Miguel \u00c1ngel Campod\u00f3nico revela la vida de una mujer apasionada, que luch\u00f3 por abrirse camino en una \u00e9poca hostil.  Con encanto, profesionalismo, vitalidad, coraje y compromiso, \u201cla Mor\u00e1n\u201d conquist\u00f3 un destacado lugar en los medios de comunicaci\u00f3n, desde los 17 a\u00f1os hasta el d\u00eda de hoy. Un libro que dialoga con el presente e interroga acerca del papel de la mujer y los medios en la sociedad.  Una vez m\u00e1s Campod\u00f3nico demuestra, con calidad literaria y criterio period\u00edstico, su habilidad para retratar a las figuras relevantes de su tiempo.<\/p>\n","protected":false},"excerpt":{"rendered":"<p>El mundo de Cristina Mor\u00e1n es la historia de la televisi\u00f3n uruguaya. Miguel \u00c1ngel Campod\u00f3nico revela la vida de una mujer apasionada, que luch\u00f3 por abrirse camino en una \u00e9poca hostil. Con encanto, profesionalismo, vitalidad, coraje y compromiso, \u201cla Mor\u00e1n\u201d conquist\u00f3 un destacado lugar en los medios de comunicaci\u00f3n, desde los 17 a\u00f1os hasta el [&hellip;]<\/p>\n","protected":false},"featured_media":6717,"template":"","meta":[],"product_brand":[817],"product_cat":[44],"product_tag":[],"class_list":{"0":"post-6716","1":"product","2":"type-product","3":"status-publish","4":"has-post-thumbnail","6":"product_brand-miguel-angel-campodonico","7":"product_cat-biografico","9":"first","10":"instock","11":"purchasable","12":"product-type-simple"},"featured_image_urls_v2":{"full":["https:\/\/ajupe.com.uy\/web\/wp-content\/uploads\/2016\/04\/p-6716-Cristina_Moran_541b4bd075eef.jpg",220,352,false],"thumbnail":["https:\/\/ajupe.com.uy\/web\/wp-content\/uploads\/2016\/04\/p-6716-Cristina_Moran_541b4bd075eef.jpg",150,150,true],"medium":["https:\/\/ajupe.com.uy\/web\/wp-content\/uploads\/2016\/04\/p-6716-Cristina_Moran_541b4bd075eef.jpg",300,214,true],"medium_large":["https:\/\/ajupe.com.uy\/web\/wp-content\/uploads\/2016\/04\/p-6716-Cristina_Moran_541b4bd075eef.jpg",220,352,false],"large":["https:\/\/ajupe.com.uy\/web\/wp-content\/uploads\/2016\/04\/p-6716-Cristina_Moran_541b4bd075eef.jpg",220,352,false],"1536x1536":["https:\/\/ajupe.com.uy\/web\/wp-content\/uploads\/2016\/04\/p-6716-Cristina_Moran_541b4bd075eef.jpg",220,352,false],"2048x2048":["https:\/\/ajupe.com.uy\/web\/wp-content\/uploads\/2016\/04\/p-6716-Cristina_Moran_541b4bd075eef.jpg",220,352,false],"woocommerce_archive_thumbnail":["https:\/\/ajupe.com.uy\/web\/wp-content\/uploads\/2016\/04\/p-6716-Cristina_Moran_541b4bd075eef-220x300.jpg",220,300,true],"woocommerce_thumbnail":["https:\/\/ajupe.com.uy\/web\/wp-content\/uploads\/2016\/04\/p-6716-Cristina_Moran_541b4bd075eef-220x300.jpg",220,300,true],"woocommerce_single":["https:\/\/ajupe.com.uy\/web\/wp-content\/uploads\/2016\/04\/p-6716-Cristina_Moran_541b4bd075eef.jpg",220,352,false],"woocommerce_gallery_thumbnail":["https:\/\/ajupe.com.uy\/web\/wp-content\/uploads\/2016\/04\/p-6716-Cristina_Moran_541b4bd075eef-100x100.jpg",100,100,true]},"post_excerpt_stackable_v2":"<p>El mundo de Cristina Mor\u00e1n es la historia de la televisi\u00f3n uruguaya. Miguel \u00c1ngel Campod\u00f3nico revela la vida de una mujer apasionada, que luch\u00f3 por abrirse camino en una \u00e9poca hostil. Con encanto, profesionalismo, vitalidad, coraje y compromiso, \u201cla Mor\u00e1n\u201d conquist\u00f3 un destacado lugar en los medios de comunicaci\u00f3n, desde los 17 a\u00f1os hasta el d\u00eda de hoy. Un libro que dialoga con el presente e interroga acerca del papel de la mujer y los medios en la sociedad. Una vez m\u00e1s Campod\u00f3nico demuestra, con calidad literaria y criterio period\u00edstico, su habilidad para retratar a las figuras relevantes de su&hellip;<\/p>\n","category_list_v2":"","author_info_v2":{"name":"","url":""},"comments_num_v2":"0 comentarios","_links":{"self":[{"href":"https:\/\/ajupe.com.uy\/web\/wp-json\/wp\/v2\/product\/6716","targetHints":{"allow":["GET"]}}],"collection":[{"href":"https:\/\/ajupe.com.uy\/web\/wp-json\/wp\/v2\/product"}],"about":[{"href":"https:\/\/ajupe.com.uy\/web\/wp-json\/wp\/v2\/types\/product"}],"wp:featuredmedia":[{"embeddable":true,"href":"https:\/\/ajupe.com.uy\/web\/wp-json\/wp\/v2\/media\/6717"}],"wp:attachment":[{"href":"https:\/\/ajupe.com.uy\/web\/wp-json\/wp\/v2\/media?parent=6716"}],"wp:term":[{"taxonomy":"product_brand","embeddable":true,"href":"https:\/\/ajupe.com.uy\/web\/wp-json\/wp\/v2\/product_brand?post=6716"},{"taxonomy":"product_cat","embeddable":true,"href":"https:\/\/ajupe.com.uy\/web\/wp-json\/wp\/v2\/product_cat?post=6716"},{"taxonomy":"product_tag","embeddable":true,"href":"https:\/\/ajupe.com.uy\/web\/wp-json\/wp\/v2\/product_tag?post=6716"}],"curies":[{"name":"wp","href":"https:\/\/api.w.org\/{rel}","templated":true}]}}