{"id":6749,"date":"2014-09-22T18:05:06","date_gmt":"2014-09-22T21:05:06","guid":{"rendered":"http:\/\/ajupe.com.uy\/web\/?post_type=product&#038;p=6749"},"modified":"2014-09-22T18:05:58","modified_gmt":"2014-09-22T21:05:58","slug":"la-linea-de-sangre","status":"publish","type":"product","link":"https:\/\/ajupe.com.uy\/web\/biblioteca\/la-linea-de-sangre\/","title":{"rendered":"La l\u00ednea de sangre"},"content":{"rendered":"<p>Michael Shea es un reconocido periodista de la BBC que trabaja como enviado especial en los lugares m\u00e1s conflictivos del planeta. En Oriente Pr\u00f3ximo se entera de que tendr\u00e1 lugar una reuni\u00f3n secreta entre el cabecilla de la milicia armada islamista y el secretario del ministro de Justicia israel\u00ed. Intenta infiltrarse y, tras ser descubierto, se ve forzado a huir. El gran secreto consiste en un tratado entre las dos partes por el cual se cede gas natural a los israel\u00edes a cambio de dinero para armar a las milicias palestinas. En el negocio tambi\u00e9n est\u00e1 involucrada la mayor compa\u00f1\u00eda de gas inglesa y su inversionista saud\u00ed m\u00e1s importante. Si la gente lo supiera, los resultados para los jefes ser\u00edan desastrosos\u2026 Mientras tanto, los israel\u00edes ponen una bomba en la sede de la BBC en Palestina. \u00bfPor qu\u00e9 de pronto Shea se convierte en el criminal m\u00e1s buscado del momento? \u00bfQu\u00e9 tiene que ver su propio t\u00edo en todo el entramado?<\/p>\n","protected":false},"excerpt":{"rendered":"<p>Michael Shea es un reconocido periodista de la BBC que trabaja como enviado especial en los lugares m\u00e1s conflictivos del planeta. En Oriente Pr\u00f3ximo se entera de que tendr\u00e1 lugar una reuni\u00f3n secreta entre el cabecilla de la milicia armada islamista y el secretario del ministro de Justicia israel\u00ed. Intenta infiltrarse y, tras ser descubierto, [&hellip;]<\/p>\n","protected":false},"featured_media":6750,"template":"","meta":[],"product_brand":[1289],"product_cat":[48],"product_tag":[],"class_list":{"0":"post-6749","1":"product","2":"type-product","3":"status-publish","4":"has-post-thumbnail","6":"product_brand-thomas-m-kostigen","7":"product_cat-thrillers","9":"first","10":"instock","11":"purchasable","12":"product-type-simple"},"featured_image_urls_v2":{"full":["https:\/\/ajupe.com.uy\/web\/wp-content\/uploads\/2016\/04\/p-6749-La_l__nea_de_san_542064f925b4b.jpg",221,333,false],"thumbnail":["https:\/\/ajupe.com.uy\/web\/wp-content\/uploads\/2016\/04\/p-6749-La_l__nea_de_san_542064f925b4b.jpg",150,150,true],"medium":["https:\/\/ajupe.com.uy\/web\/wp-content\/uploads\/2016\/04\/p-6749-La_l__nea_de_san_542064f925b4b.jpg",300,214,true],"medium_large":["https:\/\/ajupe.com.uy\/web\/wp-content\/uploads\/2016\/04\/p-6749-La_l__nea_de_san_542064f925b4b.jpg",221,333,false],"large":["https:\/\/ajupe.com.uy\/web\/wp-content\/uploads\/2016\/04\/p-6749-La_l__nea_de_san_542064f925b4b.jpg",221,333,false],"1536x1536":["https:\/\/ajupe.com.uy\/web\/wp-content\/uploads\/2016\/04\/p-6749-La_l__nea_de_san_542064f925b4b.jpg",221,333,false],"2048x2048":["https:\/\/ajupe.com.uy\/web\/wp-content\/uploads\/2016\/04\/p-6749-La_l__nea_de_san_542064f925b4b.jpg",221,333,false],"woocommerce_archive_thumbnail":["https:\/\/ajupe.com.uy\/web\/wp-content\/uploads\/2016\/04\/p-6749-La_l__nea_de_san_542064f925b4b-221x300.jpg",221,300,true],"woocommerce_thumbnail":["https:\/\/ajupe.com.uy\/web\/wp-content\/uploads\/2016\/04\/p-6749-La_l__nea_de_san_542064f925b4b-221x300.jpg",221,300,true],"woocommerce_single":["https:\/\/ajupe.com.uy\/web\/wp-content\/uploads\/2016\/04\/p-6749-La_l__nea_de_san_542064f925b4b.jpg",221,333,false],"woocommerce_gallery_thumbnail":["https:\/\/ajupe.com.uy\/web\/wp-content\/uploads\/2016\/04\/p-6749-La_l__nea_de_san_542064f925b4b-100x100.jpg",100,100,true]},"post_excerpt_stackable_v2":"<p>Michael Shea es un reconocido periodista de la BBC que trabaja como enviado especial en los lugares m\u00e1s conflictivos del planeta. En Oriente Pr\u00f3ximo se entera de que tendr\u00e1 lugar una reuni\u00f3n secreta entre el cabecilla de la milicia armada islamista y el secretario del ministro de Justicia israel\u00ed. Intenta infiltrarse y, tras ser descubierto, se ve forzado a huir. El gran secreto consiste en un tratado entre las dos partes por el cual se cede gas natural a los israel\u00edes a cambio de dinero para armar a las milicias palestinas. En el negocio tambi\u00e9n est\u00e1 involucrada la mayor compa\u00f1\u00eda&hellip;<\/p>\n","category_list_v2":"","author_info_v2":{"name":"","url":""},"comments_num_v2":"0 comentarios","_links":{"self":[{"href":"https:\/\/ajupe.com.uy\/web\/wp-json\/wp\/v2\/product\/6749","targetHints":{"allow":["GET"]}}],"collection":[{"href":"https:\/\/ajupe.com.uy\/web\/wp-json\/wp\/v2\/product"}],"about":[{"href":"https:\/\/ajupe.com.uy\/web\/wp-json\/wp\/v2\/types\/product"}],"wp:featuredmedia":[{"embeddable":true,"href":"https:\/\/ajupe.com.uy\/web\/wp-json\/wp\/v2\/media\/6750"}],"wp:attachment":[{"href":"https:\/\/ajupe.com.uy\/web\/wp-json\/wp\/v2\/media?parent=6749"}],"wp:term":[{"taxonomy":"product_brand","embeddable":true,"href":"https:\/\/ajupe.com.uy\/web\/wp-json\/wp\/v2\/product_brand?post=6749"},{"taxonomy":"product_cat","embeddable":true,"href":"https:\/\/ajupe.com.uy\/web\/wp-json\/wp\/v2\/product_cat?post=6749"},{"taxonomy":"product_tag","embeddable":true,"href":"https:\/\/ajupe.com.uy\/web\/wp-json\/wp\/v2\/product_tag?post=6749"}],"curies":[{"name":"wp","href":"https:\/\/api.w.org\/{rel}","templated":true}]}}