{"id":6788,"date":"2014-09-23T19:31:34","date_gmt":"2014-09-23T22:31:34","guid":{"rendered":"http:\/\/ajupe.com.uy\/web\/?post_type=product&#038;p=6788"},"modified":"2014-09-23T19:36:32","modified_gmt":"2014-09-23T22:36:32","slug":"lo-que-el-cine-se-llevo","status":"publish","type":"product","link":"https:\/\/ajupe.com.uy\/web\/biblioteca\/lo-que-el-cine-se-llevo\/","title":{"rendered":"Lo que el cine se llevo"},"content":{"rendered":"<p>Este libro trata sobre el mundo del cine y est\u00e1 escrito por un periodista uruguayo que no presenta otro curriculum habilitante que el de ser un antiguo cin\u00e9filo. En t\u00e9rminos generales, se ha intentado rescatar la visi\u00f3n que, del s\u00e9ptimo arte, tiene un oriental nacido hace m\u00e1s de 70 a\u00f1os, cuando no exist\u00edan en este pa\u00eds ni la televisi\u00f3n ni las computadoras y el cine constitu\u00eda el entretenimiento fundamental de los j\u00f3venes, am\u00e9n de una disciplina de enorme valor formativo y cultural.<\/p>\n<p>Lo que el cine se llev\u00f3 incluye breves biograf\u00edas de directores de influyente trayectoria, como John Ford, John Huston, Luchino Visconti y Steven Spielberg; de actores y actrices que fueron \u00eddolos de varias generaciones, como Laurence Olivier, Marlene Dietrich, Vivien Leigh, Rita Hayworth o Brigitte Bardot; de personajes que han tenido alta importancia en este campo espec\u00edfico del arte, como Walt Disney; de cr\u00edticos uruguayos que marcaron la juventud de los que nos inici\u00e1bamos en la b\u00fasqueda de la belleza, como Homero Alsina Thevenet, Gustavo Adolfo Ruegger o Antonio Larreta; y se hallan comentarios de algunas pel\u00edculas inolvidables, como &#8216;El ciudadano&#8217;, de Orson Welles, &#8216;La heredera&#8217;, de William Wyler, &#8216;Un tranv\u00eda llamado Deseo&#8217;, de Elia Kazan, &#8216;El puente sobre el r\u00edo Kwai&#8217;, de David Lean, &#8216;Senso&#8217;, de Luchino Visconti, &#8216;Dublineses&#8217;, de John Huston, y otras de similar jerarqu\u00eda.<\/p>\n<p>Asimismo, se da un \u00faltimo adi\u00f3s a los artistas que pasaron el l\u00edmite de la muerte, dej\u00e1ndonos la ilusi\u00f3n sempiterna de su perennidad: entre ellos, actores como Audrey Hepburn, Gene Kelly, Gregory Peck, Paul Newman, Marcello Mastroianni o Elizabeth Taylor, directores como Akira Kurosawa, Fred Zinneman, Stanley Kubrick o Ingmar Bergman, e incluso fot\u00f3grafos como Gabriel Figueroa o m\u00fasicos de la pantalla, como Maurice Jarre.<\/p>\n","protected":false},"excerpt":{"rendered":"<p>Este libro trata sobre el mundo del cine y est\u00e1 escrito por un periodista uruguayo que no presenta otro curriculum habilitante que el de ser un antiguo cin\u00e9filo. En t\u00e9rminos generales, se ha intentado rescatar la visi\u00f3n que, del s\u00e9ptimo arte, tiene un oriental nacido hace m\u00e1s de 70 a\u00f1os, cuando no exist\u00edan en este [&hellip;]<\/p>\n","protected":false},"featured_media":6789,"template":"","meta":[],"product_brand":[489],"product_cat":[45],"product_tag":[],"class_list":{"0":"post-6788","1":"product","2":"type-product","3":"status-publish","4":"has-post-thumbnail","6":"product_brand-lincoln-r-maiztegui-casas","7":"product_cat-uruguayo","9":"first","10":"instock","11":"purchasable","12":"product-type-simple"},"featured_image_urls_v2":{"full":["https:\/\/ajupe.com.uy\/web\/wp-content\/uploads\/2016\/04\/p-6788-Lo_que_el_cine_s_5421cabda8733.jpg",242,354,false],"thumbnail":["https:\/\/ajupe.com.uy\/web\/wp-content\/uploads\/2016\/04\/p-6788-Lo_que_el_cine_s_5421cabda8733.jpg",150,150,true],"medium":["https:\/\/ajupe.com.uy\/web\/wp-content\/uploads\/2016\/04\/p-6788-Lo_que_el_cine_s_5421cabda8733.jpg",300,214,true],"medium_large":["https:\/\/ajupe.com.uy\/web\/wp-content\/uploads\/2016\/04\/p-6788-Lo_que_el_cine_s_5421cabda8733.jpg",242,354,false],"large":["https:\/\/ajupe.com.uy\/web\/wp-content\/uploads\/2016\/04\/p-6788-Lo_que_el_cine_s_5421cabda8733.jpg",242,354,false],"1536x1536":["https:\/\/ajupe.com.uy\/web\/wp-content\/uploads\/2016\/04\/p-6788-Lo_que_el_cine_s_5421cabda8733.jpg",242,354,false],"2048x2048":["https:\/\/ajupe.com.uy\/web\/wp-content\/uploads\/2016\/04\/p-6788-Lo_que_el_cine_s_5421cabda8733.jpg",242,354,false],"woocommerce_archive_thumbnail":["https:\/\/ajupe.com.uy\/web\/wp-content\/uploads\/2016\/04\/p-6788-Lo_que_el_cine_s_5421cabda8733-242x300.jpg",242,300,true],"woocommerce_thumbnail":["https:\/\/ajupe.com.uy\/web\/wp-content\/uploads\/2016\/04\/p-6788-Lo_que_el_cine_s_5421cabda8733-242x300.jpg",242,300,true],"woocommerce_single":["https:\/\/ajupe.com.uy\/web\/wp-content\/uploads\/2016\/04\/p-6788-Lo_que_el_cine_s_5421cabda8733.jpg",242,354,false],"woocommerce_gallery_thumbnail":["https:\/\/ajupe.com.uy\/web\/wp-content\/uploads\/2016\/04\/p-6788-Lo_que_el_cine_s_5421cabda8733-100x100.jpg",100,100,true]},"post_excerpt_stackable_v2":"<p>Este libro trata sobre el mundo del cine y est\u00e1 escrito por un periodista uruguayo que no presenta otro curriculum habilitante que el de ser un antiguo cin\u00e9filo. En t\u00e9rminos generales, se ha intentado rescatar la visi\u00f3n que, del s\u00e9ptimo arte, tiene un oriental nacido hace m\u00e1s de 70 a\u00f1os, cuando no exist\u00edan en este pa\u00eds ni la televisi\u00f3n ni las computadoras y el cine constitu\u00eda el entretenimiento fundamental de los j\u00f3venes, am\u00e9n de una disciplina de enorme valor formativo y cultural. Lo que el cine se llev\u00f3 incluye breves biograf\u00edas de directores de influyente trayectoria, como John Ford, John&hellip;<\/p>\n","category_list_v2":"","author_info_v2":{"name":"","url":""},"comments_num_v2":"0 comentarios","_links":{"self":[{"href":"https:\/\/ajupe.com.uy\/web\/wp-json\/wp\/v2\/product\/6788","targetHints":{"allow":["GET"]}}],"collection":[{"href":"https:\/\/ajupe.com.uy\/web\/wp-json\/wp\/v2\/product"}],"about":[{"href":"https:\/\/ajupe.com.uy\/web\/wp-json\/wp\/v2\/types\/product"}],"wp:featuredmedia":[{"embeddable":true,"href":"https:\/\/ajupe.com.uy\/web\/wp-json\/wp\/v2\/media\/6789"}],"wp:attachment":[{"href":"https:\/\/ajupe.com.uy\/web\/wp-json\/wp\/v2\/media?parent=6788"}],"wp:term":[{"taxonomy":"product_brand","embeddable":true,"href":"https:\/\/ajupe.com.uy\/web\/wp-json\/wp\/v2\/product_brand?post=6788"},{"taxonomy":"product_cat","embeddable":true,"href":"https:\/\/ajupe.com.uy\/web\/wp-json\/wp\/v2\/product_cat?post=6788"},{"taxonomy":"product_tag","embeddable":true,"href":"https:\/\/ajupe.com.uy\/web\/wp-json\/wp\/v2\/product_tag?post=6788"}],"curies":[{"name":"wp","href":"https:\/\/api.w.org\/{rel}","templated":true}]}}