{"id":6812,"date":"2014-09-26T19:08:21","date_gmt":"2014-09-26T22:08:21","guid":{"rendered":"http:\/\/ajupe.com.uy\/web\/?post_type=product&#038;p=6812"},"modified":"2014-09-26T19:11:58","modified_gmt":"2014-09-26T22:11:58","slug":"la-vida-brava-los-amores-de-h-quiroga","status":"publish","type":"product","link":"https:\/\/ajupe.com.uy\/web\/biblioteca\/la-vida-brava-los-amores-de-h-quiroga\/","title":{"rendered":"La vida brava. Los amores de H. Quiroga"},"content":{"rendered":"<p>La autora recrea la vida afectiva de un gran escritor Horacio Quiroga, con una existencia plena de amores correspondidos y desgraciados: Ana Mar\u00eda Cires, su primera esposa, cuyo suicidio deja una huella de dolor misterioso, su \u00fanica mujer, la poeta Alfonsina Storni, la jovencita Ana Mar\u00eda Palacios, la adolescente Mar\u00eda Esther Jurkowski, quien lo inspir\u00f3 para escribir el cuento \u00abUna estaci\u00f3n de amor\u00bb y Mar\u00eda Helena Bravo, su \u00faltima compa\u00f1era. La voz de Mar\u00eda Helena Bravo ofrece una mirada amorosa, cr\u00edtica, descarnada de los \u00faltimos a\u00f1os de Horacio Quiroga. Estas memorias de su esposa son un retrato minucioso de una cotidianidad signada por la avaricia, el car\u00e1cter ego\u00edsta, los celos, la lujuria, la irritabilidad y el aspecto desali\u00f1ado del escritor, de un d\u00eda a d\u00eda pintoresco que habla del af\u00e1n de Quiroga por la modernidad y de sus emprendimientos en medio de su aventura selv\u00e1tica.<\/p>\n","protected":false},"excerpt":{"rendered":"<p>La autora recrea la vida afectiva de un gran escritor Horacio Quiroga, con una existencia plena de amores correspondidos y desgraciados: Ana Mar\u00eda Cires, su primera esposa, cuyo suicidio deja una huella de dolor misterioso, su \u00fanica mujer, la poeta Alfonsina Storni, la jovencita Ana Mar\u00eda Palacios, la adolescente Mar\u00eda Esther Jurkowski, quien lo inspir\u00f3 [&hellip;]<\/p>\n","protected":false},"featured_media":6813,"template":"","meta":[],"product_brand":[1296],"product_cat":[45],"product_tag":[],"class_list":{"0":"post-6812","1":"product","2":"type-product","3":"status-publish","4":"has-post-thumbnail","6":"product_brand-helena-corbellini","7":"product_cat-uruguayo","9":"first","10":"instock","11":"purchasable","12":"product-type-simple"},"featured_image_urls_v2":{"full":["https:\/\/ajupe.com.uy\/web\/wp-content\/uploads\/2016\/04\/p-6812-La_vida_brava._L_5425b9c45e220.jpg",227,336,false],"thumbnail":["https:\/\/ajupe.com.uy\/web\/wp-content\/uploads\/2016\/04\/p-6812-La_vida_brava._L_5425b9c45e220.jpg",150,150,true],"medium":["https:\/\/ajupe.com.uy\/web\/wp-content\/uploads\/2016\/04\/p-6812-La_vida_brava._L_5425b9c45e220.jpg",300,214,true],"medium_large":["https:\/\/ajupe.com.uy\/web\/wp-content\/uploads\/2016\/04\/p-6812-La_vida_brava._L_5425b9c45e220.jpg",227,336,false],"large":["https:\/\/ajupe.com.uy\/web\/wp-content\/uploads\/2016\/04\/p-6812-La_vida_brava._L_5425b9c45e220.jpg",227,336,false],"1536x1536":["https:\/\/ajupe.com.uy\/web\/wp-content\/uploads\/2016\/04\/p-6812-La_vida_brava._L_5425b9c45e220.jpg",227,336,false],"2048x2048":["https:\/\/ajupe.com.uy\/web\/wp-content\/uploads\/2016\/04\/p-6812-La_vida_brava._L_5425b9c45e220.jpg",227,336,false],"woocommerce_archive_thumbnail":["https:\/\/ajupe.com.uy\/web\/wp-content\/uploads\/2016\/04\/p-6812-La_vida_brava._L_5425b9c45e220-227x300.jpg",227,300,true],"woocommerce_thumbnail":["https:\/\/ajupe.com.uy\/web\/wp-content\/uploads\/2016\/04\/p-6812-La_vida_brava._L_5425b9c45e220-227x300.jpg",227,300,true],"woocommerce_single":["https:\/\/ajupe.com.uy\/web\/wp-content\/uploads\/2016\/04\/p-6812-La_vida_brava._L_5425b9c45e220.jpg",227,336,false],"woocommerce_gallery_thumbnail":["https:\/\/ajupe.com.uy\/web\/wp-content\/uploads\/2016\/04\/p-6812-La_vida_brava._L_5425b9c45e220-100x100.jpg",100,100,true]},"post_excerpt_stackable_v2":"<p>La autora recrea la vida afectiva de un gran escritor Horacio Quiroga, con una existencia plena de amores correspondidos y desgraciados: Ana Mar\u00eda Cires, su primera esposa, cuyo suicidio deja una huella de dolor misterioso, su \u00fanica mujer, la poeta Alfonsina Storni, la jovencita Ana Mar\u00eda Palacios, la adolescente Mar\u00eda Esther Jurkowski, quien lo inspir\u00f3 para escribir el cuento \u00abUna estaci\u00f3n de amor\u00bb y Mar\u00eda Helena Bravo, su \u00faltima compa\u00f1era. La voz de Mar\u00eda Helena Bravo ofrece una mirada amorosa, cr\u00edtica, descarnada de los \u00faltimos a\u00f1os de Horacio Quiroga. Estas memorias de su esposa son un retrato minucioso de una&hellip;<\/p>\n","category_list_v2":"","author_info_v2":{"name":"","url":""},"comments_num_v2":"0 comentarios","_links":{"self":[{"href":"https:\/\/ajupe.com.uy\/web\/wp-json\/wp\/v2\/product\/6812","targetHints":{"allow":["GET"]}}],"collection":[{"href":"https:\/\/ajupe.com.uy\/web\/wp-json\/wp\/v2\/product"}],"about":[{"href":"https:\/\/ajupe.com.uy\/web\/wp-json\/wp\/v2\/types\/product"}],"wp:featuredmedia":[{"embeddable":true,"href":"https:\/\/ajupe.com.uy\/web\/wp-json\/wp\/v2\/media\/6813"}],"wp:attachment":[{"href":"https:\/\/ajupe.com.uy\/web\/wp-json\/wp\/v2\/media?parent=6812"}],"wp:term":[{"taxonomy":"product_brand","embeddable":true,"href":"https:\/\/ajupe.com.uy\/web\/wp-json\/wp\/v2\/product_brand?post=6812"},{"taxonomy":"product_cat","embeddable":true,"href":"https:\/\/ajupe.com.uy\/web\/wp-json\/wp\/v2\/product_cat?post=6812"},{"taxonomy":"product_tag","embeddable":true,"href":"https:\/\/ajupe.com.uy\/web\/wp-json\/wp\/v2\/product_tag?post=6812"}],"curies":[{"name":"wp","href":"https:\/\/api.w.org\/{rel}","templated":true}]}}