{"id":6902,"date":"2014-09-30T19:30:12","date_gmt":"2014-09-30T22:30:12","guid":{"rendered":"http:\/\/ajupe.com.uy\/web\/?post_type=product&#038;p=6902"},"modified":"2014-09-30T19:31:14","modified_gmt":"2014-09-30T22:31:14","slug":"los-cuerpos-extranos","status":"publish","type":"product","link":"https:\/\/ajupe.com.uy\/web\/biblioteca\/los-cuerpos-extranos\/","title":{"rendered":"Los cuerpos extra\u00f1os"},"content":{"rendered":"<p>Mientras pasa el fin de semana en familia, el brigada Bevilacqua recibe el aviso de que el cad\u00e1ver de la alcaldesa de una localidad levantina, cuya desaparici\u00f3n hab\u00eda sido previamente denunciada por el marido, ha sido hallado por unos turistas en la playa. Para cuando Bevilacqua y su equipo llegan y se hacen cargo de la investigaci\u00f3n, el juez ya ha levantado el cad\u00e1ver, las primeras disposiciones est\u00e1n tomadas y se est\u00e1 preparando el funeral. El lugar es un avispero en el que se desatan todo tipo de rumores sobre la v\u00edctima, una joven promesa que ven\u00eda a romper con los modos y corruptelas de los viejos mandarines del partido y que apostaba por renovar el modo de hacer pol\u00edtica. Adem\u00e1s, el descubrimiento de su agitada vida sexual, que puede calificarse de todo menos ins\u00edpida, arroja sobre el caso una luz perturbadora. Pero no hay mucho tiempo para indagar y en esta ocasi\u00f3n Bevilacqua y Chamorro deben apresurar una hip\u00f3tesis en un fuego de intereses cruzados, en el que la causa de la joven pol\u00edtica es tambi\u00e9n la causa de la integridad personal, de la que el pa\u00eds entero parece haberse apeado.<\/p>\n","protected":false},"excerpt":{"rendered":"<p>Mientras pasa el fin de semana en familia, el brigada Bevilacqua recibe el aviso de que el cad\u00e1ver de la alcaldesa de una localidad levantina, cuya desaparici\u00f3n hab\u00eda sido previamente denunciada por el marido, ha sido hallado por unos turistas en la playa. Para cuando Bevilacqua y su equipo llegan y se hacen cargo de [&hellip;]<\/p>\n","protected":false},"featured_media":6903,"template":"","meta":[],"product_brand":[1203],"product_cat":[29],"product_tag":[],"class_list":{"0":"post-6902","1":"product","2":"type-product","3":"status-publish","4":"has-post-thumbnail","6":"product_brand-lorenzo-silva","7":"product_cat-novela","9":"first","10":"instock","11":"purchasable","12":"product-type-simple"},"featured_image_urls_v2":{"full":["https:\/\/ajupe.com.uy\/web\/wp-content\/uploads\/2016\/04\/p-6902-Los_cuerpos_extr_542b04c4b6326.jpg",196,341,false],"thumbnail":["https:\/\/ajupe.com.uy\/web\/wp-content\/uploads\/2016\/04\/p-6902-Los_cuerpos_extr_542b04c4b6326.jpg",150,150,true],"medium":["https:\/\/ajupe.com.uy\/web\/wp-content\/uploads\/2016\/04\/p-6902-Los_cuerpos_extr_542b04c4b6326.jpg",300,214,true],"medium_large":["https:\/\/ajupe.com.uy\/web\/wp-content\/uploads\/2016\/04\/p-6902-Los_cuerpos_extr_542b04c4b6326.jpg",196,341,false],"large":["https:\/\/ajupe.com.uy\/web\/wp-content\/uploads\/2016\/04\/p-6902-Los_cuerpos_extr_542b04c4b6326.jpg",196,341,false],"1536x1536":["https:\/\/ajupe.com.uy\/web\/wp-content\/uploads\/2016\/04\/p-6902-Los_cuerpos_extr_542b04c4b6326.jpg",196,341,false],"2048x2048":["https:\/\/ajupe.com.uy\/web\/wp-content\/uploads\/2016\/04\/p-6902-Los_cuerpos_extr_542b04c4b6326.jpg",196,341,false],"woocommerce_archive_thumbnail":["https:\/\/ajupe.com.uy\/web\/wp-content\/uploads\/2016\/04\/p-6902-Los_cuerpos_extr_542b04c4b6326-196x300.jpg",196,300,true],"woocommerce_thumbnail":["https:\/\/ajupe.com.uy\/web\/wp-content\/uploads\/2016\/04\/p-6902-Los_cuerpos_extr_542b04c4b6326-196x300.jpg",196,300,true],"woocommerce_single":["https:\/\/ajupe.com.uy\/web\/wp-content\/uploads\/2016\/04\/p-6902-Los_cuerpos_extr_542b04c4b6326.jpg",196,341,false],"woocommerce_gallery_thumbnail":["https:\/\/ajupe.com.uy\/web\/wp-content\/uploads\/2016\/04\/p-6902-Los_cuerpos_extr_542b04c4b6326-100x100.jpg",100,100,true]},"post_excerpt_stackable_v2":"<p>Mientras pasa el fin de semana en familia, el brigada Bevilacqua recibe el aviso de que el cad\u00e1ver de la alcaldesa de una localidad levantina, cuya desaparici\u00f3n hab\u00eda sido previamente denunciada por el marido, ha sido hallado por unos turistas en la playa. Para cuando Bevilacqua y su equipo llegan y se hacen cargo de la investigaci\u00f3n, el juez ya ha levantado el cad\u00e1ver, las primeras disposiciones est\u00e1n tomadas y se est\u00e1 preparando el funeral. El lugar es un avispero en el que se desatan todo tipo de rumores sobre la v\u00edctima, una joven promesa que ven\u00eda a romper con&hellip;<\/p>\n","category_list_v2":"","author_info_v2":{"name":"","url":""},"comments_num_v2":"0 comentarios","_links":{"self":[{"href":"https:\/\/ajupe.com.uy\/web\/wp-json\/wp\/v2\/product\/6902","targetHints":{"allow":["GET"]}}],"collection":[{"href":"https:\/\/ajupe.com.uy\/web\/wp-json\/wp\/v2\/product"}],"about":[{"href":"https:\/\/ajupe.com.uy\/web\/wp-json\/wp\/v2\/types\/product"}],"wp:featuredmedia":[{"embeddable":true,"href":"https:\/\/ajupe.com.uy\/web\/wp-json\/wp\/v2\/media\/6903"}],"wp:attachment":[{"href":"https:\/\/ajupe.com.uy\/web\/wp-json\/wp\/v2\/media?parent=6902"}],"wp:term":[{"taxonomy":"product_brand","embeddable":true,"href":"https:\/\/ajupe.com.uy\/web\/wp-json\/wp\/v2\/product_brand?post=6902"},{"taxonomy":"product_cat","embeddable":true,"href":"https:\/\/ajupe.com.uy\/web\/wp-json\/wp\/v2\/product_cat?post=6902"},{"taxonomy":"product_tag","embeddable":true,"href":"https:\/\/ajupe.com.uy\/web\/wp-json\/wp\/v2\/product_tag?post=6902"}],"curies":[{"name":"wp","href":"https:\/\/api.w.org\/{rel}","templated":true}]}}