{"id":6947,"date":"2014-10-01T18:37:10","date_gmt":"2014-10-01T21:37:10","guid":{"rendered":"http:\/\/ajupe.com.uy\/web\/?post_type=product&#038;p=6947"},"modified":"2014-10-01T18:39:54","modified_gmt":"2014-10-01T21:39:54","slug":"el-graf-spee-en-el-tiempo","status":"publish","type":"product","link":"https:\/\/ajupe.com.uy\/web\/biblioteca\/el-graf-spee-en-el-tiempo\/","title":{"rendered":"El Graf Spee en el tiempo"},"content":{"rendered":"<p>Montevideo, peque\u00f1o puerto tranquilo y pac\u00edfico de la Am\u00e9rica del Sur fue testigo sorprendido de la llegada del barco de guerra Graf Spee. Perseguido por tres naves y surcando el mar a toda velocidad se internaba, herido, en nuestro puerto.<\/p>\n<p>El inicio de la Segunda Guerra Mundial en las aguas del Atl\u00e1ntico Sur tuvo pues, como part\u00edcipe a la capital de nuestro pa\u00eds.<\/p>\n<p>De all\u00ed en m\u00e1s se desarrolla el relato hist\u00f3rico y m\u00edtico: la batalla legal para las reparaciones, los movimientos pol\u00edticos, los distintos alegatos, los planes de escape de Uruguay (y Argentina). Finalmente, contra toda suposici\u00f3n, el capit\u00e1n Hans Langsdorff deja nuestra ciudad y hunde el Spee a poca distancia del Cerro.<\/p>\n<p>La mayor parte de su tripulaci\u00f3n fue llevada en una operaci\u00f3n camuflada a Buenos Aires, ciudad donde pocas horas despu\u00e9s, y envuelto en la bandera imperial alemana, se suicidar\u00eda el capit\u00e1n. Historias de guerra, de escapes, de diplomacia, de espionaje, de secretos y enigmas: a todas y a cada una de ellas este libro busca darle respuesta.<\/p>\n","protected":false},"excerpt":{"rendered":"<p>Montevideo, peque\u00f1o puerto tranquilo y pac\u00edfico de la Am\u00e9rica del Sur fue testigo sorprendido de la llegada del barco de guerra Graf Spee. Perseguido por tres naves y surcando el mar a toda velocidad se internaba, herido, en nuestro puerto. El inicio de la Segunda Guerra Mundial en las aguas del Atl\u00e1ntico Sur tuvo pues, [&hellip;]<\/p>\n","protected":false},"featured_media":6948,"template":"","meta":[],"product_brand":[1130],"product_cat":[31],"product_tag":[],"class_list":{"0":"post-6947","1":"product","2":"type-product","3":"status-publish","4":"has-post-thumbnail","6":"product_brand-fernando-klein","7":"product_cat-historico","9":"first","10":"instock","11":"purchasable","12":"product-type-simple"},"featured_image_urls_v2":{"full":["https:\/\/ajupe.com.uy\/web\/wp-content\/uploads\/2016\/04\/p-6947-El_Graf_Spee_en__542c4a7a2596f.jpg",318,324,false],"thumbnail":["https:\/\/ajupe.com.uy\/web\/wp-content\/uploads\/2016\/04\/p-6947-El_Graf_Spee_en__542c4a7a2596f.jpg",150,150,true],"medium":["https:\/\/ajupe.com.uy\/web\/wp-content\/uploads\/2016\/04\/p-6947-El_Graf_Spee_en__542c4a7a2596f.jpg",300,214,true],"medium_large":["https:\/\/ajupe.com.uy\/web\/wp-content\/uploads\/2016\/04\/p-6947-El_Graf_Spee_en__542c4a7a2596f.jpg",318,324,false],"large":["https:\/\/ajupe.com.uy\/web\/wp-content\/uploads\/2016\/04\/p-6947-El_Graf_Spee_en__542c4a7a2596f.jpg",318,324,false],"1536x1536":["https:\/\/ajupe.com.uy\/web\/wp-content\/uploads\/2016\/04\/p-6947-El_Graf_Spee_en__542c4a7a2596f.jpg",318,324,false],"2048x2048":["https:\/\/ajupe.com.uy\/web\/wp-content\/uploads\/2016\/04\/p-6947-El_Graf_Spee_en__542c4a7a2596f.jpg",318,324,false],"woocommerce_archive_thumbnail":["https:\/\/ajupe.com.uy\/web\/wp-content\/uploads\/2016\/04\/p-6947-El_Graf_Spee_en__542c4a7a2596f-300x324.jpg",300,324,true],"woocommerce_thumbnail":["https:\/\/ajupe.com.uy\/web\/wp-content\/uploads\/2016\/04\/p-6947-El_Graf_Spee_en__542c4a7a2596f-300x300.jpg",300,300,true],"woocommerce_single":["https:\/\/ajupe.com.uy\/web\/wp-content\/uploads\/2016\/04\/p-6947-El_Graf_Spee_en__542c4a7a2596f-300x306.jpg",300,306,true],"woocommerce_gallery_thumbnail":["https:\/\/ajupe.com.uy\/web\/wp-content\/uploads\/2016\/04\/p-6947-El_Graf_Spee_en__542c4a7a2596f-100x100.jpg",100,100,true]},"post_excerpt_stackable_v2":"<p>Montevideo, peque\u00f1o puerto tranquilo y pac\u00edfico de la Am\u00e9rica del Sur fue testigo sorprendido de la llegada del barco de guerra Graf Spee. Perseguido por tres naves y surcando el mar a toda velocidad se internaba, herido, en nuestro puerto. El inicio de la Segunda Guerra Mundial en las aguas del Atl\u00e1ntico Sur tuvo pues, como part\u00edcipe a la capital de nuestro pa\u00eds. De all\u00ed en m\u00e1s se desarrolla el relato hist\u00f3rico y m\u00edtico: la batalla legal para las reparaciones, los movimientos pol\u00edticos, los distintos alegatos, los planes de escape de Uruguay (y Argentina). Finalmente, contra toda suposici\u00f3n, el capit\u00e1n&hellip;<\/p>\n","category_list_v2":"","author_info_v2":{"name":"","url":""},"comments_num_v2":"0 comentarios","_links":{"self":[{"href":"https:\/\/ajupe.com.uy\/web\/wp-json\/wp\/v2\/product\/6947","targetHints":{"allow":["GET"]}}],"collection":[{"href":"https:\/\/ajupe.com.uy\/web\/wp-json\/wp\/v2\/product"}],"about":[{"href":"https:\/\/ajupe.com.uy\/web\/wp-json\/wp\/v2\/types\/product"}],"wp:featuredmedia":[{"embeddable":true,"href":"https:\/\/ajupe.com.uy\/web\/wp-json\/wp\/v2\/media\/6948"}],"wp:attachment":[{"href":"https:\/\/ajupe.com.uy\/web\/wp-json\/wp\/v2\/media?parent=6947"}],"wp:term":[{"taxonomy":"product_brand","embeddable":true,"href":"https:\/\/ajupe.com.uy\/web\/wp-json\/wp\/v2\/product_brand?post=6947"},{"taxonomy":"product_cat","embeddable":true,"href":"https:\/\/ajupe.com.uy\/web\/wp-json\/wp\/v2\/product_cat?post=6947"},{"taxonomy":"product_tag","embeddable":true,"href":"https:\/\/ajupe.com.uy\/web\/wp-json\/wp\/v2\/product_tag?post=6947"}],"curies":[{"name":"wp","href":"https:\/\/api.w.org\/{rel}","templated":true}]}}