{"id":7040,"date":"2014-11-12T19:24:18","date_gmt":"2014-11-12T22:24:18","guid":{"rendered":"http:\/\/ajupe.com.uy\/web\/?post_type=product&#038;p=7040"},"modified":"2014-11-12T19:25:17","modified_gmt":"2014-11-12T22:25:17","slug":"hacia-la-boda","status":"publish","type":"product","link":"https:\/\/ajupe.com.uy\/web\/biblioteca\/hacia-la-boda\/","title":{"rendered":"Hacia la boda"},"content":{"rendered":"<p>Una madre y un padre viajan por Europa Hacia la boda. Se casa su hija. La madre toma un autob\u00fas en Eslovaquia. El padre va en moto desde Francia. Se encuentran despu\u00e9s de muchos a\u00f1os, cerca del estuario del r\u00edo Po. Diversos personajes pueblan las p\u00e1ginas de su historia: Frederico, un chatarrero italiano; una pandilla de piratas inform\u00e1ticos; Thomas, redactor de enciclopedias; Gino, el futuro yerno, cuya pasi\u00f3n es la pesca; el doctor Gastaldi, emisario de la mala noticia; una Virgen pintada en una ermita. El d\u00eda de su boda, Ninon se quitar\u00e1 los zapatos y bailar\u00e1 para siempre con Gino, cuando la orquesta rompa a tocar: \u00abEl lunes est\u00e1 loco, preg\u00fantale al viernes\u00bb. \u00c9sta es la historia de una boda como s\u00f3lo pod\u00eda ocurrir en nuestro final de siglo, contada por un griego que no pierde la ocasi\u00f3n de citar a S\u00f3focles.<\/p>\n","protected":false},"excerpt":{"rendered":"<p>Una madre y un padre viajan por Europa Hacia la boda. Se casa su hija. La madre toma un autob\u00fas en Eslovaquia. El padre va en moto desde Francia. Se encuentran despu\u00e9s de muchos a\u00f1os, cerca del estuario del r\u00edo Po. Diversos personajes pueblan las p\u00e1ginas de su historia: Frederico, un chatarrero italiano; una pandilla [&hellip;]<\/p>\n","protected":false},"featured_media":7041,"template":"","meta":[],"product_brand":[1325],"product_cat":[29],"product_tag":[],"class_list":{"0":"post-7040","1":"product","2":"type-product","3":"status-publish","4":"has-post-thumbnail","6":"product_brand-john-berger","7":"product_cat-novela","9":"first","10":"instock","11":"purchasable","12":"product-type-simple"},"featured_image_urls_v2":{"full":["https:\/\/ajupe.com.uy\/web\/wp-content\/uploads\/2016\/04\/p-7040-Hacia_la_boda_5463b41b37b58.jpg",190,315,false],"thumbnail":["https:\/\/ajupe.com.uy\/web\/wp-content\/uploads\/2016\/04\/p-7040-Hacia_la_boda_5463b41b37b58.jpg",150,150,true],"medium":["https:\/\/ajupe.com.uy\/web\/wp-content\/uploads\/2016\/04\/p-7040-Hacia_la_boda_5463b41b37b58.jpg",300,214,true],"medium_large":["https:\/\/ajupe.com.uy\/web\/wp-content\/uploads\/2016\/04\/p-7040-Hacia_la_boda_5463b41b37b58.jpg",190,315,false],"large":["https:\/\/ajupe.com.uy\/web\/wp-content\/uploads\/2016\/04\/p-7040-Hacia_la_boda_5463b41b37b58.jpg",190,315,false],"1536x1536":["https:\/\/ajupe.com.uy\/web\/wp-content\/uploads\/2016\/04\/p-7040-Hacia_la_boda_5463b41b37b58.jpg",190,315,false],"2048x2048":["https:\/\/ajupe.com.uy\/web\/wp-content\/uploads\/2016\/04\/p-7040-Hacia_la_boda_5463b41b37b58.jpg",190,315,false],"woocommerce_archive_thumbnail":["https:\/\/ajupe.com.uy\/web\/wp-content\/uploads\/2016\/04\/p-7040-Hacia_la_boda_5463b41b37b58-190x300.jpg",190,300,true],"woocommerce_thumbnail":["https:\/\/ajupe.com.uy\/web\/wp-content\/uploads\/2016\/04\/p-7040-Hacia_la_boda_5463b41b37b58-190x300.jpg",190,300,true],"woocommerce_single":["https:\/\/ajupe.com.uy\/web\/wp-content\/uploads\/2016\/04\/p-7040-Hacia_la_boda_5463b41b37b58.jpg",190,315,false],"woocommerce_gallery_thumbnail":["https:\/\/ajupe.com.uy\/web\/wp-content\/uploads\/2016\/04\/p-7040-Hacia_la_boda_5463b41b37b58-100x100.jpg",100,100,true]},"post_excerpt_stackable_v2":"<p>Una madre y un padre viajan por Europa Hacia la boda. Se casa su hija. La madre toma un autob\u00fas en Eslovaquia. El padre va en moto desde Francia. Se encuentran despu\u00e9s de muchos a\u00f1os, cerca del estuario del r\u00edo Po. Diversos personajes pueblan las p\u00e1ginas de su historia: Frederico, un chatarrero italiano; una pandilla de piratas inform\u00e1ticos; Thomas, redactor de enciclopedias; Gino, el futuro yerno, cuya pasi\u00f3n es la pesca; el doctor Gastaldi, emisario de la mala noticia; una Virgen pintada en una ermita. El d\u00eda de su boda, Ninon se quitar\u00e1 los zapatos y bailar\u00e1 para siempre con&hellip;<\/p>\n","category_list_v2":"","author_info_v2":{"name":"","url":""},"comments_num_v2":"0 comentarios","_links":{"self":[{"href":"https:\/\/ajupe.com.uy\/web\/wp-json\/wp\/v2\/product\/7040","targetHints":{"allow":["GET"]}}],"collection":[{"href":"https:\/\/ajupe.com.uy\/web\/wp-json\/wp\/v2\/product"}],"about":[{"href":"https:\/\/ajupe.com.uy\/web\/wp-json\/wp\/v2\/types\/product"}],"wp:featuredmedia":[{"embeddable":true,"href":"https:\/\/ajupe.com.uy\/web\/wp-json\/wp\/v2\/media\/7041"}],"wp:attachment":[{"href":"https:\/\/ajupe.com.uy\/web\/wp-json\/wp\/v2\/media?parent=7040"}],"wp:term":[{"taxonomy":"product_brand","embeddable":true,"href":"https:\/\/ajupe.com.uy\/web\/wp-json\/wp\/v2\/product_brand?post=7040"},{"taxonomy":"product_cat","embeddable":true,"href":"https:\/\/ajupe.com.uy\/web\/wp-json\/wp\/v2\/product_cat?post=7040"},{"taxonomy":"product_tag","embeddable":true,"href":"https:\/\/ajupe.com.uy\/web\/wp-json\/wp\/v2\/product_tag?post=7040"}],"curies":[{"name":"wp","href":"https:\/\/api.w.org\/{rel}","templated":true}]}}