{"id":7043,"date":"2014-11-12T19:27:33","date_gmt":"2014-11-12T22:27:33","guid":{"rendered":"http:\/\/ajupe.com.uy\/web\/?post_type=product&#038;p=7043"},"modified":"2014-11-12T19:28:21","modified_gmt":"2014-11-12T22:28:21","slug":"buscanco-a-alaska","status":"publish","type":"product","link":"https:\/\/ajupe.com.uy\/web\/biblioteca\/buscanco-a-alaska\/","title":{"rendered":"Buscanco a Alaska"},"content":{"rendered":"<p>Cansado de su aburrida existencia, Miles, de 16 a\u00f1os, deja su casa para buscar su \u201cgran quiz\u00e1s\u201d en un colegio internado. Ah\u00ed su reci\u00e9n descubierta libertad y una enigm\u00e1tica chica, Alaska, lo lanzan de lleno a la vida. Miles se siente que est\u00e1 por alcanzar su objetivo cuando una tragedia inesperada amenaza con arrebat\u00e1rselo. \u00bfC\u00f3mo la intensidad de la amistad puede terminar en una p\u00e9rdida devastadora?<\/p>\n","protected":false},"excerpt":{"rendered":"<p>Cansado de su aburrida existencia, Miles, de 16 a\u00f1os, deja su casa para buscar su \u201cgran quiz\u00e1s\u201d en un colegio internado. Ah\u00ed su reci\u00e9n descubierta libertad y una enigm\u00e1tica chica, Alaska, lo lanzan de lleno a la vida. Miles se siente que est\u00e1 por alcanzar su objetivo cuando una tragedia inesperada amenaza con arrebat\u00e1rselo. \u00bfC\u00f3mo [&hellip;]<\/p>\n","protected":false},"featured_media":7044,"template":"","meta":[],"product_brand":[1325],"product_cat":[29],"product_tag":[],"class_list":{"0":"post-7043","1":"product","2":"type-product","3":"status-publish","4":"has-post-thumbnail","6":"product_brand-john-berger","7":"product_cat-novela","9":"first","10":"instock","11":"purchasable","12":"product-type-simple"},"featured_image_urls_v2":{"full":["https:\/\/ajupe.com.uy\/web\/wp-content\/uploads\/2016\/04\/p-7043-Buscanco_a_Alask_5463b4d5c35d4.jpg",216,338,false],"thumbnail":["https:\/\/ajupe.com.uy\/web\/wp-content\/uploads\/2016\/04\/p-7043-Buscanco_a_Alask_5463b4d5c35d4.jpg",150,150,true],"medium":["https:\/\/ajupe.com.uy\/web\/wp-content\/uploads\/2016\/04\/p-7043-Buscanco_a_Alask_5463b4d5c35d4.jpg",300,214,true],"medium_large":["https:\/\/ajupe.com.uy\/web\/wp-content\/uploads\/2016\/04\/p-7043-Buscanco_a_Alask_5463b4d5c35d4.jpg",216,338,false],"large":["https:\/\/ajupe.com.uy\/web\/wp-content\/uploads\/2016\/04\/p-7043-Buscanco_a_Alask_5463b4d5c35d4.jpg",216,338,false],"1536x1536":["https:\/\/ajupe.com.uy\/web\/wp-content\/uploads\/2016\/04\/p-7043-Buscanco_a_Alask_5463b4d5c35d4.jpg",216,338,false],"2048x2048":["https:\/\/ajupe.com.uy\/web\/wp-content\/uploads\/2016\/04\/p-7043-Buscanco_a_Alask_5463b4d5c35d4.jpg",216,338,false],"woocommerce_archive_thumbnail":["https:\/\/ajupe.com.uy\/web\/wp-content\/uploads\/2016\/04\/p-7043-Buscanco_a_Alask_5463b4d5c35d4-216x300.jpg",216,300,true],"woocommerce_thumbnail":["https:\/\/ajupe.com.uy\/web\/wp-content\/uploads\/2016\/04\/p-7043-Buscanco_a_Alask_5463b4d5c35d4-216x300.jpg",216,300,true],"woocommerce_single":["https:\/\/ajupe.com.uy\/web\/wp-content\/uploads\/2016\/04\/p-7043-Buscanco_a_Alask_5463b4d5c35d4.jpg",216,338,false],"woocommerce_gallery_thumbnail":["https:\/\/ajupe.com.uy\/web\/wp-content\/uploads\/2016\/04\/p-7043-Buscanco_a_Alask_5463b4d5c35d4-100x100.jpg",100,100,true]},"post_excerpt_stackable_v2":"<p>Cansado de su aburrida existencia, Miles, de 16 a\u00f1os, deja su casa para buscar su \u201cgran quiz\u00e1s\u201d en un colegio internado. Ah\u00ed su reci\u00e9n descubierta libertad y una enigm\u00e1tica chica, Alaska, lo lanzan de lleno a la vida. Miles se siente que est\u00e1 por alcanzar su objetivo cuando una tragedia inesperada amenaza con arrebat\u00e1rselo. \u00bfC\u00f3mo la intensidad de la amistad puede terminar en una p\u00e9rdida devastadora?<\/p>\n","category_list_v2":"","author_info_v2":{"name":"","url":""},"comments_num_v2":"0 comentarios","_links":{"self":[{"href":"https:\/\/ajupe.com.uy\/web\/wp-json\/wp\/v2\/product\/7043","targetHints":{"allow":["GET"]}}],"collection":[{"href":"https:\/\/ajupe.com.uy\/web\/wp-json\/wp\/v2\/product"}],"about":[{"href":"https:\/\/ajupe.com.uy\/web\/wp-json\/wp\/v2\/types\/product"}],"wp:featuredmedia":[{"embeddable":true,"href":"https:\/\/ajupe.com.uy\/web\/wp-json\/wp\/v2\/media\/7044"}],"wp:attachment":[{"href":"https:\/\/ajupe.com.uy\/web\/wp-json\/wp\/v2\/media?parent=7043"}],"wp:term":[{"taxonomy":"product_brand","embeddable":true,"href":"https:\/\/ajupe.com.uy\/web\/wp-json\/wp\/v2\/product_brand?post=7043"},{"taxonomy":"product_cat","embeddable":true,"href":"https:\/\/ajupe.com.uy\/web\/wp-json\/wp\/v2\/product_cat?post=7043"},{"taxonomy":"product_tag","embeddable":true,"href":"https:\/\/ajupe.com.uy\/web\/wp-json\/wp\/v2\/product_tag?post=7043"}],"curies":[{"name":"wp","href":"https:\/\/api.w.org\/{rel}","templated":true}]}}