{"id":7055,"date":"2014-11-12T19:57:27","date_gmt":"2014-11-12T22:57:27","guid":{"rendered":"http:\/\/ajupe.com.uy\/web\/?post_type=product&#038;p=7055"},"modified":"2014-11-12T19:58:25","modified_gmt":"2014-11-12T22:58:25","slug":"la-herencia","status":"publish","type":"product","link":"https:\/\/ajupe.com.uy\/web\/biblioteca\/la-herencia\/","title":{"rendered":"La herencia"},"content":{"rendered":"<p>En una peque\u00f1a ciudad de Misisipi, un domingo de octubre de 1988 se encuentra el cad\u00e1ver de Seth Hubbard, un acaudalado propietario, colgado de un \u00e1rbol. En su casa ha dejado una nota de suicidio, donde cuenta que ha decidido acabar con los sufrimientos que le ocasionaba el c\u00e1ncer de pulm\u00f3n que padec\u00eda.   El racismo sigue siendo un elemento palpable en esta localidad. Jake Brigance, un abogado blanco, es uno de los pocos sin prejuicios raciales. El lunes por la ma\u00f1ana, Jake recibe un sobre con el nuevo testamento de Hubbard, que revoca el anterior, y con el que el difunto deshereda a sus dos ex esposas y a sus hijos. El noventa por ciento de sus propiedades las heredar\u00e1 Letitia Lang, una mujer negra a quien Hubbard contrat\u00f3 para las labores dom\u00e9sticas hace tres a\u00f1os, y que despu\u00e9s se convirti\u00f3 en su cuidadora.   La controversia que suscitar\u00e1 el contenido del nuevo testamento convertir\u00e1 la inevitable demanda legal en un aut\u00e9ntico circo donde la familia recurrir\u00e1 a todo de tipo de argumentos para impugnar la \u00faltima voluntad del fallecido.<\/p>\n","protected":false},"excerpt":{"rendered":"<p>En una peque\u00f1a ciudad de Misisipi, un domingo de octubre de 1988 se encuentra el cad\u00e1ver de Seth Hubbard, un acaudalado propietario, colgado de un \u00e1rbol. En su casa ha dejado una nota de suicidio, donde cuenta que ha decidido acabar con los sufrimientos que le ocasionaba el c\u00e1ncer de pulm\u00f3n que padec\u00eda. El racismo [&hellip;]<\/p>\n","protected":false},"featured_media":7056,"template":"","meta":[],"product_brand":[77],"product_cat":[29],"product_tag":[],"class_list":{"0":"post-7055","1":"product","2":"type-product","3":"status-publish","4":"has-post-thumbnail","6":"product_brand-john-grisham","7":"product_cat-novela","9":"first","10":"instock","11":"purchasable","12":"product-type-simple"},"featured_image_urls_v2":{"full":["https:\/\/ajupe.com.uy\/web\/wp-content\/uploads\/2016\/04\/p-7055-La_herencia_5463bbdddbac4.jpg",163,250,false],"thumbnail":["https:\/\/ajupe.com.uy\/web\/wp-content\/uploads\/2016\/04\/p-7055-La_herencia_5463bbdddbac4.jpg",150,150,true],"medium":["https:\/\/ajupe.com.uy\/web\/wp-content\/uploads\/2016\/04\/p-7055-La_herencia_5463bbdddbac4.jpg",300,214,true],"medium_large":["https:\/\/ajupe.com.uy\/web\/wp-content\/uploads\/2016\/04\/p-7055-La_herencia_5463bbdddbac4.jpg",163,250,false],"large":["https:\/\/ajupe.com.uy\/web\/wp-content\/uploads\/2016\/04\/p-7055-La_herencia_5463bbdddbac4.jpg",163,250,false],"1536x1536":["https:\/\/ajupe.com.uy\/web\/wp-content\/uploads\/2016\/04\/p-7055-La_herencia_5463bbdddbac4.jpg",163,250,false],"2048x2048":["https:\/\/ajupe.com.uy\/web\/wp-content\/uploads\/2016\/04\/p-7055-La_herencia_5463bbdddbac4.jpg",163,250,false],"woocommerce_archive_thumbnail":["https:\/\/ajupe.com.uy\/web\/wp-content\/uploads\/2016\/04\/p-7055-La_herencia_5463bbdddbac4.jpg",163,250,false],"woocommerce_thumbnail":["https:\/\/ajupe.com.uy\/web\/wp-content\/uploads\/2016\/04\/p-7055-La_herencia_5463bbdddbac4.jpg",163,250,false],"woocommerce_single":["https:\/\/ajupe.com.uy\/web\/wp-content\/uploads\/2016\/04\/p-7055-La_herencia_5463bbdddbac4.jpg",163,250,false],"woocommerce_gallery_thumbnail":["https:\/\/ajupe.com.uy\/web\/wp-content\/uploads\/2016\/04\/p-7055-La_herencia_5463bbdddbac4-100x100.jpg",100,100,true]},"post_excerpt_stackable_v2":"<p>En una peque\u00f1a ciudad de Misisipi, un domingo de octubre de 1988 se encuentra el cad\u00e1ver de Seth Hubbard, un acaudalado propietario, colgado de un \u00e1rbol. En su casa ha dejado una nota de suicidio, donde cuenta que ha decidido acabar con los sufrimientos que le ocasionaba el c\u00e1ncer de pulm\u00f3n que padec\u00eda. El racismo sigue siendo un elemento palpable en esta localidad. Jake Brigance, un abogado blanco, es uno de los pocos sin prejuicios raciales. El lunes por la ma\u00f1ana, Jake recibe un sobre con el nuevo testamento de Hubbard, que revoca el anterior, y con el que el&hellip;<\/p>\n","category_list_v2":"","author_info_v2":{"name":"","url":""},"comments_num_v2":"0 comentarios","_links":{"self":[{"href":"https:\/\/ajupe.com.uy\/web\/wp-json\/wp\/v2\/product\/7055","targetHints":{"allow":["GET"]}}],"collection":[{"href":"https:\/\/ajupe.com.uy\/web\/wp-json\/wp\/v2\/product"}],"about":[{"href":"https:\/\/ajupe.com.uy\/web\/wp-json\/wp\/v2\/types\/product"}],"wp:featuredmedia":[{"embeddable":true,"href":"https:\/\/ajupe.com.uy\/web\/wp-json\/wp\/v2\/media\/7056"}],"wp:attachment":[{"href":"https:\/\/ajupe.com.uy\/web\/wp-json\/wp\/v2\/media?parent=7055"}],"wp:term":[{"taxonomy":"product_brand","embeddable":true,"href":"https:\/\/ajupe.com.uy\/web\/wp-json\/wp\/v2\/product_brand?post=7055"},{"taxonomy":"product_cat","embeddable":true,"href":"https:\/\/ajupe.com.uy\/web\/wp-json\/wp\/v2\/product_cat?post=7055"},{"taxonomy":"product_tag","embeddable":true,"href":"https:\/\/ajupe.com.uy\/web\/wp-json\/wp\/v2\/product_tag?post=7055"}],"curies":[{"name":"wp","href":"https:\/\/api.w.org\/{rel}","templated":true}]}}