{"id":7127,"date":"2014-12-15T17:29:51","date_gmt":"2014-12-15T20:29:51","guid":{"rendered":"http:\/\/ajupe.com.uy\/web\/?post_type=product&#038;p=7127"},"modified":"2014-12-15T17:56:24","modified_gmt":"2014-12-15T20:56:24","slug":"la-biblioteca-de-los-suenos-rotos","status":"publish","type":"product","link":"https:\/\/ajupe.com.uy\/web\/biblioteca\/la-biblioteca-de-los-suenos-rotos\/","title":{"rendered":"La biblioteca de los sue\u00f1os rotos"},"content":{"rendered":"<p>En una organizaci\u00f3n cultural un joven es el encargado de clasificar los libros que se reciben mediante donaciones. All\u00ed, en un dep\u00f3sito vetusto, un d\u00eda desempolva las memorias de Itsik Malpesh, un inmigrante moldavo que huy\u00f3 del antisemitismo en Europa y que ahora, nonagenario, se hace llamar el \u00faltimo poeta yiddish de Am\u00e9rica. El joven hace hallazgos sorprendentes, se enamora y urde una gran mentira que definir\u00e1 su destino.<\/p>\n<p>Con asombro descubre que sus vidas se han cruzado de manera inesperada al traducir al ingl\u00e9s los recuerdos de Malpesh, volcados en una veintena de cuadernos, y que permanecen en la memoria de una lengua que se resiste a su extinci\u00f3n.<\/p>\n","protected":false},"excerpt":{"rendered":"<p>En una organizaci\u00f3n cultural un joven es el encargado de clasificar los libros que se reciben mediante donaciones. All\u00ed, en un dep\u00f3sito vetusto, un d\u00eda desempolva las memorias de Itsik Malpesh, un inmigrante moldavo que huy\u00f3 del antisemitismo en Europa y que ahora, nonagenario, se hace llamar el \u00faltimo poeta yiddish de Am\u00e9rica. El joven [&hellip;]<\/p>\n","protected":false},"featured_media":7128,"template":"","meta":[],"product_brand":[1341],"product_cat":[29],"product_tag":[],"class_list":["post-7127","product","type-product","status-publish","has-post-thumbnail","product_brand-peter-manseau","product_cat-novela","first","instock","purchasable","product-type-simple"],"featured_image_urls_v2":{"full":["https:\/\/ajupe.com.uy\/web\/wp-content\/uploads\/2016\/04\/p-7127-La_biblioteca_de_548f20c67733a.jpg",207,312,false],"thumbnail":["https:\/\/ajupe.com.uy\/web\/wp-content\/uploads\/2016\/04\/p-7127-La_biblioteca_de_548f20c67733a.jpg",150,150,true],"medium":["https:\/\/ajupe.com.uy\/web\/wp-content\/uploads\/2016\/04\/p-7127-La_biblioteca_de_548f20c67733a.jpg",300,214,true],"medium_large":["https:\/\/ajupe.com.uy\/web\/wp-content\/uploads\/2016\/04\/p-7127-La_biblioteca_de_548f20c67733a.jpg",207,312,false],"large":["https:\/\/ajupe.com.uy\/web\/wp-content\/uploads\/2016\/04\/p-7127-La_biblioteca_de_548f20c67733a.jpg",207,312,false],"1536x1536":["https:\/\/ajupe.com.uy\/web\/wp-content\/uploads\/2016\/04\/p-7127-La_biblioteca_de_548f20c67733a.jpg",207,312,false],"2048x2048":["https:\/\/ajupe.com.uy\/web\/wp-content\/uploads\/2016\/04\/p-7127-La_biblioteca_de_548f20c67733a.jpg",207,312,false],"woocommerce_archive_thumbnail":["https:\/\/ajupe.com.uy\/web\/wp-content\/uploads\/2016\/04\/p-7127-La_biblioteca_de_548f20c67733a-207x300.jpg",207,300,true],"woocommerce_thumbnail":["https:\/\/ajupe.com.uy\/web\/wp-content\/uploads\/2016\/04\/p-7127-La_biblioteca_de_548f20c67733a-207x300.jpg",207,300,true],"woocommerce_single":["https:\/\/ajupe.com.uy\/web\/wp-content\/uploads\/2016\/04\/p-7127-La_biblioteca_de_548f20c67733a.jpg",207,312,false],"woocommerce_gallery_thumbnail":["https:\/\/ajupe.com.uy\/web\/wp-content\/uploads\/2016\/04\/p-7127-La_biblioteca_de_548f20c67733a-100x100.jpg",100,100,true]},"post_excerpt_stackable_v2":"<p>En una organizaci\u00f3n cultural un joven es el encargado de clasificar los libros que se reciben mediante donaciones. All\u00ed, en un dep\u00f3sito vetusto, un d\u00eda desempolva las memorias de Itsik Malpesh, un inmigrante moldavo que huy\u00f3 del antisemitismo en Europa y que ahora, nonagenario, se hace llamar el \u00faltimo poeta yiddish de Am\u00e9rica. El joven hace hallazgos sorprendentes, se enamora y urde una gran mentira que definir\u00e1 su destino. Con asombro descubre que sus vidas se han cruzado de manera inesperada al traducir al ingl\u00e9s los recuerdos de Malpesh, volcados en una veintena de cuadernos, y que permanecen en la&hellip;<\/p>\n","category_list_v2":"","author_info_v2":{"name":"","url":""},"comments_num_v2":"0 comentarios","_links":{"self":[{"href":"https:\/\/ajupe.com.uy\/web\/wp-json\/wp\/v2\/product\/7127","targetHints":{"allow":["GET"]}}],"collection":[{"href":"https:\/\/ajupe.com.uy\/web\/wp-json\/wp\/v2\/product"}],"about":[{"href":"https:\/\/ajupe.com.uy\/web\/wp-json\/wp\/v2\/types\/product"}],"wp:featuredmedia":[{"embeddable":true,"href":"https:\/\/ajupe.com.uy\/web\/wp-json\/wp\/v2\/media\/7128"}],"wp:attachment":[{"href":"https:\/\/ajupe.com.uy\/web\/wp-json\/wp\/v2\/media?parent=7127"}],"wp:term":[{"taxonomy":"product_brand","embeddable":true,"href":"https:\/\/ajupe.com.uy\/web\/wp-json\/wp\/v2\/product_brand?post=7127"},{"taxonomy":"product_cat","embeddable":true,"href":"https:\/\/ajupe.com.uy\/web\/wp-json\/wp\/v2\/product_cat?post=7127"},{"taxonomy":"product_tag","embeddable":true,"href":"https:\/\/ajupe.com.uy\/web\/wp-json\/wp\/v2\/product_tag?post=7127"}],"curies":[{"name":"wp","href":"https:\/\/api.w.org\/{rel}","templated":true}]}}

La biblioteca de los sueños rotos

<p>En una organización cultural un joven es el encargado de clasificar los libros que se reciben mediante donaciones. Allí, en un depósito vetusto, un día desempolva las memorias de Itsik Malpesh, un inmigrante moldavo que huyó del antisemitismo en Europa y que ahora, nonagenario, se hace llamar el último poeta yiddish de América. El joven hace hallazgos sorprendentes, se enamora y urde una gran mentira que definirá su destino.</p>
<p>Con asombro descubre que sus vidas se han cruzado de manera inesperada al traducir al inglés los recuerdos de Malpesh, volcados en una veintena de cuadernos, y que permanecen en la memoria de una lengua que se resiste a su extinción.</p>

<p>En una organización cultural un joven es el encargado de clasificar los libros que se reciben mediante donaciones. Allí, en un depósito vetusto, un día desempolva las memorias de Itsik Malpesh, un inmigrante moldavo que huyó del antisemitismo en Europa y que ahora, nonagenario, se hace llamar el último poeta yiddish de América. El joven [&hellip;]</p>

<p>En una organización cultural un joven es el encargado de clasificar los libros que se reciben mediante donaciones. Allí, en un depósito vetusto, un día desempolva las memorias de Itsik Malpesh, un inmigrante moldavo que huyó del antisemitismo en Europa y que ahora, nonagenario, se hace llamar el último poeta yiddish de América. El joven hace hallazgos sorprendentes, se enamora y urde una gran mentira que definirá su destino. Con asombro descubre que sus vidas se han cruzado de manera inesperada al traducir al inglés los recuerdos de Malpesh, volcados en una veintena de cuadernos, y que permanecen en la&hellip;</p>
