{"id":7137,"date":"2014-12-15T18:28:40","date_gmt":"2014-12-15T21:28:40","guid":{"rendered":"http:\/\/ajupe.com.uy\/web\/?post_type=product&#038;p=7137"},"modified":"2014-12-15T18:29:38","modified_gmt":"2014-12-15T21:29:38","slug":"niebla-roja","status":"publish","type":"product","link":"https:\/\/ajupe.com.uy\/web\/biblioteca\/niebla-roja\/","title":{"rendered":"Niebla roja"},"content":{"rendered":"<p>Novela ganadora de la quinta edici\u00f3n del Premio Internacional RBA de Novela negra y que se corresponde a la entrega n\u00famero 19 de los libros protagonizados por la forense Kay Scarpetta.<\/p>\n<p>La doctora Kay Scarpetta, reputada pat\u00f3loga forense, directora del Centro Forense de Cambridge (Massachusetts) y colaboradora del Departamento de Defensa, se encuentra ante una dif\u00edcil encrucijada: la resoluci\u00f3n l\u00f3gica de una serie de brutales asesinatos que est\u00e1 cometiendo una retorcida mente criminal en Savannah (Georgia) y su instinto de mujer, que le dicta normas que van m\u00e1s all\u00e1 de las pruebas imputables y de la ciencia forense. Lejos de su laboratorio, Scarpetta deber\u00e1 confiar m\u00e1s en su intuici\u00f3n que en las avanzadas t\u00e9cnicas forenses que habitualmente utiliza para esclarecer las m\u00e1s macabras e incomprensibles muertes que un ser humano pueda llegar a cometer. \u00bfSer\u00e1 capaz de resolver este nuevo caso aun cuando su reputaci\u00f3n e incluso su vida tambi\u00e9n est\u00e1n en juego?<\/p>\n","protected":false},"excerpt":{"rendered":"<p>Novela ganadora de la quinta edici\u00f3n del Premio Internacional RBA de Novela negra y que se corresponde a la entrega n\u00famero 19 de los libros protagonizados por la forense Kay Scarpetta. La doctora Kay Scarpetta, reputada pat\u00f3loga forense, directora del Centro Forense de Cambridge (Massachusetts) y colaboradora del Departamento de Defensa, se encuentra ante una [&hellip;]<\/p>\n","protected":false},"featured_media":7138,"template":"","meta":[],"product_brand":[244],"product_cat":[40],"product_tag":[],"class_list":{"0":"post-7137","1":"product","2":"type-product","3":"status-publish","4":"has-post-thumbnail","6":"product_brand-patricia-cornwell","7":"product_cat-policial","9":"first","10":"instock","11":"purchasable","12":"product-type-simple"},"featured_image_urls_v2":{"full":["https:\/\/ajupe.com.uy\/web\/wp-content\/uploads\/2016\/04\/p-7137-Niebla_roja_548f28921e938.jpg",211,325,false],"thumbnail":["https:\/\/ajupe.com.uy\/web\/wp-content\/uploads\/2016\/04\/p-7137-Niebla_roja_548f28921e938.jpg",150,150,true],"medium":["https:\/\/ajupe.com.uy\/web\/wp-content\/uploads\/2016\/04\/p-7137-Niebla_roja_548f28921e938.jpg",300,214,true],"medium_large":["https:\/\/ajupe.com.uy\/web\/wp-content\/uploads\/2016\/04\/p-7137-Niebla_roja_548f28921e938.jpg",211,325,false],"large":["https:\/\/ajupe.com.uy\/web\/wp-content\/uploads\/2016\/04\/p-7137-Niebla_roja_548f28921e938.jpg",211,325,false],"1536x1536":["https:\/\/ajupe.com.uy\/web\/wp-content\/uploads\/2016\/04\/p-7137-Niebla_roja_548f28921e938.jpg",211,325,false],"2048x2048":["https:\/\/ajupe.com.uy\/web\/wp-content\/uploads\/2016\/04\/p-7137-Niebla_roja_548f28921e938.jpg",211,325,false],"woocommerce_archive_thumbnail":["https:\/\/ajupe.com.uy\/web\/wp-content\/uploads\/2016\/04\/p-7137-Niebla_roja_548f28921e938-211x300.jpg",211,300,true],"woocommerce_thumbnail":["https:\/\/ajupe.com.uy\/web\/wp-content\/uploads\/2016\/04\/p-7137-Niebla_roja_548f28921e938-211x300.jpg",211,300,true],"woocommerce_single":["https:\/\/ajupe.com.uy\/web\/wp-content\/uploads\/2016\/04\/p-7137-Niebla_roja_548f28921e938.jpg",211,325,false],"woocommerce_gallery_thumbnail":["https:\/\/ajupe.com.uy\/web\/wp-content\/uploads\/2016\/04\/p-7137-Niebla_roja_548f28921e938-100x100.jpg",100,100,true]},"post_excerpt_stackable_v2":"<p>Novela ganadora de la quinta edici\u00f3n del Premio Internacional RBA de Novela negra y que se corresponde a la entrega n\u00famero 19 de los libros protagonizados por la forense Kay Scarpetta. La doctora Kay Scarpetta, reputada pat\u00f3loga forense, directora del Centro Forense de Cambridge (Massachusetts) y colaboradora del Departamento de Defensa, se encuentra ante una dif\u00edcil encrucijada: la resoluci\u00f3n l\u00f3gica de una serie de brutales asesinatos que est\u00e1 cometiendo una retorcida mente criminal en Savannah (Georgia) y su instinto de mujer, que le dicta normas que van m\u00e1s all\u00e1 de las pruebas imputables y de la ciencia forense. Lejos de&hellip;<\/p>\n","category_list_v2":"","author_info_v2":{"name":"","url":""},"comments_num_v2":"0 comentarios","_links":{"self":[{"href":"https:\/\/ajupe.com.uy\/web\/wp-json\/wp\/v2\/product\/7137","targetHints":{"allow":["GET"]}}],"collection":[{"href":"https:\/\/ajupe.com.uy\/web\/wp-json\/wp\/v2\/product"}],"about":[{"href":"https:\/\/ajupe.com.uy\/web\/wp-json\/wp\/v2\/types\/product"}],"wp:featuredmedia":[{"embeddable":true,"href":"https:\/\/ajupe.com.uy\/web\/wp-json\/wp\/v2\/media\/7138"}],"wp:attachment":[{"href":"https:\/\/ajupe.com.uy\/web\/wp-json\/wp\/v2\/media?parent=7137"}],"wp:term":[{"taxonomy":"product_brand","embeddable":true,"href":"https:\/\/ajupe.com.uy\/web\/wp-json\/wp\/v2\/product_brand?post=7137"},{"taxonomy":"product_cat","embeddable":true,"href":"https:\/\/ajupe.com.uy\/web\/wp-json\/wp\/v2\/product_cat?post=7137"},{"taxonomy":"product_tag","embeddable":true,"href":"https:\/\/ajupe.com.uy\/web\/wp-json\/wp\/v2\/product_tag?post=7137"}],"curies":[{"name":"wp","href":"https:\/\/api.w.org\/{rel}","templated":true}]}}