{"id":7179,"date":"2015-01-23T15:25:13","date_gmt":"2015-01-23T18:25:13","guid":{"rendered":"http:\/\/ajupe.com.uy\/web\/?post_type=product&#038;p=7179"},"modified":"2015-01-23T15:26:21","modified_gmt":"2015-01-23T18:26:21","slug":"jasy","status":"publish","type":"product","link":"https:\/\/ajupe.com.uy\/web\/biblioteca\/jasy\/","title":{"rendered":"Jasy"},"content":{"rendered":"<p>Febrero de 1736. El padre Ursus, superior de la misi\u00f3n jesu\u00edtica de San Ignacio Min\u00ed, navega por el r\u00edo Paran\u00e1 junto a su protegido, un ni\u00f1o de cinco a\u00f1os, Aitor \u00d1eenguir\u00fa. Ordena a los bogadores que detengan la balsa al escuchar unos gritos desgarradores provenientes de la orilla. Descubre que se trata de una joven mujer de origen europeo, que acaba de dar a luz a una ni\u00f1a. La muchacha muere, pero la ni\u00f1a est\u00e1 con vida, por lo que se apresuran a llevarla a la misi\u00f3n, donde la bautizan como Emanuela.  As\u00ed comienza esta potente e intensa historia de amor y de aventuras entre Aitor, s\u00e9ptimo hijo var\u00f3n de la familia \u00d1eenguir\u00fa, el maldecido del pueblo, se\u00f1alado y discriminado como el lobis\u00f3n y Emanuela, la bendita de San Ignacio Min\u00ed, a quien llaman \u201cla ni\u00f1a santa\u201d por sus poderes para curar a la gente y a los animales.  En el marco de la colonizaci\u00f3n y la evangelizaci\u00f3n del sur de Am\u00e9rica, con un compacto abanico de personajes secundarios bien perfilados y con una apretada trama que nos lleva a recorrer la vida y las costumbres en las misiones jesu\u00edticas, Florencia Bonelli, la reina de la novela hist\u00f3rico-rom\u00e1ntica, nos entrega su nueva y apasionante historia que, una vez m\u00e1s, provocar\u00e1 el entusiasmo y la celebraci\u00f3n de sus miles y miles de lectores.<\/p>\n","protected":false},"excerpt":{"rendered":"<p>Febrero de 1736. El padre Ursus, superior de la misi\u00f3n jesu\u00edtica de San Ignacio Min\u00ed, navega por el r\u00edo Paran\u00e1 junto a su protegido, un ni\u00f1o de cinco a\u00f1os, Aitor \u00d1eenguir\u00fa. Ordena a los bogadores que detengan la balsa al escuchar unos gritos desgarradores provenientes de la orilla. Descubre que se trata de una joven [&hellip;]<\/p>\n","protected":false},"featured_media":7180,"template":"","meta":[],"product_brand":[1350],"product_cat":[29],"product_tag":[],"class_list":["post-7179","product","type-product","status-publish","has-post-thumbnail","product_brand-florencia-bonelli","product_cat-novela","first","instock","purchasable","product-type-simple"],"featured_image_urls_v2":{"full":["https:\/\/ajupe.com.uy\/web\/wp-content\/uploads\/2016\/04\/p-7179-Jasy_54c2681ba20f7.jpg",224,338,false],"thumbnail":["https:\/\/ajupe.com.uy\/web\/wp-content\/uploads\/2016\/04\/p-7179-Jasy_54c2681ba20f7.jpg",150,150,true],"medium":["https:\/\/ajupe.com.uy\/web\/wp-content\/uploads\/2016\/04\/p-7179-Jasy_54c2681ba20f7.jpg",300,214,true],"medium_large":["https:\/\/ajupe.com.uy\/web\/wp-content\/uploads\/2016\/04\/p-7179-Jasy_54c2681ba20f7.jpg",224,338,false],"large":["https:\/\/ajupe.com.uy\/web\/wp-content\/uploads\/2016\/04\/p-7179-Jasy_54c2681ba20f7.jpg",224,338,false],"1536x1536":["https:\/\/ajupe.com.uy\/web\/wp-content\/uploads\/2016\/04\/p-7179-Jasy_54c2681ba20f7.jpg",224,338,false],"2048x2048":["https:\/\/ajupe.com.uy\/web\/wp-content\/uploads\/2016\/04\/p-7179-Jasy_54c2681ba20f7.jpg",224,338,false],"woocommerce_archive_thumbnail":["https:\/\/ajupe.com.uy\/web\/wp-content\/uploads\/2016\/04\/p-7179-Jasy_54c2681ba20f7-224x300.jpg",224,300,true],"woocommerce_thumbnail":["https:\/\/ajupe.com.uy\/web\/wp-content\/uploads\/2016\/04\/p-7179-Jasy_54c2681ba20f7-224x300.jpg",224,300,true],"woocommerce_single":["https:\/\/ajupe.com.uy\/web\/wp-content\/uploads\/2016\/04\/p-7179-Jasy_54c2681ba20f7.jpg",224,338,false],"woocommerce_gallery_thumbnail":["https:\/\/ajupe.com.uy\/web\/wp-content\/uploads\/2016\/04\/p-7179-Jasy_54c2681ba20f7-100x100.jpg",100,100,true]},"post_excerpt_stackable_v2":"<p>Febrero de 1736. El padre Ursus, superior de la misi\u00f3n jesu\u00edtica de San Ignacio Min\u00ed, navega por el r\u00edo Paran\u00e1 junto a su protegido, un ni\u00f1o de cinco a\u00f1os, Aitor \u00d1eenguir\u00fa. Ordena a los bogadores que detengan la balsa al escuchar unos gritos desgarradores provenientes de la orilla. Descubre que se trata de una joven mujer de origen europeo, que acaba de dar a luz a una ni\u00f1a. La muchacha muere, pero la ni\u00f1a est\u00e1 con vida, por lo que se apresuran a llevarla a la misi\u00f3n, donde la bautizan como Emanuela. As\u00ed comienza esta potente e intensa historia de&hellip;<\/p>\n","category_list_v2":"","author_info_v2":{"name":"","url":""},"comments_num_v2":"0 comentarios","_links":{"self":[{"href":"https:\/\/ajupe.com.uy\/web\/wp-json\/wp\/v2\/product\/7179","targetHints":{"allow":["GET"]}}],"collection":[{"href":"https:\/\/ajupe.com.uy\/web\/wp-json\/wp\/v2\/product"}],"about":[{"href":"https:\/\/ajupe.com.uy\/web\/wp-json\/wp\/v2\/types\/product"}],"wp:featuredmedia":[{"embeddable":true,"href":"https:\/\/ajupe.com.uy\/web\/wp-json\/wp\/v2\/media\/7180"}],"wp:attachment":[{"href":"https:\/\/ajupe.com.uy\/web\/wp-json\/wp\/v2\/media?parent=7179"}],"wp:term":[{"taxonomy":"product_brand","embeddable":true,"href":"https:\/\/ajupe.com.uy\/web\/wp-json\/wp\/v2\/product_brand?post=7179"},{"taxonomy":"product_cat","embeddable":true,"href":"https:\/\/ajupe.com.uy\/web\/wp-json\/wp\/v2\/product_cat?post=7179"},{"taxonomy":"product_tag","embeddable":true,"href":"https:\/\/ajupe.com.uy\/web\/wp-json\/wp\/v2\/product_tag?post=7179"}],"curies":[{"name":"wp","href":"https:\/\/api.w.org\/{rel}","templated":true}]}}

<p>Febrero de 1736. El padre Ursus, superior de la misión jesuítica de San Ignacio Miní, navega por el río Paraná junto a su protegido, un niño de cinco años, Aitor Ñeenguirú. Ordena a los bogadores que detengan la balsa al escuchar unos gritos desgarradores provenientes de la orilla. Descubre que se trata de una joven mujer de origen europeo, que acaba de dar a luz a una niña. La muchacha muere, pero la niña está con vida, por lo que se apresuran a llevarla a la misión, donde la bautizan como Emanuela.  Así comienza esta potente e intensa historia de amor y de aventuras entre Aitor, séptimo hijo varón de la familia Ñeenguirú, el maldecido del pueblo, señalado y discriminado como el lobisón y Emanuela, la bendita de San Ignacio Miní, a quien llaman “la niña santa” por sus poderes para curar a la gente y a los animales.  En el marco de la colonización y la evangelización del sur de América, con un compacto abanico de personajes secundarios bien perfilados y con una apretada trama que nos lleva a recorrer la vida y las costumbres en las misiones jesuíticas, Florencia Bonelli, la reina de la novela histórico-romántica, nos entrega su nueva y apasionante historia que, una vez más, provocará el entusiasmo y la celebración de sus miles y miles de lectores.</p>

<p>Febrero de 1736. El padre Ursus, superior de la misión jesuítica de San Ignacio Miní, navega por el río Paraná junto a su protegido, un niño de cinco años, Aitor Ñeenguirú. Ordena a los bogadores que detengan la balsa al escuchar unos gritos desgarradores provenientes de la orilla. Descubre que se trata de una joven [&hellip;]</p>

<p>Febrero de 1736. El padre Ursus, superior de la misión jesuítica de San Ignacio Miní, navega por el río Paraná junto a su protegido, un niño de cinco años, Aitor Ñeenguirú. Ordena a los bogadores que detengan la balsa al escuchar unos gritos desgarradores provenientes de la orilla. Descubre que se trata de una joven mujer de origen europeo, que acaba de dar a luz a una niña. La muchacha muere, pero la niña está con vida, por lo que se apresuran a llevarla a la misión, donde la bautizan como Emanuela. Así comienza esta potente e intensa historia de&hellip;</p>
