{"id":7203,"date":"2015-03-06T19:33:13","date_gmt":"2015-03-06T22:33:13","guid":{"rendered":"http:\/\/ajupe.com.uy\/web\/?post_type=product&#038;p=7203"},"modified":"2015-03-06T19:34:50","modified_gmt":"2015-03-06T22:34:50","slug":"mas-alla-del-olvido","status":"publish","type":"product","link":"https:\/\/ajupe.com.uy\/web\/biblioteca\/mas-alla-del-olvido\/","title":{"rendered":"M\u00e1s all\u00e1 del olvido"},"content":{"rendered":"<p>Una historia rom\u00e1ntica, policiaca, de aventuras, road movie: una novela extraordinaria para descubrir o redescubrir a un autor \u00fanico.  Un joven aspirante a escritor coincide con una pareja de paso en un Par\u00eds invernal. \u00c9l es adicto al juego y ella sue\u00f1a con viajar a Mallorca. Los tres forman un vago tri\u00e1ngulo amoroso, hasta la irrupci\u00f3n de un hombre misterioso llamado Cartaud.Novela rom\u00e1ntica, policiaca, de aventuras y road movie, M\u00e1s all\u00e1 del olvido es tambi\u00e9n la historia de una obsesi\u00f3n. Una obra clave para descubrir o redescubrir a Patrick Modiano, Premio Nobel de Literatura.<\/p>\n","protected":false},"excerpt":{"rendered":"<p>Una historia rom\u00e1ntica, policiaca, de aventuras, road movie: una novela extraordinaria para descubrir o redescubrir a un autor \u00fanico. Un joven aspirante a escritor coincide con una pareja de paso en un Par\u00eds invernal. \u00c9l es adicto al juego y ella sue\u00f1a con viajar a Mallorca. Los tres forman un vago tri\u00e1ngulo amoroso, hasta la [&hellip;]<\/p>\n","protected":false},"featured_media":7204,"template":"","meta":[],"product_brand":[1346],"product_cat":[29],"product_tag":[],"class_list":{"0":"post-7203","1":"product","2":"type-product","3":"status-publish","4":"has-post-thumbnail","6":"product_brand-patrick-modiano","7":"product_cat-novela","9":"first","10":"instock","11":"purchasable","12":"product-type-simple"},"featured_image_urls_v2":{"full":["https:\/\/ajupe.com.uy\/web\/wp-content\/uploads\/2016\/04\/p-7203-M__s_all___del_o_54fa0157de9f0.jpg",219,348,false],"thumbnail":["https:\/\/ajupe.com.uy\/web\/wp-content\/uploads\/2016\/04\/p-7203-M__s_all___del_o_54fa0157de9f0.jpg",150,150,true],"medium":["https:\/\/ajupe.com.uy\/web\/wp-content\/uploads\/2016\/04\/p-7203-M__s_all___del_o_54fa0157de9f0.jpg",300,214,true],"medium_large":["https:\/\/ajupe.com.uy\/web\/wp-content\/uploads\/2016\/04\/p-7203-M__s_all___del_o_54fa0157de9f0.jpg",219,348,false],"large":["https:\/\/ajupe.com.uy\/web\/wp-content\/uploads\/2016\/04\/p-7203-M__s_all___del_o_54fa0157de9f0.jpg",219,348,false],"1536x1536":["https:\/\/ajupe.com.uy\/web\/wp-content\/uploads\/2016\/04\/p-7203-M__s_all___del_o_54fa0157de9f0.jpg",219,348,false],"2048x2048":["https:\/\/ajupe.com.uy\/web\/wp-content\/uploads\/2016\/04\/p-7203-M__s_all___del_o_54fa0157de9f0.jpg",219,348,false],"woocommerce_archive_thumbnail":["https:\/\/ajupe.com.uy\/web\/wp-content\/uploads\/2016\/04\/p-7203-M__s_all___del_o_54fa0157de9f0-219x300.jpg",219,300,true],"woocommerce_thumbnail":["https:\/\/ajupe.com.uy\/web\/wp-content\/uploads\/2016\/04\/p-7203-M__s_all___del_o_54fa0157de9f0-219x300.jpg",219,300,true],"woocommerce_single":["https:\/\/ajupe.com.uy\/web\/wp-content\/uploads\/2016\/04\/p-7203-M__s_all___del_o_54fa0157de9f0.jpg",219,348,false],"woocommerce_gallery_thumbnail":["https:\/\/ajupe.com.uy\/web\/wp-content\/uploads\/2016\/04\/p-7203-M__s_all___del_o_54fa0157de9f0-100x100.jpg",100,100,true]},"post_excerpt_stackable_v2":"<p>Una historia rom\u00e1ntica, policiaca, de aventuras, road movie: una novela extraordinaria para descubrir o redescubrir a un autor \u00fanico. Un joven aspirante a escritor coincide con una pareja de paso en un Par\u00eds invernal. \u00c9l es adicto al juego y ella sue\u00f1a con viajar a Mallorca. Los tres forman un vago tri\u00e1ngulo amoroso, hasta la irrupci\u00f3n de un hombre misterioso llamado Cartaud.Novela rom\u00e1ntica, policiaca, de aventuras y road movie, M\u00e1s all\u00e1 del olvido es tambi\u00e9n la historia de una obsesi\u00f3n. Una obra clave para descubrir o redescubrir a Patrick Modiano, Premio Nobel de Literatura.<\/p>\n","category_list_v2":"","author_info_v2":{"name":"","url":""},"comments_num_v2":"0 comentarios","_links":{"self":[{"href":"https:\/\/ajupe.com.uy\/web\/wp-json\/wp\/v2\/product\/7203","targetHints":{"allow":["GET"]}}],"collection":[{"href":"https:\/\/ajupe.com.uy\/web\/wp-json\/wp\/v2\/product"}],"about":[{"href":"https:\/\/ajupe.com.uy\/web\/wp-json\/wp\/v2\/types\/product"}],"wp:featuredmedia":[{"embeddable":true,"href":"https:\/\/ajupe.com.uy\/web\/wp-json\/wp\/v2\/media\/7204"}],"wp:attachment":[{"href":"https:\/\/ajupe.com.uy\/web\/wp-json\/wp\/v2\/media?parent=7203"}],"wp:term":[{"taxonomy":"product_brand","embeddable":true,"href":"https:\/\/ajupe.com.uy\/web\/wp-json\/wp\/v2\/product_brand?post=7203"},{"taxonomy":"product_cat","embeddable":true,"href":"https:\/\/ajupe.com.uy\/web\/wp-json\/wp\/v2\/product_cat?post=7203"},{"taxonomy":"product_tag","embeddable":true,"href":"https:\/\/ajupe.com.uy\/web\/wp-json\/wp\/v2\/product_tag?post=7203"}],"curies":[{"name":"wp","href":"https:\/\/api.w.org\/{rel}","templated":true}]}}