{"id":7278,"date":"2015-04-27T18:36:06","date_gmt":"2015-04-27T21:36:06","guid":{"rendered":"http:\/\/ajupe.com.uy\/web\/?post_type=product&#038;p=7278"},"modified":"2015-04-27T18:37:09","modified_gmt":"2015-04-27T21:37:09","slug":"el-horizonte","status":"publish","type":"product","link":"https:\/\/ajupe.com.uy\/web\/biblioteca\/el-horizonte\/","title":{"rendered":"El horizonte"},"content":{"rendered":"<p>El primer encuentro entre Jean Bosmans, un aprendiz de escritor, y Margaret Le Coz se produce por azar. Los dos huyen de los disturbios de una manifestaci\u00f3n y en la boca del metro \u00e9l tropieza, la arrastra consigo, la multitud los aplasta contra la pared. A\u00f1os despu\u00e9s el protagonista de la novela se pregunta si es posible estar seguro de que las palabras que dos personas han intercambiado durante su primer encuentro se han disipado en la nada como si nunca hubieran sido pronunciadas&#8230; A trompicones, anotando uno a uno los recuerdos en un peque\u00f1o cuaderno, avanza Bosmans en su itinerario por los meandros de la memoria tras los pasos no solo de s\u00ed mismo sino, ante todo, de Margaret Le Coz. Va siguiendo el rastro de esa mujer inasible que, como suced\u00eda con la enigm\u00e1tica Louki de En el caf\u00e9 de la juventud perdida o la Denise de Calle de las Tiendas Oscuras, hechiza al lector.<\/p>\n","protected":false},"excerpt":{"rendered":"<p>El primer encuentro entre Jean Bosmans, un aprendiz de escritor, y Margaret Le Coz se produce por azar. Los dos huyen de los disturbios de una manifestaci\u00f3n y en la boca del metro \u00e9l tropieza, la arrastra consigo, la multitud los aplasta contra la pared. A\u00f1os despu\u00e9s el protagonista de la novela se pregunta si [&hellip;]<\/p>\n","protected":false},"featured_media":7279,"template":"","meta":[],"product_brand":[1346],"product_cat":[29],"product_tag":[],"class_list":{"0":"post-7278","1":"product","2":"type-product","3":"status-publish","4":"has-post-thumbnail","6":"product_brand-patrick-modiano","7":"product_cat-novela","9":"first","10":"instock","11":"purchasable","12":"product-type-simple"},"featured_image_urls_v2":{"full":["https:\/\/ajupe.com.uy\/web\/wp-content\/uploads\/2016\/04\/p-7278-El_horizonte_553e81d2b1f18.jpg",207,326,false],"thumbnail":["https:\/\/ajupe.com.uy\/web\/wp-content\/uploads\/2016\/04\/p-7278-El_horizonte_553e81d2b1f18.jpg",150,150,true],"medium":["https:\/\/ajupe.com.uy\/web\/wp-content\/uploads\/2016\/04\/p-7278-El_horizonte_553e81d2b1f18.jpg",300,214,true],"medium_large":["https:\/\/ajupe.com.uy\/web\/wp-content\/uploads\/2016\/04\/p-7278-El_horizonte_553e81d2b1f18.jpg",207,326,false],"large":["https:\/\/ajupe.com.uy\/web\/wp-content\/uploads\/2016\/04\/p-7278-El_horizonte_553e81d2b1f18.jpg",207,326,false],"1536x1536":["https:\/\/ajupe.com.uy\/web\/wp-content\/uploads\/2016\/04\/p-7278-El_horizonte_553e81d2b1f18.jpg",207,326,false],"2048x2048":["https:\/\/ajupe.com.uy\/web\/wp-content\/uploads\/2016\/04\/p-7278-El_horizonte_553e81d2b1f18.jpg",207,326,false],"woocommerce_archive_thumbnail":["https:\/\/ajupe.com.uy\/web\/wp-content\/uploads\/2016\/04\/p-7278-El_horizonte_553e81d2b1f18-207x300.jpg",207,300,true],"woocommerce_thumbnail":["https:\/\/ajupe.com.uy\/web\/wp-content\/uploads\/2016\/04\/p-7278-El_horizonte_553e81d2b1f18-207x300.jpg",207,300,true],"woocommerce_single":["https:\/\/ajupe.com.uy\/web\/wp-content\/uploads\/2016\/04\/p-7278-El_horizonte_553e81d2b1f18.jpg",207,326,false],"woocommerce_gallery_thumbnail":["https:\/\/ajupe.com.uy\/web\/wp-content\/uploads\/2016\/04\/p-7278-El_horizonte_553e81d2b1f18-100x100.jpg",100,100,true]},"post_excerpt_stackable_v2":"<p>El primer encuentro entre Jean Bosmans, un aprendiz de escritor, y Margaret Le Coz se produce por azar. Los dos huyen de los disturbios de una manifestaci\u00f3n y en la boca del metro \u00e9l tropieza, la arrastra consigo, la multitud los aplasta contra la pared. A\u00f1os despu\u00e9s el protagonista de la novela se pregunta si es posible estar seguro de que las palabras que dos personas han intercambiado durante su primer encuentro se han disipado en la nada como si nunca hubieran sido pronunciadas&#8230; A trompicones, anotando uno a uno los recuerdos en un peque\u00f1o cuaderno, avanza Bosmans en su&hellip;<\/p>\n","category_list_v2":"","author_info_v2":{"name":"","url":""},"comments_num_v2":"0 comentarios","_links":{"self":[{"href":"https:\/\/ajupe.com.uy\/web\/wp-json\/wp\/v2\/product\/7278","targetHints":{"allow":["GET"]}}],"collection":[{"href":"https:\/\/ajupe.com.uy\/web\/wp-json\/wp\/v2\/product"}],"about":[{"href":"https:\/\/ajupe.com.uy\/web\/wp-json\/wp\/v2\/types\/product"}],"wp:featuredmedia":[{"embeddable":true,"href":"https:\/\/ajupe.com.uy\/web\/wp-json\/wp\/v2\/media\/7279"}],"wp:attachment":[{"href":"https:\/\/ajupe.com.uy\/web\/wp-json\/wp\/v2\/media?parent=7278"}],"wp:term":[{"taxonomy":"product_brand","embeddable":true,"href":"https:\/\/ajupe.com.uy\/web\/wp-json\/wp\/v2\/product_brand?post=7278"},{"taxonomy":"product_cat","embeddable":true,"href":"https:\/\/ajupe.com.uy\/web\/wp-json\/wp\/v2\/product_cat?post=7278"},{"taxonomy":"product_tag","embeddable":true,"href":"https:\/\/ajupe.com.uy\/web\/wp-json\/wp\/v2\/product_tag?post=7278"}],"curies":[{"name":"wp","href":"https:\/\/api.w.org\/{rel}","templated":true}]}}