{"id":7335,"date":"2015-06-12T16:59:00","date_gmt":"2015-06-12T19:59:00","guid":{"rendered":"http:\/\/ajupe.com.uy\/web\/?post_type=product&#038;p=7335"},"modified":"2015-06-12T16:59:57","modified_gmt":"2015-06-12T19:59:57","slug":"un-pedigri","status":"publish","type":"product","link":"https:\/\/ajupe.com.uy\/web\/biblioteca\/un-pedigri\/","title":{"rendered":"Un pedigri"},"content":{"rendered":"<p>Par\u00eds, octubre de 1942. Un hombre y una mujer se conocen durante la ocupaci\u00f3n de la ciudad. \u00c9l es un jud\u00edo de origen toscano, ella una belga que persigue el sue\u00f1o de convertirse en bailarina. Se casan y tienen dos hijos, uno de los cuales es Patrick Modiano. Durante veinte a\u00f1os viven juntos en un piso del muelle de Conti. A su alrededor, un mundo de personajes extra\u00f1os: hombres de negocios cuyas tareas son siempre misteriosas, actrices de tres al cuarto dispuestas a cualquier cosa, aman-tes de personajes famosos, alcahuetes y arist\u00f3cratas decadentes de dudosa sexualidad. Son hombres y mujeres que intentan huir de la guerra y las deportaciones, y tratan de arregl\u00e1rselas en la dif\u00edcil existencia de la posguerra. Un universo de rostros con el que Modiano reconstruye un carn\u00e9 de identidad personal. Pero tambi\u00e9n el cuadro de una \u00e9poca extra\u00f1a en la que se presiente el desastre. Un texto autobiogr\u00e1fico clave para entender la obra de este extraordinario autor. \u00abSu documentaci\u00f3n sobre la ocupaci\u00f3n, la resistencia, la expulsi\u00f3n, la deportaci\u00f3n, el exilio, la colaboraci\u00f3n y la guerra de Argelia es fenomenal\u00bb (Joseph Animan, Frankfurter Allgemeine Zeitung); \u00abUna hoguera de sufrimiento que hay que arrancar de uno evitando quemarse\u00bb (Mich\u00e8le Gazier, T\u00e9l\u00e9rama).<\/p>\n","protected":false},"excerpt":{"rendered":"<p>Par\u00eds, octubre de 1942. Un hombre y una mujer se conocen durante la ocupaci\u00f3n de la ciudad. \u00c9l es un jud\u00edo de origen toscano, ella una belga que persigue el sue\u00f1o de convertirse en bailarina. Se casan y tienen dos hijos, uno de los cuales es Patrick Modiano. Durante veinte a\u00f1os viven juntos en un [&hellip;]<\/p>\n","protected":false},"featured_media":7336,"template":"","meta":[],"product_brand":[1346],"product_cat":[29],"product_tag":[],"class_list":{"0":"post-7335","1":"product","2":"type-product","3":"status-publish","4":"has-post-thumbnail","6":"product_brand-patrick-modiano","7":"product_cat-novela","9":"first","10":"instock","11":"purchasable","12":"product-type-simple"},"featured_image_urls_v2":{"full":["https:\/\/ajupe.com.uy\/web\/wp-content\/uploads\/2016\/04\/p-7335-Un_pedigri_557b100d86bbc.jpg",208,326,false],"thumbnail":["https:\/\/ajupe.com.uy\/web\/wp-content\/uploads\/2016\/04\/p-7335-Un_pedigri_557b100d86bbc.jpg",150,150,true],"medium":["https:\/\/ajupe.com.uy\/web\/wp-content\/uploads\/2016\/04\/p-7335-Un_pedigri_557b100d86bbc.jpg",300,214,true],"medium_large":["https:\/\/ajupe.com.uy\/web\/wp-content\/uploads\/2016\/04\/p-7335-Un_pedigri_557b100d86bbc.jpg",208,326,false],"large":["https:\/\/ajupe.com.uy\/web\/wp-content\/uploads\/2016\/04\/p-7335-Un_pedigri_557b100d86bbc.jpg",208,326,false],"1536x1536":["https:\/\/ajupe.com.uy\/web\/wp-content\/uploads\/2016\/04\/p-7335-Un_pedigri_557b100d86bbc.jpg",208,326,false],"2048x2048":["https:\/\/ajupe.com.uy\/web\/wp-content\/uploads\/2016\/04\/p-7335-Un_pedigri_557b100d86bbc.jpg",208,326,false],"woocommerce_archive_thumbnail":["https:\/\/ajupe.com.uy\/web\/wp-content\/uploads\/2016\/04\/p-7335-Un_pedigri_557b100d86bbc-208x300.jpg",208,300,true],"woocommerce_thumbnail":["https:\/\/ajupe.com.uy\/web\/wp-content\/uploads\/2016\/04\/p-7335-Un_pedigri_557b100d86bbc-208x300.jpg",208,300,true],"woocommerce_single":["https:\/\/ajupe.com.uy\/web\/wp-content\/uploads\/2016\/04\/p-7335-Un_pedigri_557b100d86bbc.jpg",208,326,false],"woocommerce_gallery_thumbnail":["https:\/\/ajupe.com.uy\/web\/wp-content\/uploads\/2016\/04\/p-7335-Un_pedigri_557b100d86bbc-100x100.jpg",100,100,true]},"post_excerpt_stackable_v2":"<p>Par\u00eds, octubre de 1942. Un hombre y una mujer se conocen durante la ocupaci\u00f3n de la ciudad. \u00c9l es un jud\u00edo de origen toscano, ella una belga que persigue el sue\u00f1o de convertirse en bailarina. Se casan y tienen dos hijos, uno de los cuales es Patrick Modiano. Durante veinte a\u00f1os viven juntos en un piso del muelle de Conti. A su alrededor, un mundo de personajes extra\u00f1os: hombres de negocios cuyas tareas son siempre misteriosas, actrices de tres al cuarto dispuestas a cualquier cosa, aman-tes de personajes famosos, alcahuetes y arist\u00f3cratas decadentes de dudosa sexualidad. Son hombres y mujeres&hellip;<\/p>\n","category_list_v2":"","author_info_v2":{"name":"","url":""},"comments_num_v2":"0 comentarios","_links":{"self":[{"href":"https:\/\/ajupe.com.uy\/web\/wp-json\/wp\/v2\/product\/7335","targetHints":{"allow":["GET"]}}],"collection":[{"href":"https:\/\/ajupe.com.uy\/web\/wp-json\/wp\/v2\/product"}],"about":[{"href":"https:\/\/ajupe.com.uy\/web\/wp-json\/wp\/v2\/types\/product"}],"wp:featuredmedia":[{"embeddable":true,"href":"https:\/\/ajupe.com.uy\/web\/wp-json\/wp\/v2\/media\/7336"}],"wp:attachment":[{"href":"https:\/\/ajupe.com.uy\/web\/wp-json\/wp\/v2\/media?parent=7335"}],"wp:term":[{"taxonomy":"product_brand","embeddable":true,"href":"https:\/\/ajupe.com.uy\/web\/wp-json\/wp\/v2\/product_brand?post=7335"},{"taxonomy":"product_cat","embeddable":true,"href":"https:\/\/ajupe.com.uy\/web\/wp-json\/wp\/v2\/product_cat?post=7335"},{"taxonomy":"product_tag","embeddable":true,"href":"https:\/\/ajupe.com.uy\/web\/wp-json\/wp\/v2\/product_tag?post=7335"}],"curies":[{"name":"wp","href":"https:\/\/api.w.org\/{rel}","templated":true}]}}