{"id":7338,"date":"2015-06-12T17:01:38","date_gmt":"2015-06-12T20:01:38","guid":{"rendered":"http:\/\/ajupe.com.uy\/web\/?post_type=product&#038;p=7338"},"modified":"2015-06-12T17:02:42","modified_gmt":"2015-06-12T20:02:42","slug":"villa-triste","status":"publish","type":"product","link":"https:\/\/ajupe.com.uy\/web\/biblioteca\/villa-triste\/","title":{"rendered":"Villa triste"},"content":{"rendered":"<p>Principios de los a\u00f1os sesenta, en el siglo pasado. Un joven de dieciocho a\u00f1os al que el lector solo conocer\u00e1 bajo una identidad ficticia, la de conde Victor Chmara, se esconde del horror de la guerra franco-argelina en una peque\u00f1a ciudad de provincias cercana a la frontera con Suiza. Alojado en Les Tilleuls, una pensi\u00f3n familiar, Chmara lleva una existencia discreta y silenciosa hasta que conoce a Yvonne, una joven actriz francesa con la que pronto iniciar\u00e1 una fulgurante historia de amor, y a su mano derecha, Ren\u00e9 Meinthe, un personaje vodevilesco, un m\u00e9dico homosexual que se llama a s\u00ed mismo reina Astrid y que acompa\u00f1a siempre a Yvonne. Con ellos Victor se introduce en ese c\u00edrculo de gente mundana que se re\u00fane en la estaci\u00f3n termal de la ciudad de provincias, el oasis en el que pasan el verano. Junto a Ivonne y a Meinthe circula una variopinta galer\u00eda de personajes; de fiesta en fiesta, viven en una suerte de eterno presente, de espaldas al fragor del mundo y la pol\u00edtica, la Francia poscolonial de los a\u00f1os sesenta&#8230; Sin embargo, como suele ocurrir en las novelas de Modiano, las cosas no son solo lo que parecen y muy pronto descubrimos que la mirada del narrador, de ese fantasmal Victor Chmara, da saltos entre el presente y un pasado idealizado por el paso del tiempo y la criba de la memoria.<\/p>\n","protected":false},"excerpt":{"rendered":"<p>Principios de los a\u00f1os sesenta, en el siglo pasado. Un joven de dieciocho a\u00f1os al que el lector solo conocer\u00e1 bajo una identidad ficticia, la de conde Victor Chmara, se esconde del horror de la guerra franco-argelina en una peque\u00f1a ciudad de provincias cercana a la frontera con Suiza. Alojado en Les Tilleuls, una pensi\u00f3n [&hellip;]<\/p>\n","protected":false},"featured_media":7339,"template":"","meta":[],"product_brand":[1346],"product_cat":[29],"product_tag":[],"class_list":{"0":"post-7338","1":"product","2":"type-product","3":"status-publish","4":"has-post-thumbnail","6":"product_brand-patrick-modiano","7":"product_cat-novela","9":"first","10":"instock","11":"purchasable","12":"product-type-simple"},"featured_image_urls_v2":{"full":["https:\/\/ajupe.com.uy\/web\/wp-content\/uploads\/2016\/04\/p-7338-Villa_triste_557b10b20e3f2.jpg",208,326,false],"thumbnail":["https:\/\/ajupe.com.uy\/web\/wp-content\/uploads\/2016\/04\/p-7338-Villa_triste_557b10b20e3f2.jpg",150,150,true],"medium":["https:\/\/ajupe.com.uy\/web\/wp-content\/uploads\/2016\/04\/p-7338-Villa_triste_557b10b20e3f2.jpg",300,214,true],"medium_large":["https:\/\/ajupe.com.uy\/web\/wp-content\/uploads\/2016\/04\/p-7338-Villa_triste_557b10b20e3f2.jpg",208,326,false],"large":["https:\/\/ajupe.com.uy\/web\/wp-content\/uploads\/2016\/04\/p-7338-Villa_triste_557b10b20e3f2.jpg",208,326,false],"1536x1536":["https:\/\/ajupe.com.uy\/web\/wp-content\/uploads\/2016\/04\/p-7338-Villa_triste_557b10b20e3f2.jpg",208,326,false],"2048x2048":["https:\/\/ajupe.com.uy\/web\/wp-content\/uploads\/2016\/04\/p-7338-Villa_triste_557b10b20e3f2.jpg",208,326,false],"woocommerce_archive_thumbnail":["https:\/\/ajupe.com.uy\/web\/wp-content\/uploads\/2016\/04\/p-7338-Villa_triste_557b10b20e3f2-208x300.jpg",208,300,true],"woocommerce_thumbnail":["https:\/\/ajupe.com.uy\/web\/wp-content\/uploads\/2016\/04\/p-7338-Villa_triste_557b10b20e3f2-208x300.jpg",208,300,true],"woocommerce_single":["https:\/\/ajupe.com.uy\/web\/wp-content\/uploads\/2016\/04\/p-7338-Villa_triste_557b10b20e3f2.jpg",208,326,false],"woocommerce_gallery_thumbnail":["https:\/\/ajupe.com.uy\/web\/wp-content\/uploads\/2016\/04\/p-7338-Villa_triste_557b10b20e3f2-100x100.jpg",100,100,true]},"post_excerpt_stackable_v2":"<p>Principios de los a\u00f1os sesenta, en el siglo pasado. Un joven de dieciocho a\u00f1os al que el lector solo conocer\u00e1 bajo una identidad ficticia, la de conde Victor Chmara, se esconde del horror de la guerra franco-argelina en una peque\u00f1a ciudad de provincias cercana a la frontera con Suiza. Alojado en Les Tilleuls, una pensi\u00f3n familiar, Chmara lleva una existencia discreta y silenciosa hasta que conoce a Yvonne, una joven actriz francesa con la que pronto iniciar\u00e1 una fulgurante historia de amor, y a su mano derecha, Ren\u00e9 Meinthe, un personaje vodevilesco, un m\u00e9dico homosexual que se llama a s\u00ed&hellip;<\/p>\n","category_list_v2":"","author_info_v2":{"name":"","url":""},"comments_num_v2":"0 comentarios","_links":{"self":[{"href":"https:\/\/ajupe.com.uy\/web\/wp-json\/wp\/v2\/product\/7338","targetHints":{"allow":["GET"]}}],"collection":[{"href":"https:\/\/ajupe.com.uy\/web\/wp-json\/wp\/v2\/product"}],"about":[{"href":"https:\/\/ajupe.com.uy\/web\/wp-json\/wp\/v2\/types\/product"}],"wp:featuredmedia":[{"embeddable":true,"href":"https:\/\/ajupe.com.uy\/web\/wp-json\/wp\/v2\/media\/7339"}],"wp:attachment":[{"href":"https:\/\/ajupe.com.uy\/web\/wp-json\/wp\/v2\/media?parent=7338"}],"wp:term":[{"taxonomy":"product_brand","embeddable":true,"href":"https:\/\/ajupe.com.uy\/web\/wp-json\/wp\/v2\/product_brand?post=7338"},{"taxonomy":"product_cat","embeddable":true,"href":"https:\/\/ajupe.com.uy\/web\/wp-json\/wp\/v2\/product_cat?post=7338"},{"taxonomy":"product_tag","embeddable":true,"href":"https:\/\/ajupe.com.uy\/web\/wp-json\/wp\/v2\/product_tag?post=7338"}],"curies":[{"name":"wp","href":"https:\/\/api.w.org\/{rel}","templated":true}]}}