{"id":7341,"date":"2015-06-12T17:09:48","date_gmt":"2015-06-12T20:09:48","guid":{"rendered":"http:\/\/ajupe.com.uy\/web\/?post_type=product&#038;p=7341"},"modified":"2015-06-12T17:10:33","modified_gmt":"2015-06-12T20:10:33","slug":"dora-bruder","status":"publish","type":"product","link":"https:\/\/ajupe.com.uy\/web\/biblioteca\/dora-bruder\/","title":{"rendered":"Dora Bruder"},"content":{"rendered":"<p>Una adolescente perdida en los pliegues del pasado resume en su desoladora peripecia vital el sufrimiento de toda una \u00e9poca: el continente europeo en la era hitleriana, visto desde la perspectiva actual, y la aventura moral del escritor que trata de recobrar la verdad de aquel tlempo y aquellos seres.<\/p>\n<p>El 31 de diciembre de 1941, en el peri\u00f3dico Paris-Soirapareci\u00f3 un anuncio pat\u00e9tico: unos padres trataban de encontrar a su hija, de 15 a\u00f1os, que se hab\u00eda fugado de un colegio de monjas. Nueve meses m\u00e1s tarde, el nombre de la muchacha aparece en una lista de deportados al campo de exterminio de Auschwitz. Al filo de estas dos desapariciones sucesivas conocemos el destino de todo un pueblo, de toda Francia y de toda Europa, en una era de dolor, de humillaciones y de violencia, en la que la pureza resalta por contraste sobre un fondo de destrucci\u00f3n. Pero el tema del libro no es s\u00f3lo la vida de Dora Bruder, sino la b\u00fasqueda del propio autor que trata de reconstruir aquella biografia borrada.<\/p>\n<p>\u00abUn libro turbador\u00bb (Renaud Matignon, Le Figaro).<\/p>\n<p>\u00abUn libro contra el olvido\u00bb (Norbert Czarny, La Quinzaine Litt\u00e9raire).<\/p>\n<p>\u00abUn gran libro\u00bb (Marc Lambron, Le Point). \u00abUn libro excepcional\u00bb (Jorge Sempr\u00fan, Le Journal du Dimanche).<\/p>\n<p>La dolorosa b\u00fasqueda de un ayer lacerado nos muestra, trasparent\u00e1ndose en contraluz desde el presente, el dolor, el horror y el sufrimiento del pasado, y tambi\u00e9n su poes\u00eda, m\u00e1s heridora por m\u00e1s sofrenada y sofocada tras la contenci\u00f3n expresiva del autor.<\/p>\n","protected":false},"excerpt":{"rendered":"<p>Una adolescente perdida en los pliegues del pasado resume en su desoladora peripecia vital el sufrimiento de toda una \u00e9poca: el continente europeo en la era hitleriana, visto desde la perspectiva actual, y la aventura moral del escritor que trata de recobrar la verdad de aquel tlempo y aquellos seres. El 31 de diciembre de [&hellip;]<\/p>\n","protected":false},"featured_media":7342,"template":"","meta":[],"product_brand":[1346],"product_cat":[29],"product_tag":[],"class_list":{"0":"post-7341","1":"product","2":"type-product","3":"status-publish","4":"has-post-thumbnail","6":"product_brand-patrick-modiano","7":"product_cat-novela","9":"first","10":"instock","11":"purchasable","12":"product-type-simple"},"featured_image_urls_v2":{"full":["https:\/\/ajupe.com.uy\/web\/wp-content\/uploads\/2016\/04\/p-7341-Dora_Bruder_557b12892aa7d.jpg",197,340,false],"thumbnail":["https:\/\/ajupe.com.uy\/web\/wp-content\/uploads\/2016\/04\/p-7341-Dora_Bruder_557b12892aa7d.jpg",150,150,true],"medium":["https:\/\/ajupe.com.uy\/web\/wp-content\/uploads\/2016\/04\/p-7341-Dora_Bruder_557b12892aa7d.jpg",300,214,true],"medium_large":["https:\/\/ajupe.com.uy\/web\/wp-content\/uploads\/2016\/04\/p-7341-Dora_Bruder_557b12892aa7d.jpg",197,340,false],"large":["https:\/\/ajupe.com.uy\/web\/wp-content\/uploads\/2016\/04\/p-7341-Dora_Bruder_557b12892aa7d.jpg",197,340,false],"1536x1536":["https:\/\/ajupe.com.uy\/web\/wp-content\/uploads\/2016\/04\/p-7341-Dora_Bruder_557b12892aa7d.jpg",197,340,false],"2048x2048":["https:\/\/ajupe.com.uy\/web\/wp-content\/uploads\/2016\/04\/p-7341-Dora_Bruder_557b12892aa7d.jpg",197,340,false],"woocommerce_archive_thumbnail":["https:\/\/ajupe.com.uy\/web\/wp-content\/uploads\/2016\/04\/p-7341-Dora_Bruder_557b12892aa7d-197x300.jpg",197,300,true],"woocommerce_thumbnail":["https:\/\/ajupe.com.uy\/web\/wp-content\/uploads\/2016\/04\/p-7341-Dora_Bruder_557b12892aa7d-197x300.jpg",197,300,true],"woocommerce_single":["https:\/\/ajupe.com.uy\/web\/wp-content\/uploads\/2016\/04\/p-7341-Dora_Bruder_557b12892aa7d.jpg",197,340,false],"woocommerce_gallery_thumbnail":["https:\/\/ajupe.com.uy\/web\/wp-content\/uploads\/2016\/04\/p-7341-Dora_Bruder_557b12892aa7d-100x100.jpg",100,100,true]},"post_excerpt_stackable_v2":"<p>Una adolescente perdida en los pliegues del pasado resume en su desoladora peripecia vital el sufrimiento de toda una \u00e9poca: el continente europeo en la era hitleriana, visto desde la perspectiva actual, y la aventura moral del escritor que trata de recobrar la verdad de aquel tlempo y aquellos seres. El 31 de diciembre de 1941, en el peri\u00f3dico Paris-Soirapareci\u00f3 un anuncio pat\u00e9tico: unos padres trataban de encontrar a su hija, de 15 a\u00f1os, que se hab\u00eda fugado de un colegio de monjas. Nueve meses m\u00e1s tarde, el nombre de la muchacha aparece en una lista de deportados al campo&hellip;<\/p>\n","category_list_v2":"","author_info_v2":{"name":"","url":""},"comments_num_v2":"0 comentarios","_links":{"self":[{"href":"https:\/\/ajupe.com.uy\/web\/wp-json\/wp\/v2\/product\/7341","targetHints":{"allow":["GET"]}}],"collection":[{"href":"https:\/\/ajupe.com.uy\/web\/wp-json\/wp\/v2\/product"}],"about":[{"href":"https:\/\/ajupe.com.uy\/web\/wp-json\/wp\/v2\/types\/product"}],"wp:featuredmedia":[{"embeddable":true,"href":"https:\/\/ajupe.com.uy\/web\/wp-json\/wp\/v2\/media\/7342"}],"wp:attachment":[{"href":"https:\/\/ajupe.com.uy\/web\/wp-json\/wp\/v2\/media?parent=7341"}],"wp:term":[{"taxonomy":"product_brand","embeddable":true,"href":"https:\/\/ajupe.com.uy\/web\/wp-json\/wp\/v2\/product_brand?post=7341"},{"taxonomy":"product_cat","embeddable":true,"href":"https:\/\/ajupe.com.uy\/web\/wp-json\/wp\/v2\/product_cat?post=7341"},{"taxonomy":"product_tag","embeddable":true,"href":"https:\/\/ajupe.com.uy\/web\/wp-json\/wp\/v2\/product_tag?post=7341"}],"curies":[{"name":"wp","href":"https:\/\/api.w.org\/{rel}","templated":true}]}}