{"id":7365,"date":"2015-06-12T19:00:47","date_gmt":"2015-06-12T22:00:47","guid":{"rendered":"http:\/\/ajupe.com.uy\/web\/?post_type=product&#038;p=7365"},"modified":"2015-06-12T19:20:41","modified_gmt":"2015-06-12T22:20:41","slug":"cartagena","status":"publish","type":"product","link":"https:\/\/ajupe.com.uy\/web\/biblioteca\/cartagena\/","title":{"rendered":"Cartagena"},"content":{"rendered":"<p>En plena crisis de los cuarenta, un hombre toma algunas decisiones equivocadas que traer\u00e1n consecuencias nefastas.<\/p>\n<p>Treinta a\u00f1os m\u00e1s tarde, demolido por la culpa, regresa a Cartagena de Indias para enmendar algunos de esos errores, comprender los motivos profundos de sus acciones y ser perdonado por aquellos a quienes tanto da\u00f1o caus\u00f3. La ciudad caribe\u00f1a es el marco esplendoroso en el que se desarrolla esta historia que tiene por protagonistas a Franco Rossi \u2013un viejo periodista cargado de amargura\u2013 y a su padre casi nonagenario que presenta serios problemas de memoria, pero tambi\u00e9n una lucidez sorprendente y un implacable sentido del humor.<\/p>\n<p>En su periplo por las calles cartageneras, se cruzar\u00e1n con una mujer que no ha olvidado, con un hombre que cree ser un personaje de Garc\u00eda M\u00e1rquez y con el propio Nobel colombiano ya en la \u00faltima etapa de su vida.<\/p>\n<p>Entre todos construir\u00e1n una trama que difumina los l\u00edmites de la realidad y la fantas\u00eda, propone un di\u00e1logo con los textos del genial autor y nos plantea preguntas acerca del valor de la originalidad en el arte, el poder destructivo de la culpa y la posibilidad de redenci\u00f3n.<\/p>\n<p>Sin eludir las asperezas de la vida, Cartagena es una historia de amor, de piedad y de esperanza..<\/p>\n","protected":false},"excerpt":{"rendered":"<p>En plena crisis de los cuarenta, un hombre toma algunas decisiones equivocadas que traer\u00e1n consecuencias nefastas. Treinta a\u00f1os m\u00e1s tarde, demolido por la culpa, regresa a Cartagena de Indias para enmendar algunos de esos errores, comprender los motivos profundos de sus acciones y ser perdonado por aquellos a quienes tanto da\u00f1o caus\u00f3. La ciudad caribe\u00f1a [&hellip;]<\/p>\n","protected":false},"featured_media":7366,"template":"","meta":[],"product_brand":[482],"product_cat":[29],"product_tag":[],"class_list":{"0":"post-7365","1":"product","2":"type-product","3":"status-publish","4":"has-post-thumbnail","6":"product_brand-claudia-amengual","7":"product_cat-novela","9":"first","10":"instock","11":"purchasable","12":"product-type-simple"},"featured_image_urls_v2":{"full":["https:\/\/ajupe.com.uy\/web\/wp-content\/uploads\/2016\/04\/p-7365-Cartagena_557b3109670e2.jpg",212,349,false],"thumbnail":["https:\/\/ajupe.com.uy\/web\/wp-content\/uploads\/2016\/04\/p-7365-Cartagena_557b3109670e2.jpg",150,150,true],"medium":["https:\/\/ajupe.com.uy\/web\/wp-content\/uploads\/2016\/04\/p-7365-Cartagena_557b3109670e2.jpg",300,214,true],"medium_large":["https:\/\/ajupe.com.uy\/web\/wp-content\/uploads\/2016\/04\/p-7365-Cartagena_557b3109670e2.jpg",212,349,false],"large":["https:\/\/ajupe.com.uy\/web\/wp-content\/uploads\/2016\/04\/p-7365-Cartagena_557b3109670e2.jpg",212,349,false],"1536x1536":["https:\/\/ajupe.com.uy\/web\/wp-content\/uploads\/2016\/04\/p-7365-Cartagena_557b3109670e2.jpg",212,349,false],"2048x2048":["https:\/\/ajupe.com.uy\/web\/wp-content\/uploads\/2016\/04\/p-7365-Cartagena_557b3109670e2.jpg",212,349,false],"woocommerce_archive_thumbnail":["https:\/\/ajupe.com.uy\/web\/wp-content\/uploads\/2016\/04\/p-7365-Cartagena_557b3109670e2-212x300.jpg",212,300,true],"woocommerce_thumbnail":["https:\/\/ajupe.com.uy\/web\/wp-content\/uploads\/2016\/04\/p-7365-Cartagena_557b3109670e2-212x300.jpg",212,300,true],"woocommerce_single":["https:\/\/ajupe.com.uy\/web\/wp-content\/uploads\/2016\/04\/p-7365-Cartagena_557b3109670e2.jpg",212,349,false],"woocommerce_gallery_thumbnail":["https:\/\/ajupe.com.uy\/web\/wp-content\/uploads\/2016\/04\/p-7365-Cartagena_557b3109670e2-100x100.jpg",100,100,true]},"post_excerpt_stackable_v2":"<p>En plena crisis de los cuarenta, un hombre toma algunas decisiones equivocadas que traer\u00e1n consecuencias nefastas. Treinta a\u00f1os m\u00e1s tarde, demolido por la culpa, regresa a Cartagena de Indias para enmendar algunos de esos errores, comprender los motivos profundos de sus acciones y ser perdonado por aquellos a quienes tanto da\u00f1o caus\u00f3. La ciudad caribe\u00f1a es el marco esplendoroso en el que se desarrolla esta historia que tiene por protagonistas a Franco Rossi \u2013un viejo periodista cargado de amargura\u2013 y a su padre casi nonagenario que presenta serios problemas de memoria, pero tambi\u00e9n una lucidez sorprendente y un implacable sentido&hellip;<\/p>\n","category_list_v2":"","author_info_v2":{"name":"","url":""},"comments_num_v2":"0 comentarios","_links":{"self":[{"href":"https:\/\/ajupe.com.uy\/web\/wp-json\/wp\/v2\/product\/7365","targetHints":{"allow":["GET"]}}],"collection":[{"href":"https:\/\/ajupe.com.uy\/web\/wp-json\/wp\/v2\/product"}],"about":[{"href":"https:\/\/ajupe.com.uy\/web\/wp-json\/wp\/v2\/types\/product"}],"wp:featuredmedia":[{"embeddable":true,"href":"https:\/\/ajupe.com.uy\/web\/wp-json\/wp\/v2\/media\/7366"}],"wp:attachment":[{"href":"https:\/\/ajupe.com.uy\/web\/wp-json\/wp\/v2\/media?parent=7365"}],"wp:term":[{"taxonomy":"product_brand","embeddable":true,"href":"https:\/\/ajupe.com.uy\/web\/wp-json\/wp\/v2\/product_brand?post=7365"},{"taxonomy":"product_cat","embeddable":true,"href":"https:\/\/ajupe.com.uy\/web\/wp-json\/wp\/v2\/product_cat?post=7365"},{"taxonomy":"product_tag","embeddable":true,"href":"https:\/\/ajupe.com.uy\/web\/wp-json\/wp\/v2\/product_tag?post=7365"}],"curies":[{"name":"wp","href":"https:\/\/api.w.org\/{rel}","templated":true}]}}