{"id":7383,"date":"2015-06-16T18:44:31","date_gmt":"2015-06-16T21:44:31","guid":{"rendered":"http:\/\/ajupe.com.uy\/web\/?post_type=product&#038;p=7383"},"modified":"2015-06-16T18:48:18","modified_gmt":"2015-06-16T21:48:18","slug":"cuentos-inolvidables-segun-julio-cortazar","status":"publish","type":"product","link":"https:\/\/ajupe.com.uy\/web\/biblioteca\/cuentos-inolvidables-segun-julio-cortazar\/","title":{"rendered":"Cuentos inolvidables seg\u00fan Julio Cortazar"},"content":{"rendered":"<p>Selecci\u00f3n de Julio Cort\u00e1zar \u201c\u00bfNo es verdad que cada uno tiene su colecci\u00f3n de cuentos? Yo tengo la m\u00eda&#8230;\u201d As\u00ed se pronunci\u00f3 Julio Cort\u00e1zar en una conferencia que llam\u00f3 \u201cAlgunos aspectos del cuento\u201d y en muchas otras oportunidades manifest\u00f3 su admiraci\u00f3n por ciertos cuentos que le resultaban inolvidables. Esas declaraciones han inspirado la presente antolog\u00eda, que re\u00fane un variado grupo de magn\u00edficos relatos.<\/p>\n","protected":false},"excerpt":{"rendered":"<p>Selecci\u00f3n de Julio Cort\u00e1zar \u201c\u00bfNo es verdad que cada uno tiene su colecci\u00f3n de cuentos? Yo tengo la m\u00eda&#8230;\u201d As\u00ed se pronunci\u00f3 Julio Cort\u00e1zar en una conferencia que llam\u00f3 \u201cAlgunos aspectos del cuento\u201d y en muchas otras oportunidades manifest\u00f3 su admiraci\u00f3n por ciertos cuentos que le resultaban inolvidables. Esas declaraciones han inspirado la presente antolog\u00eda, [&hellip;]<\/p>\n","protected":false},"featured_media":7384,"template":"","meta":[],"product_brand":[343],"product_cat":[29],"product_tag":[],"class_list":{"0":"post-7383","1":"product","2":"type-product","3":"status-publish","4":"has-post-thumbnail","6":"product_brand-julio-cortazar","7":"product_cat-novela","9":"first","10":"instock","11":"purchasable","12":"product-type-simple"},"featured_image_urls_v2":{"full":["https:\/\/ajupe.com.uy\/web\/wp-content\/uploads\/2016\/04\/p-7383-Cuentos_inolvida_55806f7220ab6.jpg",177,272,false],"thumbnail":["https:\/\/ajupe.com.uy\/web\/wp-content\/uploads\/2016\/04\/p-7383-Cuentos_inolvida_55806f7220ab6.jpg",150,150,true],"medium":["https:\/\/ajupe.com.uy\/web\/wp-content\/uploads\/2016\/04\/p-7383-Cuentos_inolvida_55806f7220ab6.jpg",300,214,true],"medium_large":["https:\/\/ajupe.com.uy\/web\/wp-content\/uploads\/2016\/04\/p-7383-Cuentos_inolvida_55806f7220ab6.jpg",177,272,false],"large":["https:\/\/ajupe.com.uy\/web\/wp-content\/uploads\/2016\/04\/p-7383-Cuentos_inolvida_55806f7220ab6.jpg",177,272,false],"1536x1536":["https:\/\/ajupe.com.uy\/web\/wp-content\/uploads\/2016\/04\/p-7383-Cuentos_inolvida_55806f7220ab6.jpg",177,272,false],"2048x2048":["https:\/\/ajupe.com.uy\/web\/wp-content\/uploads\/2016\/04\/p-7383-Cuentos_inolvida_55806f7220ab6.jpg",177,272,false],"woocommerce_archive_thumbnail":["https:\/\/ajupe.com.uy\/web\/wp-content\/uploads\/2016\/04\/p-7383-Cuentos_inolvida_55806f7220ab6.jpg",177,272,false],"woocommerce_thumbnail":["https:\/\/ajupe.com.uy\/web\/wp-content\/uploads\/2016\/04\/p-7383-Cuentos_inolvida_55806f7220ab6.jpg",177,272,false],"woocommerce_single":["https:\/\/ajupe.com.uy\/web\/wp-content\/uploads\/2016\/04\/p-7383-Cuentos_inolvida_55806f7220ab6.jpg",177,272,false],"woocommerce_gallery_thumbnail":["https:\/\/ajupe.com.uy\/web\/wp-content\/uploads\/2016\/04\/p-7383-Cuentos_inolvida_55806f7220ab6-100x100.jpg",100,100,true]},"post_excerpt_stackable_v2":"<p>Selecci\u00f3n de Julio Cort\u00e1zar \u201c\u00bfNo es verdad que cada uno tiene su colecci\u00f3n de cuentos? Yo tengo la m\u00eda&#8230;\u201d As\u00ed se pronunci\u00f3 Julio Cort\u00e1zar en una conferencia que llam\u00f3 \u201cAlgunos aspectos del cuento\u201d y en muchas otras oportunidades manifest\u00f3 su admiraci\u00f3n por ciertos cuentos que le resultaban inolvidables. Esas declaraciones han inspirado la presente antolog\u00eda, que re\u00fane un variado grupo de magn\u00edficos relatos.<\/p>\n","category_list_v2":"","author_info_v2":{"name":"","url":""},"comments_num_v2":"0 comentarios","_links":{"self":[{"href":"https:\/\/ajupe.com.uy\/web\/wp-json\/wp\/v2\/product\/7383","targetHints":{"allow":["GET"]}}],"collection":[{"href":"https:\/\/ajupe.com.uy\/web\/wp-json\/wp\/v2\/product"}],"about":[{"href":"https:\/\/ajupe.com.uy\/web\/wp-json\/wp\/v2\/types\/product"}],"wp:featuredmedia":[{"embeddable":true,"href":"https:\/\/ajupe.com.uy\/web\/wp-json\/wp\/v2\/media\/7384"}],"wp:attachment":[{"href":"https:\/\/ajupe.com.uy\/web\/wp-json\/wp\/v2\/media?parent=7383"}],"wp:term":[{"taxonomy":"product_brand","embeddable":true,"href":"https:\/\/ajupe.com.uy\/web\/wp-json\/wp\/v2\/product_brand?post=7383"},{"taxonomy":"product_cat","embeddable":true,"href":"https:\/\/ajupe.com.uy\/web\/wp-json\/wp\/v2\/product_cat?post=7383"},{"taxonomy":"product_tag","embeddable":true,"href":"https:\/\/ajupe.com.uy\/web\/wp-json\/wp\/v2\/product_tag?post=7383"}],"curies":[{"name":"wp","href":"https:\/\/api.w.org\/{rel}","templated":true}]}}

Cuentos inolvidables según Julio Cortazar

<p>Selección de Julio Cortázar “¿No es verdad que cada uno tiene su colección de cuentos? Yo tengo la mía&#8230;” Así se pronunció Julio Cortázar en una conferencia que llamó “Algunos aspectos del cuento” y en muchas otras oportunidades manifestó su admiración por ciertos cuentos que le resultaban inolvidables. Esas declaraciones han inspirado la presente antología, que reúne un variado grupo de magníficos relatos.</p>

<p>Selección de Julio Cortázar “¿No es verdad que cada uno tiene su colección de cuentos? Yo tengo la mía&#8230;” Así se pronunció Julio Cortázar en una conferencia que llamó “Algunos aspectos del cuento” y en muchas otras oportunidades manifestó su admiración por ciertos cuentos que le resultaban inolvidables. Esas declaraciones han inspirado la presente antología, [&hellip;]</p>
