{"id":7398,"date":"2015-06-16T19:04:03","date_gmt":"2015-06-16T22:04:03","guid":{"rendered":"http:\/\/ajupe.com.uy\/web\/?post_type=product&#038;p=7398"},"modified":"2015-06-16T19:04:47","modified_gmt":"2015-06-16T22:04:47","slug":"los-crimenes-de-cater-street","status":"publish","type":"product","link":"https:\/\/ajupe.com.uy\/web\/biblioteca\/los-crimenes-de-cater-street\/","title":{"rendered":"Los cr\u00edmenes de Cater Street"},"content":{"rendered":"<p>Primer libro de la serie del Inspector Thomas Pitt. Este es un discreto polic\u00eda londinense destinado a desentra\u00f1as, en plena \u00e9poca victoriana, los cr\u00edmenes engendrados por una sociedad reprimida e hip\u00f3crita. En esta ocasi\u00f3n, un barrio de clase acomodada se ve sacudido por un sanguinario asesino. Las v\u00edctimas son siempre mujeres j\u00f3venes y aparecen brutalmente estranguladas. En su investigaci\u00f3n, Pitt encuentra el apoyo de Charlotte Ellison, una encantadora muchacha disconforme con las r\u00edgidas actitudes de su clase social.<\/p>\n","protected":false},"excerpt":{"rendered":"<p>Primer libro de la serie del Inspector Thomas Pitt. Este es un discreto polic\u00eda londinense destinado a desentra\u00f1as, en plena \u00e9poca victoriana, los cr\u00edmenes engendrados por una sociedad reprimida e hip\u00f3crita. En esta ocasi\u00f3n, un barrio de clase acomodada se ve sacudido por un sanguinario asesino. Las v\u00edctimas son siempre mujeres j\u00f3venes y aparecen brutalmente [&hellip;]<\/p>\n","protected":false},"featured_media":7399,"template":"","meta":[],"product_brand":[313],"product_cat":[40],"product_tag":[],"class_list":{"0":"post-7398","1":"product","2":"type-product","3":"status-publish","4":"has-post-thumbnail","6":"product_brand-anne-perry","7":"product_cat-policial","9":"first","10":"instock","11":"purchasable","12":"product-type-simple"},"featured_image_urls_v2":{"full":["https:\/\/ajupe.com.uy\/web\/wp-content\/uploads\/2016\/04\/p-7398-Los_cr__menes_de_5580734f2534a.jpg",179,281,false],"thumbnail":["https:\/\/ajupe.com.uy\/web\/wp-content\/uploads\/2016\/04\/p-7398-Los_cr__menes_de_5580734f2534a.jpg",150,150,true],"medium":["https:\/\/ajupe.com.uy\/web\/wp-content\/uploads\/2016\/04\/p-7398-Los_cr__menes_de_5580734f2534a.jpg",300,214,true],"medium_large":["https:\/\/ajupe.com.uy\/web\/wp-content\/uploads\/2016\/04\/p-7398-Los_cr__menes_de_5580734f2534a.jpg",179,281,false],"large":["https:\/\/ajupe.com.uy\/web\/wp-content\/uploads\/2016\/04\/p-7398-Los_cr__menes_de_5580734f2534a.jpg",179,281,false],"1536x1536":["https:\/\/ajupe.com.uy\/web\/wp-content\/uploads\/2016\/04\/p-7398-Los_cr__menes_de_5580734f2534a.jpg",179,281,false],"2048x2048":["https:\/\/ajupe.com.uy\/web\/wp-content\/uploads\/2016\/04\/p-7398-Los_cr__menes_de_5580734f2534a.jpg",179,281,false],"woocommerce_archive_thumbnail":["https:\/\/ajupe.com.uy\/web\/wp-content\/uploads\/2016\/04\/p-7398-Los_cr__menes_de_5580734f2534a.jpg",179,281,false],"woocommerce_thumbnail":["https:\/\/ajupe.com.uy\/web\/wp-content\/uploads\/2016\/04\/p-7398-Los_cr__menes_de_5580734f2534a.jpg",179,281,false],"woocommerce_single":["https:\/\/ajupe.com.uy\/web\/wp-content\/uploads\/2016\/04\/p-7398-Los_cr__menes_de_5580734f2534a.jpg",179,281,false],"woocommerce_gallery_thumbnail":["https:\/\/ajupe.com.uy\/web\/wp-content\/uploads\/2016\/04\/p-7398-Los_cr__menes_de_5580734f2534a-100x100.jpg",100,100,true]},"post_excerpt_stackable_v2":"<p>Primer libro de la serie del Inspector Thomas Pitt. Este es un discreto polic\u00eda londinense destinado a desentra\u00f1as, en plena \u00e9poca victoriana, los cr\u00edmenes engendrados por una sociedad reprimida e hip\u00f3crita. En esta ocasi\u00f3n, un barrio de clase acomodada se ve sacudido por un sanguinario asesino. Las v\u00edctimas son siempre mujeres j\u00f3venes y aparecen brutalmente estranguladas. En su investigaci\u00f3n, Pitt encuentra el apoyo de Charlotte Ellison, una encantadora muchacha disconforme con las r\u00edgidas actitudes de su clase social.<\/p>\n","category_list_v2":"","author_info_v2":{"name":"","url":""},"comments_num_v2":"0 comentarios","_links":{"self":[{"href":"https:\/\/ajupe.com.uy\/web\/wp-json\/wp\/v2\/product\/7398","targetHints":{"allow":["GET"]}}],"collection":[{"href":"https:\/\/ajupe.com.uy\/web\/wp-json\/wp\/v2\/product"}],"about":[{"href":"https:\/\/ajupe.com.uy\/web\/wp-json\/wp\/v2\/types\/product"}],"wp:featuredmedia":[{"embeddable":true,"href":"https:\/\/ajupe.com.uy\/web\/wp-json\/wp\/v2\/media\/7399"}],"wp:attachment":[{"href":"https:\/\/ajupe.com.uy\/web\/wp-json\/wp\/v2\/media?parent=7398"}],"wp:term":[{"taxonomy":"product_brand","embeddable":true,"href":"https:\/\/ajupe.com.uy\/web\/wp-json\/wp\/v2\/product_brand?post=7398"},{"taxonomy":"product_cat","embeddable":true,"href":"https:\/\/ajupe.com.uy\/web\/wp-json\/wp\/v2\/product_cat?post=7398"},{"taxonomy":"product_tag","embeddable":true,"href":"https:\/\/ajupe.com.uy\/web\/wp-json\/wp\/v2\/product_tag?post=7398"}],"curies":[{"name":"wp","href":"https:\/\/api.w.org\/{rel}","templated":true}]}}