{"id":7428,"date":"2015-07-03T19:29:19","date_gmt":"2015-07-03T22:29:19","guid":{"rendered":"http:\/\/ajupe.com.uy\/web\/?post_type=product&#038;p=7428"},"modified":"2015-07-03T19:30:08","modified_gmt":"2015-07-03T22:30:08","slug":"el-peso-del-corazon","status":"publish","type":"product","link":"https:\/\/ajupe.com.uy\/web\/biblioteca\/el-peso-del-corazon\/","title":{"rendered":"El peso del coraz\u00f3n"},"content":{"rendered":"<p>Contratada para resolver un caso a primera vista sencillo, la detective Bruna Husky se enfrenta a una trama de corrupci\u00f3n internacional que amenaza con desestabilizar el fr\u00e1gil equilibrio entre una Tierra convulsa y la dictadura religiosa de Reino de Labari. En un futuro en el que la guerra est\u00e1 supuestamente erradicada, Bruna lucha contrarreloj por la libertad y en defensa de la vida, mientras asimila los sentimientos contradictorios que le produce hacerse cargo de una ni\u00f1a peque\u00f1a. Bruna Husky es una hero\u00edna extrema y fascinante; una superviviente capaz de todo que se debate entre la fragilidad y la dureza, entre la autosuficiencia y la desesperada necesidad de cari\u00f1o. Es una fiera atrapada en la c\u00e1rcel de su corta vida, un tigre que va y viene ante los barrotes de su jaula \u00abpara que no se le escape el \u00fanico y brev\u00edsimo instante de la salvaci\u00f3n\u00bb, como el felino de la bella frase de Elias Canetti.<\/p>\n<p>El peso del coraz\u00f3n es un thriller, una novela de aventuras pol\u00edtica y ecol\u00f3gica, una historia de fantas\u00eda y ciencia ficci\u00f3n, un relato m\u00edtico, un cuento para adultos, una reflexi\u00f3n sobre la creaci\u00f3n literaria, una met\u00e1fora sobre el peso de la vida y la oscuridad de la muerte\u2026 \u00a1Y una historia de amor!<\/p>\n","protected":false},"excerpt":{"rendered":"<p>Contratada para resolver un caso a primera vista sencillo, la detective Bruna Husky se enfrenta a una trama de corrupci\u00f3n internacional que amenaza con desestabilizar el fr\u00e1gil equilibrio entre una Tierra convulsa y la dictadura religiosa de Reino de Labari. En un futuro en el que la guerra est\u00e1 supuestamente erradicada, Bruna lucha contrarreloj por [&hellip;]<\/p>\n","protected":false},"featured_media":7429,"template":"","meta":[],"product_brand":[70],"product_cat":[48],"product_tag":[],"class_list":{"0":"post-7428","1":"product","2":"type-product","3":"status-publish","4":"has-post-thumbnail","6":"product_brand-rosa-montero","7":"product_cat-thrillers","9":"first","10":"instock","11":"purchasable","12":"product-type-simple"},"featured_image_urls_v2":{"full":["https:\/\/ajupe.com.uy\/web\/wp-content\/uploads\/2016\/04\/p-7428-El_peso_del_cora_5596e2c0355e3.jpg",199,338,false],"thumbnail":["https:\/\/ajupe.com.uy\/web\/wp-content\/uploads\/2016\/04\/p-7428-El_peso_del_cora_5596e2c0355e3.jpg",150,150,true],"medium":["https:\/\/ajupe.com.uy\/web\/wp-content\/uploads\/2016\/04\/p-7428-El_peso_del_cora_5596e2c0355e3.jpg",300,214,true],"medium_large":["https:\/\/ajupe.com.uy\/web\/wp-content\/uploads\/2016\/04\/p-7428-El_peso_del_cora_5596e2c0355e3.jpg",199,338,false],"large":["https:\/\/ajupe.com.uy\/web\/wp-content\/uploads\/2016\/04\/p-7428-El_peso_del_cora_5596e2c0355e3.jpg",199,338,false],"1536x1536":["https:\/\/ajupe.com.uy\/web\/wp-content\/uploads\/2016\/04\/p-7428-El_peso_del_cora_5596e2c0355e3.jpg",199,338,false],"2048x2048":["https:\/\/ajupe.com.uy\/web\/wp-content\/uploads\/2016\/04\/p-7428-El_peso_del_cora_5596e2c0355e3.jpg",199,338,false],"woocommerce_archive_thumbnail":["https:\/\/ajupe.com.uy\/web\/wp-content\/uploads\/2016\/04\/p-7428-El_peso_del_cora_5596e2c0355e3.jpg",199,338,false],"woocommerce_thumbnail":["https:\/\/ajupe.com.uy\/web\/wp-content\/uploads\/2016\/04\/p-7428-El_peso_del_cora_5596e2c0355e3-199x300.jpg",199,300,true],"woocommerce_single":["https:\/\/ajupe.com.uy\/web\/wp-content\/uploads\/2016\/04\/p-7428-El_peso_del_cora_5596e2c0355e3.jpg",199,338,false],"woocommerce_gallery_thumbnail":["https:\/\/ajupe.com.uy\/web\/wp-content\/uploads\/2016\/04\/p-7428-El_peso_del_cora_5596e2c0355e3-100x100.jpg",100,100,true]},"post_excerpt_stackable_v2":"<p>Contratada para resolver un caso a primera vista sencillo, la detective Bruna Husky se enfrenta a una trama de corrupci\u00f3n internacional que amenaza con desestabilizar el fr\u00e1gil equilibrio entre una Tierra convulsa y la dictadura religiosa de Reino de Labari. En un futuro en el que la guerra est\u00e1 supuestamente erradicada, Bruna lucha contrarreloj por la libertad y en defensa de la vida, mientras asimila los sentimientos contradictorios que le produce hacerse cargo de una ni\u00f1a peque\u00f1a. Bruna Husky es una hero\u00edna extrema y fascinante; una superviviente capaz de todo que se debate entre la fragilidad y la dureza, entre&hellip;<\/p>\n","category_list_v2":"","author_info_v2":{"name":"","url":""},"comments_num_v2":"0 comentarios","_links":{"self":[{"href":"https:\/\/ajupe.com.uy\/web\/wp-json\/wp\/v2\/product\/7428","targetHints":{"allow":["GET"]}}],"collection":[{"href":"https:\/\/ajupe.com.uy\/web\/wp-json\/wp\/v2\/product"}],"about":[{"href":"https:\/\/ajupe.com.uy\/web\/wp-json\/wp\/v2\/types\/product"}],"wp:featuredmedia":[{"embeddable":true,"href":"https:\/\/ajupe.com.uy\/web\/wp-json\/wp\/v2\/media\/7429"}],"wp:attachment":[{"href":"https:\/\/ajupe.com.uy\/web\/wp-json\/wp\/v2\/media?parent=7428"}],"wp:term":[{"taxonomy":"product_brand","embeddable":true,"href":"https:\/\/ajupe.com.uy\/web\/wp-json\/wp\/v2\/product_brand?post=7428"},{"taxonomy":"product_cat","embeddable":true,"href":"https:\/\/ajupe.com.uy\/web\/wp-json\/wp\/v2\/product_cat?post=7428"},{"taxonomy":"product_tag","embeddable":true,"href":"https:\/\/ajupe.com.uy\/web\/wp-json\/wp\/v2\/product_tag?post=7428"}],"curies":[{"name":"wp","href":"https:\/\/api.w.org\/{rel}","templated":true}]}}