{"id":7452,"date":"2015-07-10T17:28:41","date_gmt":"2015-07-10T20:28:41","guid":{"rendered":"http:\/\/ajupe.com.uy\/web\/?post_type=product&#038;p=7452"},"modified":"2015-07-10T17:29:36","modified_gmt":"2015-07-10T20:29:36","slug":"almanegra","status":"publish","type":"product","link":"https:\/\/ajupe.com.uy\/web\/biblioteca\/almanegra\/","title":{"rendered":"Almanegra"},"content":{"rendered":"<p>\u00bfPUEDE EL VERDADERO AMOR PERDONAR UNA TRAICI\u00d3N?<\/p>\n<p>Emanuela ha abandonado la seguridad de la misi\u00f3n jesu\u00edtica en la que se cri\u00f3 entre guaran\u00edes y se ha refugiado en la casa de la familia del padre Ursus, en Buenos Aires. Agobiada por la pena que significa la traici\u00f3n de su \u00fanico amor, Aitor \u00d1eenguir\u00fa, intenta reconstruir su vida sin saber que en la ciudad la acechan peligros, como el del Santo Oficio de la Inquisici\u00f3n, que la perseguir\u00e1 por sus dotes de sanadora. Aitor solo vive para volver a ver a Emanuela y pedirle perd\u00f3n. La esperanza del reencuentro lo ayuda a levantarse cada ma\u00f1ana. Pero los meses pasan y se convierten en a\u00f1os, y Emanuela no aparece. En la segunda entrega de la Trilog\u00eda del Perd\u00f3n, los corazones de los lectores palpitar\u00e1n junto al de estos dos personajes que una vez creyeron que su amor resistir\u00eda todas las pruebas.<\/p>\n<p>\u00bfFinalmente les demostrar\u00e1n la vida y sus trampas que eso no es verdad?<\/p>\n","protected":false},"excerpt":{"rendered":"<p>\u00bfPUEDE EL VERDADERO AMOR PERDONAR UNA TRAICI\u00d3N? Emanuela ha abandonado la seguridad de la misi\u00f3n jesu\u00edtica en la que se cri\u00f3 entre guaran\u00edes y se ha refugiado en la casa de la familia del padre Ursus, en Buenos Aires. Agobiada por la pena que significa la traici\u00f3n de su \u00fanico amor, Aitor \u00d1eenguir\u00fa, intenta reconstruir [&hellip;]<\/p>\n","protected":false},"featured_media":7453,"template":"","meta":[],"product_brand":[1180],"product_cat":[29],"product_tag":[],"class_list":{"0":"post-7452","1":"product","2":"type-product","3":"status-publish","4":"has-post-thumbnail","6":"product_brand-florencai-bonelli","7":"product_cat-novela","9":"first","10":"instock","11":"purchasable","12":"product-type-simple"},"featured_image_urls_v2":{"full":["https:\/\/ajupe.com.uy\/web\/wp-content\/uploads\/2016\/04\/p-7452-Almanegra_55a0010018ec7.jpg",229,337,false],"thumbnail":["https:\/\/ajupe.com.uy\/web\/wp-content\/uploads\/2016\/04\/p-7452-Almanegra_55a0010018ec7.jpg",150,150,true],"medium":["https:\/\/ajupe.com.uy\/web\/wp-content\/uploads\/2016\/04\/p-7452-Almanegra_55a0010018ec7.jpg",300,214,true],"medium_large":["https:\/\/ajupe.com.uy\/web\/wp-content\/uploads\/2016\/04\/p-7452-Almanegra_55a0010018ec7.jpg",229,337,false],"large":["https:\/\/ajupe.com.uy\/web\/wp-content\/uploads\/2016\/04\/p-7452-Almanegra_55a0010018ec7.jpg",229,337,false],"1536x1536":["https:\/\/ajupe.com.uy\/web\/wp-content\/uploads\/2016\/04\/p-7452-Almanegra_55a0010018ec7.jpg",229,337,false],"2048x2048":["https:\/\/ajupe.com.uy\/web\/wp-content\/uploads\/2016\/04\/p-7452-Almanegra_55a0010018ec7.jpg",229,337,false],"woocommerce_archive_thumbnail":["https:\/\/ajupe.com.uy\/web\/wp-content\/uploads\/2016\/04\/p-7452-Almanegra_55a0010018ec7-229x300.jpg",229,300,true],"woocommerce_thumbnail":["https:\/\/ajupe.com.uy\/web\/wp-content\/uploads\/2016\/04\/p-7452-Almanegra_55a0010018ec7-229x300.jpg",229,300,true],"woocommerce_single":["https:\/\/ajupe.com.uy\/web\/wp-content\/uploads\/2016\/04\/p-7452-Almanegra_55a0010018ec7.jpg",229,337,false],"woocommerce_gallery_thumbnail":["https:\/\/ajupe.com.uy\/web\/wp-content\/uploads\/2016\/04\/p-7452-Almanegra_55a0010018ec7-100x100.jpg",100,100,true]},"post_excerpt_stackable_v2":"<p>\u00bfPUEDE EL VERDADERO AMOR PERDONAR UNA TRAICI\u00d3N? Emanuela ha abandonado la seguridad de la misi\u00f3n jesu\u00edtica en la que se cri\u00f3 entre guaran\u00edes y se ha refugiado en la casa de la familia del padre Ursus, en Buenos Aires. Agobiada por la pena que significa la traici\u00f3n de su \u00fanico amor, Aitor \u00d1eenguir\u00fa, intenta reconstruir su vida sin saber que en la ciudad la acechan peligros, como el del Santo Oficio de la Inquisici\u00f3n, que la perseguir\u00e1 por sus dotes de sanadora. Aitor solo vive para volver a ver a Emanuela y pedirle perd\u00f3n. La esperanza del reencuentro lo ayuda&hellip;<\/p>\n","category_list_v2":"","author_info_v2":{"name":"","url":""},"comments_num_v2":"0 comentarios","_links":{"self":[{"href":"https:\/\/ajupe.com.uy\/web\/wp-json\/wp\/v2\/product\/7452","targetHints":{"allow":["GET"]}}],"collection":[{"href":"https:\/\/ajupe.com.uy\/web\/wp-json\/wp\/v2\/product"}],"about":[{"href":"https:\/\/ajupe.com.uy\/web\/wp-json\/wp\/v2\/types\/product"}],"wp:featuredmedia":[{"embeddable":true,"href":"https:\/\/ajupe.com.uy\/web\/wp-json\/wp\/v2\/media\/7453"}],"wp:attachment":[{"href":"https:\/\/ajupe.com.uy\/web\/wp-json\/wp\/v2\/media?parent=7452"}],"wp:term":[{"taxonomy":"product_brand","embeddable":true,"href":"https:\/\/ajupe.com.uy\/web\/wp-json\/wp\/v2\/product_brand?post=7452"},{"taxonomy":"product_cat","embeddable":true,"href":"https:\/\/ajupe.com.uy\/web\/wp-json\/wp\/v2\/product_cat?post=7452"},{"taxonomy":"product_tag","embeddable":true,"href":"https:\/\/ajupe.com.uy\/web\/wp-json\/wp\/v2\/product_tag?post=7452"}],"curies":[{"name":"wp","href":"https:\/\/api.w.org\/{rel}","templated":true}]}}