{"id":7470,"date":"2015-08-05T19:39:23","date_gmt":"2015-08-05T22:39:23","guid":{"rendered":"http:\/\/ajupe.com.uy\/web\/?post_type=product&#038;p=7470"},"modified":"2015-08-05T19:40:44","modified_gmt":"2015-08-05T22:40:44","slug":"munecas-chinas","status":"publish","type":"product","link":"https:\/\/ajupe.com.uy\/web\/biblioteca\/munecas-chinas\/","title":{"rendered":"Mu\u00f1ecas chinas"},"content":{"rendered":"<p>Lisa See, la aclamada autora de El abanico de seda, Dos chicas de Shangh\u00e1i y Sue\u00f1os de felicidad (Bruguera, 2012) ha conseguido el reconocimiento mundial por su maestr\u00eda a la hora de retratar las intrincadas relaciones entre mujeres, siempre marcadas por el hilo invisible del destino.<\/p>\n<p>Pero nunca antes hab\u00eda ahondado en la amistad de tres mujeres. Ahora nos ofrece la fascinante historia de tres chicas de muy distinto origen que, entre 1938 y 1948, luchan juntas por cumplir sus sue\u00f1os en el club m\u00e1s glamuroso de San Francisco, hasta que el ataque japon\u00e9s de Pearl Harbor, tan lejos de ellas, pone en peligro sus ambiciones, y hasta sus vidas, cuando una traici\u00f3n inesperada lo cambia todo. <\/p>\n<p>La autora de El abanico de seda y Dos chicas de Shangh\u00e1i (que entre ambas han vendido cien mil ejemplares solo en Espa\u00f1a) vuelve con su mejor novela desde su consagraci\u00f3n internacional como una de las autoras m\u00e1s importantes de corte femenino a nivel mundial. <\/p>\n<p>Este particular homenaje a la amistad de tres mujeres ha sido avalado, de forma un\u00e1nime, por la cr\u00edtica especializada de EE. UU., convirti\u00e9ndose en un best seller inmediato<\/p>\n","protected":false},"excerpt":{"rendered":"<p>Lisa See, la aclamada autora de El abanico de seda, Dos chicas de Shangh\u00e1i y Sue\u00f1os de felicidad (Bruguera, 2012) ha conseguido el reconocimiento mundial por su maestr\u00eda a la hora de retratar las intrincadas relaciones entre mujeres, siempre marcadas por el hilo invisible del destino. Pero nunca antes hab\u00eda ahondado en la amistad de [&hellip;]<\/p>\n","protected":false},"featured_media":7471,"template":"","meta":[],"product_brand":[309],"product_cat":[29],"product_tag":[],"class_list":{"0":"post-7470","1":"product","2":"type-product","3":"status-publish","4":"has-post-thumbnail","6":"product_brand-lisa-see","7":"product_cat-novela","9":"first","10":"instock","11":"purchasable","12":"product-type-simple"},"featured_image_urls_v2":{"full":["https:\/\/ajupe.com.uy\/web\/wp-content\/uploads\/2016\/04\/p-7470-Mu__ecas_chinas_55c266bcb0421.jpg",227,348,false],"thumbnail":["https:\/\/ajupe.com.uy\/web\/wp-content\/uploads\/2016\/04\/p-7470-Mu__ecas_chinas_55c266bcb0421.jpg",150,150,true],"medium":["https:\/\/ajupe.com.uy\/web\/wp-content\/uploads\/2016\/04\/p-7470-Mu__ecas_chinas_55c266bcb0421.jpg",300,214,true],"medium_large":["https:\/\/ajupe.com.uy\/web\/wp-content\/uploads\/2016\/04\/p-7470-Mu__ecas_chinas_55c266bcb0421.jpg",227,348,false],"large":["https:\/\/ajupe.com.uy\/web\/wp-content\/uploads\/2016\/04\/p-7470-Mu__ecas_chinas_55c266bcb0421.jpg",227,348,false],"1536x1536":["https:\/\/ajupe.com.uy\/web\/wp-content\/uploads\/2016\/04\/p-7470-Mu__ecas_chinas_55c266bcb0421.jpg",227,348,false],"2048x2048":["https:\/\/ajupe.com.uy\/web\/wp-content\/uploads\/2016\/04\/p-7470-Mu__ecas_chinas_55c266bcb0421.jpg",227,348,false],"woocommerce_archive_thumbnail":["https:\/\/ajupe.com.uy\/web\/wp-content\/uploads\/2016\/04\/p-7470-Mu__ecas_chinas_55c266bcb0421-227x300.jpg",227,300,true],"woocommerce_thumbnail":["https:\/\/ajupe.com.uy\/web\/wp-content\/uploads\/2016\/04\/p-7470-Mu__ecas_chinas_55c266bcb0421-227x300.jpg",227,300,true],"woocommerce_single":["https:\/\/ajupe.com.uy\/web\/wp-content\/uploads\/2016\/04\/p-7470-Mu__ecas_chinas_55c266bcb0421.jpg",227,348,false],"woocommerce_gallery_thumbnail":["https:\/\/ajupe.com.uy\/web\/wp-content\/uploads\/2016\/04\/p-7470-Mu__ecas_chinas_55c266bcb0421-100x100.jpg",100,100,true]},"post_excerpt_stackable_v2":"<p>Lisa See, la aclamada autora de El abanico de seda, Dos chicas de Shangh\u00e1i y Sue\u00f1os de felicidad (Bruguera, 2012) ha conseguido el reconocimiento mundial por su maestr\u00eda a la hora de retratar las intrincadas relaciones entre mujeres, siempre marcadas por el hilo invisible del destino. Pero nunca antes hab\u00eda ahondado en la amistad de tres mujeres. Ahora nos ofrece la fascinante historia de tres chicas de muy distinto origen que, entre 1938 y 1948, luchan juntas por cumplir sus sue\u00f1os en el club m\u00e1s glamuroso de San Francisco, hasta que el ataque japon\u00e9s de Pearl Harbor, tan lejos de&hellip;<\/p>\n","category_list_v2":"","author_info_v2":{"name":"","url":""},"comments_num_v2":"0 comentarios","_links":{"self":[{"href":"https:\/\/ajupe.com.uy\/web\/wp-json\/wp\/v2\/product\/7470","targetHints":{"allow":["GET"]}}],"collection":[{"href":"https:\/\/ajupe.com.uy\/web\/wp-json\/wp\/v2\/product"}],"about":[{"href":"https:\/\/ajupe.com.uy\/web\/wp-json\/wp\/v2\/types\/product"}],"wp:featuredmedia":[{"embeddable":true,"href":"https:\/\/ajupe.com.uy\/web\/wp-json\/wp\/v2\/media\/7471"}],"wp:attachment":[{"href":"https:\/\/ajupe.com.uy\/web\/wp-json\/wp\/v2\/media?parent=7470"}],"wp:term":[{"taxonomy":"product_brand","embeddable":true,"href":"https:\/\/ajupe.com.uy\/web\/wp-json\/wp\/v2\/product_brand?post=7470"},{"taxonomy":"product_cat","embeddable":true,"href":"https:\/\/ajupe.com.uy\/web\/wp-json\/wp\/v2\/product_cat?post=7470"},{"taxonomy":"product_tag","embeddable":true,"href":"https:\/\/ajupe.com.uy\/web\/wp-json\/wp\/v2\/product_tag?post=7470"}],"curies":[{"name":"wp","href":"https:\/\/api.w.org\/{rel}","templated":true}]}}