{"id":7479,"date":"2015-08-05T20:00:51","date_gmt":"2015-08-05T23:00:51","guid":{"rendered":"http:\/\/ajupe.com.uy\/web\/?post_type=product&#038;p=7479"},"modified":"2015-08-05T20:02:35","modified_gmt":"2015-08-05T23:02:35","slug":"mas-afuera","status":"publish","type":"product","link":"https:\/\/ajupe.com.uy\/web\/biblioteca\/mas-afuera\/","title":{"rendered":"M\u00e1s afuera"},"content":{"rendered":"<p>El autor de Libertad y Las correcciones demuestra su versatilidad, su agudeza y su talento narrativo en esta colecci\u00f3n de ensayos tan personales como contempor\u00e1neos.<\/p>\n<p>El enorme talento narrativo de Jonathan Franzen as\u00ed como su inagotable af\u00e1n por exponer la realidad con rigor y honestidad, se ponen de manifiesto en esta recopilaci\u00f3n de veinti\u00fan textos de no ficci\u00f3n que incluye ensayos, art\u00edculos, rese\u00f1as y discursos escritos en los \u00faltimos a\u00f1os. <\/p>\n<p>El t\u00edtulo del libro hace referencia a la isla Alejandro Selkirk \u2014denominada Masafuera hasta 1966\u2014, el islote m\u00e1s apartado de los tres que componen el archipi\u00e9lago Juan Fern\u00e1ndez, situado a unos 800 kil\u00f3metros de la costa continental de Chile. Hasta ese remoto lugar, poblado s\u00f3lo por aves, osos marinos y una veintena de familias de pescadores temporeros, se desplaz\u00f3 Jonathan Franzen para reponerse de una agotadora gira promocional, con la intenci\u00f3n de releer Robinson Crusoe y depositar las cenizas de su amigo y colega David Foster Wallace, muerto dos a\u00f1os antes.<\/p>\n","protected":false},"excerpt":{"rendered":"<p>El autor de Libertad y Las correcciones demuestra su versatilidad, su agudeza y su talento narrativo en esta colecci\u00f3n de ensayos tan personales como contempor\u00e1neos. El enorme talento narrativo de Jonathan Franzen as\u00ed como su inagotable af\u00e1n por exponer la realidad con rigor y honestidad, se ponen de manifiesto en esta recopilaci\u00f3n de veinti\u00fan textos [&hellip;]<\/p>\n","protected":false},"featured_media":7480,"template":"","meta":[],"product_brand":[1200],"product_cat":[29],"product_tag":[],"class_list":["post-7479","product","type-product","status-publish","has-post-thumbnail","product_brand-jonathan-franzen","product_cat-novela","first","instock","purchasable","product-type-simple"],"featured_image_urls_v2":{"full":["https:\/\/ajupe.com.uy\/web\/wp-content\/uploads\/2016\/04\/p-7479-M__s_afuera_55c26bdbbe8d2.jpg",201,324,false],"thumbnail":["https:\/\/ajupe.com.uy\/web\/wp-content\/uploads\/2016\/04\/p-7479-M__s_afuera_55c26bdbbe8d2.jpg",150,150,true],"medium":["https:\/\/ajupe.com.uy\/web\/wp-content\/uploads\/2016\/04\/p-7479-M__s_afuera_55c26bdbbe8d2.jpg",300,214,true],"medium_large":["https:\/\/ajupe.com.uy\/web\/wp-content\/uploads\/2016\/04\/p-7479-M__s_afuera_55c26bdbbe8d2.jpg",201,324,false],"large":["https:\/\/ajupe.com.uy\/web\/wp-content\/uploads\/2016\/04\/p-7479-M__s_afuera_55c26bdbbe8d2.jpg",201,324,false],"1536x1536":["https:\/\/ajupe.com.uy\/web\/wp-content\/uploads\/2016\/04\/p-7479-M__s_afuera_55c26bdbbe8d2.jpg",201,324,false],"2048x2048":["https:\/\/ajupe.com.uy\/web\/wp-content\/uploads\/2016\/04\/p-7479-M__s_afuera_55c26bdbbe8d2.jpg",201,324,false],"woocommerce_archive_thumbnail":["https:\/\/ajupe.com.uy\/web\/wp-content\/uploads\/2016\/04\/p-7479-M__s_afuera_55c26bdbbe8d2-201x300.jpg",201,300,true],"woocommerce_thumbnail":["https:\/\/ajupe.com.uy\/web\/wp-content\/uploads\/2016\/04\/p-7479-M__s_afuera_55c26bdbbe8d2-201x300.jpg",201,300,true],"woocommerce_single":["https:\/\/ajupe.com.uy\/web\/wp-content\/uploads\/2016\/04\/p-7479-M__s_afuera_55c26bdbbe8d2.jpg",201,324,false],"woocommerce_gallery_thumbnail":["https:\/\/ajupe.com.uy\/web\/wp-content\/uploads\/2016\/04\/p-7479-M__s_afuera_55c26bdbbe8d2-100x100.jpg",100,100,true]},"post_excerpt_stackable_v2":"<p>El autor de Libertad y Las correcciones demuestra su versatilidad, su agudeza y su talento narrativo en esta colecci\u00f3n de ensayos tan personales como contempor\u00e1neos. El enorme talento narrativo de Jonathan Franzen as\u00ed como su inagotable af\u00e1n por exponer la realidad con rigor y honestidad, se ponen de manifiesto en esta recopilaci\u00f3n de veinti\u00fan textos de no ficci\u00f3n que incluye ensayos, art\u00edculos, rese\u00f1as y discursos escritos en los \u00faltimos a\u00f1os. El t\u00edtulo del libro hace referencia a la isla Alejandro Selkirk \u2014denominada Masafuera hasta 1966\u2014, el islote m\u00e1s apartado de los tres que componen el archipi\u00e9lago Juan Fern\u00e1ndez, situado a&hellip;<\/p>\n","category_list_v2":"","author_info_v2":{"name":"","url":""},"comments_num_v2":"0 comentarios","_links":{"self":[{"href":"https:\/\/ajupe.com.uy\/web\/wp-json\/wp\/v2\/product\/7479","targetHints":{"allow":["GET"]}}],"collection":[{"href":"https:\/\/ajupe.com.uy\/web\/wp-json\/wp\/v2\/product"}],"about":[{"href":"https:\/\/ajupe.com.uy\/web\/wp-json\/wp\/v2\/types\/product"}],"wp:featuredmedia":[{"embeddable":true,"href":"https:\/\/ajupe.com.uy\/web\/wp-json\/wp\/v2\/media\/7480"}],"wp:attachment":[{"href":"https:\/\/ajupe.com.uy\/web\/wp-json\/wp\/v2\/media?parent=7479"}],"wp:term":[{"taxonomy":"product_brand","embeddable":true,"href":"https:\/\/ajupe.com.uy\/web\/wp-json\/wp\/v2\/product_brand?post=7479"},{"taxonomy":"product_cat","embeddable":true,"href":"https:\/\/ajupe.com.uy\/web\/wp-json\/wp\/v2\/product_cat?post=7479"},{"taxonomy":"product_tag","embeddable":true,"href":"https:\/\/ajupe.com.uy\/web\/wp-json\/wp\/v2\/product_tag?post=7479"}],"curies":[{"name":"wp","href":"https:\/\/api.w.org\/{rel}","templated":true}]}}

Más afuera

<p>El autor de Libertad y Las correcciones demuestra su versatilidad, su agudeza y su talento narrativo en esta colección de ensayos tan personales como contemporáneos.</p>
<p>El enorme talento narrativo de Jonathan Franzen así como su inagotable afán por exponer la realidad con rigor y honestidad, se ponen de manifiesto en esta recopilación de veintiún textos de no ficción que incluye ensayos, artículos, reseñas y discursos escritos en los últimos años. </p>
<p>El título del libro hace referencia a la isla Alejandro Selkirk —denominada Masafuera hasta 1966—, el islote más apartado de los tres que componen el archipiélago Juan Fernández, situado a unos 800 kilómetros de la costa continental de Chile. Hasta ese remoto lugar, poblado sólo por aves, osos marinos y una veintena de familias de pescadores temporeros, se desplazó Jonathan Franzen para reponerse de una agotadora gira promocional, con la intención de releer Robinson Crusoe y depositar las cenizas de su amigo y colega David Foster Wallace, muerto dos años antes.</p>

<p>El autor de Libertad y Las correcciones demuestra su versatilidad, su agudeza y su talento narrativo en esta colección de ensayos tan personales como contemporáneos. El enorme talento narrativo de Jonathan Franzen así como su inagotable afán por exponer la realidad con rigor y honestidad, se ponen de manifiesto en esta recopilación de veintiún textos [&hellip;]</p>

<p>El autor de Libertad y Las correcciones demuestra su versatilidad, su agudeza y su talento narrativo en esta colección de ensayos tan personales como contemporáneos. El enorme talento narrativo de Jonathan Franzen así como su inagotable afán por exponer la realidad con rigor y honestidad, se ponen de manifiesto en esta recopilación de veintiún textos de no ficción que incluye ensayos, artículos, reseñas y discursos escritos en los últimos años. El título del libro hace referencia a la isla Alejandro Selkirk —denominada Masafuera hasta 1966—, el islote más apartado de los tres que componen el archipiélago Juan Fernández, situado a&hellip;</p>
