{"id":7518,"date":"2015-09-10T19:18:07","date_gmt":"2015-09-10T22:18:07","guid":{"rendered":"http:\/\/ajupe.com.uy\/web\/?post_type=product&#038;p=7518"},"modified":"2015-09-10T19:28:18","modified_gmt":"2015-09-10T22:28:18","slug":"la-puerta-pintada","status":"publish","type":"product","link":"https:\/\/ajupe.com.uy\/web\/biblioteca\/la-puerta-pintada\/","title":{"rendered":"La puerta pintada"},"content":{"rendered":"<p>A\u00f1o 1949. La aparici\u00f3n de un cad\u00e1ver junto al r\u00edo est\u00e1 a punto de trastornar la vida de los habitantes de Puente Real, una tranquila ciudad de provincias en la posguerra. Es solo el primero de una serie de extra\u00f1os cr\u00edmenes que van a cambiar para siempre la vida de don Manuel, el m\u00e9dico forense encargado de la investigaci\u00f3n.<\/p>\n<p>A\u00f1o 1936. Ha estallado la Guerra Civil. A su pesar, la vida de Salvador, un impresor simpatizante de las izquierdas, y la de su esposa Teresa, maestra en una escuela de la Rep\u00fablica, se ven arrastradas inexorablemente hacia la tragedia y la muerte.<\/p>\n<p>Los protagonistas de estos dos momentos tejen de forma magistral una historia que es en s\u00ed misma un thriller, pero tambi\u00e9n una novela costumbrista que retrata la cerrada sociedad de la posguerra, sin rehuir el drama descarnado de la Guerra Civil y la posterior represi\u00f3n.<\/p>\n<p>Cuenta, adem\u00e1s, con elementos propios de una novela g\u00f3tica, como el escenario principal donde se desarrolla la trama, la catedral de Puente Real, la vivienda del campanero ubicada en su tejado y, sobre todo, su magn\u00edfica Puerta del Juicio, en la que se revelan, dram\u00e1ticamente esculpidos en piedra, los castigos que esperan a los pecadores. En medio de todo ello, una improbable historia de amor acaba por abrirse paso para conducirnos al desenlace final.<\/p>\n<p>Carlos Aurensanz, reconocido autor de novelas hist\u00f3ricas, realiza aqu\u00ed una incursi\u00f3n en el mundo del suspense que ahonda en los m\u00f3viles psicol\u00f3gicos de un asesino en serie, para traernos una historia emotiva y llena de recovecos, que atrapa desde el principio hasta el final.<\/p>\n","protected":false},"excerpt":{"rendered":"<p>A\u00f1o 1949. La aparici\u00f3n de un cad\u00e1ver junto al r\u00edo est\u00e1 a punto de trastornar la vida de los habitantes de Puente Real, una tranquila ciudad de provincias en la posguerra. Es solo el primero de una serie de extra\u00f1os cr\u00edmenes que van a cambiar para siempre la vida de don Manuel, el m\u00e9dico forense [&hellip;]<\/p>\n","protected":false},"featured_media":7519,"template":"","meta":[],"product_brand":[1386],"product_cat":[48],"product_tag":[],"class_list":{"0":"post-7518","1":"product","2":"type-product","3":"status-publish","4":"has-post-thumbnail","6":"product_brand-carlos-aurensanz","7":"product_cat-thrillers","9":"first","10":"instock","11":"purchasable","12":"product-type-simple"},"featured_image_urls_v2":{"full":["https:\/\/ajupe.com.uy\/web\/wp-content\/uploads\/2016\/04\/p-7518-La_puerta_pintad_55f1d9d2ca9b8.jpg",224,339,false],"thumbnail":["https:\/\/ajupe.com.uy\/web\/wp-content\/uploads\/2016\/04\/p-7518-La_puerta_pintad_55f1d9d2ca9b8.jpg",150,150,true],"medium":["https:\/\/ajupe.com.uy\/web\/wp-content\/uploads\/2016\/04\/p-7518-La_puerta_pintad_55f1d9d2ca9b8.jpg",300,214,true],"medium_large":["https:\/\/ajupe.com.uy\/web\/wp-content\/uploads\/2016\/04\/p-7518-La_puerta_pintad_55f1d9d2ca9b8.jpg",224,339,false],"large":["https:\/\/ajupe.com.uy\/web\/wp-content\/uploads\/2016\/04\/p-7518-La_puerta_pintad_55f1d9d2ca9b8.jpg",224,339,false],"1536x1536":["https:\/\/ajupe.com.uy\/web\/wp-content\/uploads\/2016\/04\/p-7518-La_puerta_pintad_55f1d9d2ca9b8.jpg",224,339,false],"2048x2048":["https:\/\/ajupe.com.uy\/web\/wp-content\/uploads\/2016\/04\/p-7518-La_puerta_pintad_55f1d9d2ca9b8.jpg",224,339,false],"woocommerce_archive_thumbnail":["https:\/\/ajupe.com.uy\/web\/wp-content\/uploads\/2016\/04\/p-7518-La_puerta_pintad_55f1d9d2ca9b8-224x300.jpg",224,300,true],"woocommerce_thumbnail":["https:\/\/ajupe.com.uy\/web\/wp-content\/uploads\/2016\/04\/p-7518-La_puerta_pintad_55f1d9d2ca9b8-224x300.jpg",224,300,true],"woocommerce_single":["https:\/\/ajupe.com.uy\/web\/wp-content\/uploads\/2016\/04\/p-7518-La_puerta_pintad_55f1d9d2ca9b8.jpg",224,339,false],"woocommerce_gallery_thumbnail":["https:\/\/ajupe.com.uy\/web\/wp-content\/uploads\/2016\/04\/p-7518-La_puerta_pintad_55f1d9d2ca9b8-100x100.jpg",100,100,true]},"post_excerpt_stackable_v2":"<p>A\u00f1o 1949. La aparici\u00f3n de un cad\u00e1ver junto al r\u00edo est\u00e1 a punto de trastornar la vida de los habitantes de Puente Real, una tranquila ciudad de provincias en la posguerra. Es solo el primero de una serie de extra\u00f1os cr\u00edmenes que van a cambiar para siempre la vida de don Manuel, el m\u00e9dico forense encargado de la investigaci\u00f3n. A\u00f1o 1936. Ha estallado la Guerra Civil. A su pesar, la vida de Salvador, un impresor simpatizante de las izquierdas, y la de su esposa Teresa, maestra en una escuela de la Rep\u00fablica, se ven arrastradas inexorablemente hacia la tragedia y&hellip;<\/p>\n","category_list_v2":"","author_info_v2":{"name":"","url":""},"comments_num_v2":"0 comentarios","_links":{"self":[{"href":"https:\/\/ajupe.com.uy\/web\/wp-json\/wp\/v2\/product\/7518","targetHints":{"allow":["GET"]}}],"collection":[{"href":"https:\/\/ajupe.com.uy\/web\/wp-json\/wp\/v2\/product"}],"about":[{"href":"https:\/\/ajupe.com.uy\/web\/wp-json\/wp\/v2\/types\/product"}],"wp:featuredmedia":[{"embeddable":true,"href":"https:\/\/ajupe.com.uy\/web\/wp-json\/wp\/v2\/media\/7519"}],"wp:attachment":[{"href":"https:\/\/ajupe.com.uy\/web\/wp-json\/wp\/v2\/media?parent=7518"}],"wp:term":[{"taxonomy":"product_brand","embeddable":true,"href":"https:\/\/ajupe.com.uy\/web\/wp-json\/wp\/v2\/product_brand?post=7518"},{"taxonomy":"product_cat","embeddable":true,"href":"https:\/\/ajupe.com.uy\/web\/wp-json\/wp\/v2\/product_cat?post=7518"},{"taxonomy":"product_tag","embeddable":true,"href":"https:\/\/ajupe.com.uy\/web\/wp-json\/wp\/v2\/product_tag?post=7518"}],"curies":[{"name":"wp","href":"https:\/\/api.w.org\/{rel}","templated":true}]}}