{"id":7569,"date":"2015-10-22T21:27:59","date_gmt":"2015-10-23T00:27:59","guid":{"rendered":"http:\/\/ajupe.com.uy\/web\/?post_type=product&#038;p=7569"},"modified":"2015-10-22T21:27:59","modified_gmt":"2015-10-23T00:27:59","slug":"historias-de-divan-nueve-relatos-de-vida","status":"publish","type":"product","link":"https:\/\/ajupe.com.uy\/web\/biblioteca\/historias-de-divan-nueve-relatos-de-vida\/","title":{"rendered":"Historias de div\u00e1n (Nueve relatos de vida)"},"content":{"rendered":"<p>Cada vez que suena el tel\u00e9fono de mi consultorio, s\u00e9 que del otro lado de la l\u00ednea alguien me est\u00e1 pidiendo ayuda. Y es all\u00ed en donde encuentro mi lugar como analista. En ese espacio que una persona abre entre la angustia y el dolor, entre la impotencia y el deseo de salir de un lugar de sufrimiento.<\/p>\n<p>Cuando un paciente (padeciente) viene a m\u00ed, s\u00e9 que me est\u00e1 invitando a compartir un desaf\u00edo. El desaf\u00edo de que lo acompa\u00f1e en un recorrido tan incierto como peligroso: el que lo lleva hacia lo m\u00e1s profundo y secreto de su alma. \u00bfQu\u00e9 hay all\u00ed? No lo s\u00e9. Cada persona es \u00fanica. Su historia, sus anhelos, sus temores y sus deseos m\u00e1s profundos la convierten en un ser irrepetible, due\u00f1o de una verdad oculta que debo ayudarle a develar.<\/p>\n<p>Por estas p\u00e1ginas transitan emociones fuertes que desequilibran a quienes las sienten. El terror al abandono y la incertidumbre que genera en una mujer llegar a los cuarenta a\u00f1os y tener que armar su vida nuevamente. La confusi\u00f3n de un hombre que se debate entre dos mujeres sin poder optar por el amor o la pasi\u00f3n. El sufrimiento de una mujer mayor ante la p\u00e9rdida de su esposo y la imposibilidad de superarla, un sentimiento que la condena a un duelo eterno. Una joven homosexual que se ve obligada a callar lo que todos saben y a negar su verdadero ser por temor al rechazo familiar. La fortaleza de una adolescente que le pelea a una enfermedad terminal y que decide apostar a la vida. Celos tan inmanejables que le impiden a un hombre joven, inteligente y culto llevar adelante una relaci\u00f3n afectiva sana y que, en realidad, son el producto de una dolorosa historia infantil. Una mujer con problemas sexuales que esconde una vivencia tr\u00e1gica sufrida en su ni\u00f1ez, la culpa, ese afecto eternamente presente en todos que, en este caso, le imposibilita a un hombre realizar plenamente su vocaci\u00f3n y la angustia de una joven que ha encontrado en la prostituci\u00f3n la \u00fanica y angustiante manera de enfrentar los problemas de su vida.<\/p>\n<p>Celos, duelo, culpa, amor, pasi\u00f3n, angustia, estados de crisis y actitudes perversas. La vida y la muerte. Pero, por sobre todas las cosas, el deseo de luchar y la valent\u00eda de personas que decidieron ir en busca de su verdad para poner fin a tanto padecimiento.<\/p>\n<p>Porque eso es un paciente: alguien que sufre y que a la vez est\u00e1 dispuesto a luchar para dejar de hacerlo. Y en el medio de ese dolor, al tomar conciencia de que solo no puede, llega al consultorio con dudas, temores e imposibilidades. Pero tambi\u00e9n con confianza. Con la confianza en que pueda ayudarlo a atravesar el momento dif\u00edcil que est\u00e1 pasando. Por eso me expone su historia, me abre su vida, me muestra aquello que lo averg\u00fcenza y espera, con toda justicia, que yo haga algo con eso que me brinda.<\/p>\n<p>Cada analizante trae un jerogl\u00edfico, algo que se oculta y que desde su escondite se resiste a salir a la luz. Mi deber es ayudarlo a descifrarlo, y para llevar adelante esa misi\u00f3n dispongo solo de tres armas: el paciente, el analista y la palabra.<\/p>\n","protected":false},"excerpt":{"rendered":"<p>Cada vez que suena el tel\u00e9fono de mi consultorio, s\u00e9 que del otro lado de la l\u00ednea alguien me est\u00e1 pidiendo ayuda. Y es all\u00ed en donde encuentro mi lugar como analista. En ese espacio que una persona abre entre la angustia y el dolor, entre la impotencia y el deseo de salir de un [&hellip;]<\/p>\n","protected":false},"featured_media":7570,"template":"","meta":[],"product_brand":[1367],"product_cat":[33],"product_tag":[],"class_list":{"0":"post-7569","1":"product","2":"type-product","3":"status-publish","4":"has-post-thumbnail","6":"product_brand-a-danza-e-tulbovitz","7":"product_cat-cuentos","9":"first","10":"instock","11":"purchasable","12":"product-type-simple"},"featured_image_urls_v2":{"full":["https:\/\/ajupe.com.uy\/web\/wp-content\/uploads\/2016\/04\/p-7569-Historias_de_div_562954dfe717b.jpg",200,311,false],"thumbnail":["https:\/\/ajupe.com.uy\/web\/wp-content\/uploads\/2016\/04\/p-7569-Historias_de_div_562954dfe717b.jpg",150,150,true],"medium":["https:\/\/ajupe.com.uy\/web\/wp-content\/uploads\/2016\/04\/p-7569-Historias_de_div_562954dfe717b.jpg",300,214,true],"medium_large":["https:\/\/ajupe.com.uy\/web\/wp-content\/uploads\/2016\/04\/p-7569-Historias_de_div_562954dfe717b.jpg",200,311,false],"large":["https:\/\/ajupe.com.uy\/web\/wp-content\/uploads\/2016\/04\/p-7569-Historias_de_div_562954dfe717b.jpg",200,311,false],"1536x1536":["https:\/\/ajupe.com.uy\/web\/wp-content\/uploads\/2016\/04\/p-7569-Historias_de_div_562954dfe717b.jpg",200,311,false],"2048x2048":["https:\/\/ajupe.com.uy\/web\/wp-content\/uploads\/2016\/04\/p-7569-Historias_de_div_562954dfe717b.jpg",200,311,false],"woocommerce_archive_thumbnail":["https:\/\/ajupe.com.uy\/web\/wp-content\/uploads\/2016\/04\/p-7569-Historias_de_div_562954dfe717b.jpg",200,311,false],"woocommerce_thumbnail":["https:\/\/ajupe.com.uy\/web\/wp-content\/uploads\/2016\/04\/p-7569-Historias_de_div_562954dfe717b-200x300.jpg",200,300,true],"woocommerce_single":["https:\/\/ajupe.com.uy\/web\/wp-content\/uploads\/2016\/04\/p-7569-Historias_de_div_562954dfe717b.jpg",200,311,false],"woocommerce_gallery_thumbnail":["https:\/\/ajupe.com.uy\/web\/wp-content\/uploads\/2016\/04\/p-7569-Historias_de_div_562954dfe717b-100x100.jpg",100,100,true]},"post_excerpt_stackable_v2":"<p>Cada vez que suena el tel\u00e9fono de mi consultorio, s\u00e9 que del otro lado de la l\u00ednea alguien me est\u00e1 pidiendo ayuda. Y es all\u00ed en donde encuentro mi lugar como analista. En ese espacio que una persona abre entre la angustia y el dolor, entre la impotencia y el deseo de salir de un lugar de sufrimiento. Cuando un paciente (padeciente) viene a m\u00ed, s\u00e9 que me est\u00e1 invitando a compartir un desaf\u00edo. El desaf\u00edo de que lo acompa\u00f1e en un recorrido tan incierto como peligroso: el que lo lleva hacia lo m\u00e1s profundo y secreto de su alma.&hellip;<\/p>\n","category_list_v2":"","author_info_v2":{"name":"","url":""},"comments_num_v2":"0 comentarios","_links":{"self":[{"href":"https:\/\/ajupe.com.uy\/web\/wp-json\/wp\/v2\/product\/7569","targetHints":{"allow":["GET"]}}],"collection":[{"href":"https:\/\/ajupe.com.uy\/web\/wp-json\/wp\/v2\/product"}],"about":[{"href":"https:\/\/ajupe.com.uy\/web\/wp-json\/wp\/v2\/types\/product"}],"wp:featuredmedia":[{"embeddable":true,"href":"https:\/\/ajupe.com.uy\/web\/wp-json\/wp\/v2\/media\/7570"}],"wp:attachment":[{"href":"https:\/\/ajupe.com.uy\/web\/wp-json\/wp\/v2\/media?parent=7569"}],"wp:term":[{"taxonomy":"product_brand","embeddable":true,"href":"https:\/\/ajupe.com.uy\/web\/wp-json\/wp\/v2\/product_brand?post=7569"},{"taxonomy":"product_cat","embeddable":true,"href":"https:\/\/ajupe.com.uy\/web\/wp-json\/wp\/v2\/product_cat?post=7569"},{"taxonomy":"product_tag","embeddable":true,"href":"https:\/\/ajupe.com.uy\/web\/wp-json\/wp\/v2\/product_tag?post=7569"}],"curies":[{"name":"wp","href":"https:\/\/api.w.org\/{rel}","templated":true}]}}