{"id":7578,"date":"2015-10-22T21:39:59","date_gmt":"2015-10-23T00:39:59","guid":{"rendered":"http:\/\/ajupe.com.uy\/web\/?post_type=product&#038;p=7578"},"modified":"2015-10-22T21:41:41","modified_gmt":"2015-10-23T00:41:41","slug":"para-que-no-me-olvides-2","status":"publish","type":"product","link":"https:\/\/ajupe.com.uy\/web\/biblioteca\/para-que-no-me-olvides-2\/","title":{"rendered":"Para que no me olvides"},"content":{"rendered":"<p>Blanca es una joven ama de casa que sufre una extra\u00f1a enfermedad mental, la afasia, que impide al cerebro articular el lenguaje, de modo que no puede ni leer ni hablar, aunque s\u00ed puede entender lo que le sucede. Por eso a Blanca s\u00f3lo le queda recordar, y aprovecha esta oportunidad para pasar revista a su existencia. En la vida sosegada y estable que le proporcionaba su matrimonio no cab\u00edan las sorpresas, sin embargo, la atracci\u00f3n que ejerce sobre ella una relaci\u00f3n inconveniente derrumba las fronteras del convencionalismo, y sus c\u00f3modos d\u00edas ser\u00e1n interrumpidos por la necesidad de encontrarse y abrirse a realidades sociales y pol\u00edticas que desconoc\u00eda.<\/p>\n","protected":false},"excerpt":{"rendered":"<p>Blanca es una joven ama de casa que sufre una extra\u00f1a enfermedad mental, la afasia, que impide al cerebro articular el lenguaje, de modo que no puede ni leer ni hablar, aunque s\u00ed puede entender lo que le sucede. Por eso a Blanca s\u00f3lo le queda recordar, y aprovecha esta oportunidad para pasar revista a [&hellip;]<\/p>\n","protected":false},"featured_media":7579,"template":"","meta":[],"product_brand":[68],"product_cat":[29],"product_tag":[],"class_list":{"0":"post-7578","1":"product","2":"type-product","3":"status-publish","4":"has-post-thumbnail","6":"product_brand-marcela-serrano","7":"product_cat-novela","9":"first","10":"instock","11":"purchasable","12":"product-type-simple"},"featured_image_urls_v2":{"full":["https:\/\/ajupe.com.uy\/web\/wp-content\/uploads\/2016\/04\/p-7578-Para_que_no_me_o_562958152c887.jpg",183,274,false],"thumbnail":["https:\/\/ajupe.com.uy\/web\/wp-content\/uploads\/2016\/04\/p-7578-Para_que_no_me_o_562958152c887.jpg",150,150,true],"medium":["https:\/\/ajupe.com.uy\/web\/wp-content\/uploads\/2016\/04\/p-7578-Para_que_no_me_o_562958152c887.jpg",300,214,true],"medium_large":["https:\/\/ajupe.com.uy\/web\/wp-content\/uploads\/2016\/04\/p-7578-Para_que_no_me_o_562958152c887.jpg",183,274,false],"large":["https:\/\/ajupe.com.uy\/web\/wp-content\/uploads\/2016\/04\/p-7578-Para_que_no_me_o_562958152c887.jpg",183,274,false],"1536x1536":["https:\/\/ajupe.com.uy\/web\/wp-content\/uploads\/2016\/04\/p-7578-Para_que_no_me_o_562958152c887.jpg",183,274,false],"2048x2048":["https:\/\/ajupe.com.uy\/web\/wp-content\/uploads\/2016\/04\/p-7578-Para_que_no_me_o_562958152c887.jpg",183,274,false],"woocommerce_archive_thumbnail":["https:\/\/ajupe.com.uy\/web\/wp-content\/uploads\/2016\/04\/p-7578-Para_que_no_me_o_562958152c887.jpg",183,274,false],"woocommerce_thumbnail":["https:\/\/ajupe.com.uy\/web\/wp-content\/uploads\/2016\/04\/p-7578-Para_que_no_me_o_562958152c887.jpg",183,274,false],"woocommerce_single":["https:\/\/ajupe.com.uy\/web\/wp-content\/uploads\/2016\/04\/p-7578-Para_que_no_me_o_562958152c887.jpg",183,274,false],"woocommerce_gallery_thumbnail":["https:\/\/ajupe.com.uy\/web\/wp-content\/uploads\/2016\/04\/p-7578-Para_que_no_me_o_562958152c887-100x100.jpg",100,100,true]},"post_excerpt_stackable_v2":"<p>Blanca es una joven ama de casa que sufre una extra\u00f1a enfermedad mental, la afasia, que impide al cerebro articular el lenguaje, de modo que no puede ni leer ni hablar, aunque s\u00ed puede entender lo que le sucede. Por eso a Blanca s\u00f3lo le queda recordar, y aprovecha esta oportunidad para pasar revista a su existencia. En la vida sosegada y estable que le proporcionaba su matrimonio no cab\u00edan las sorpresas, sin embargo, la atracci\u00f3n que ejerce sobre ella una relaci\u00f3n inconveniente derrumba las fronteras del convencionalismo, y sus c\u00f3modos d\u00edas ser\u00e1n interrumpidos por la necesidad de encontrarse y&hellip;<\/p>\n","category_list_v2":"","author_info_v2":{"name":"","url":""},"comments_num_v2":"0 comentarios","_links":{"self":[{"href":"https:\/\/ajupe.com.uy\/web\/wp-json\/wp\/v2\/product\/7578","targetHints":{"allow":["GET"]}}],"collection":[{"href":"https:\/\/ajupe.com.uy\/web\/wp-json\/wp\/v2\/product"}],"about":[{"href":"https:\/\/ajupe.com.uy\/web\/wp-json\/wp\/v2\/types\/product"}],"wp:featuredmedia":[{"embeddable":true,"href":"https:\/\/ajupe.com.uy\/web\/wp-json\/wp\/v2\/media\/7579"}],"wp:attachment":[{"href":"https:\/\/ajupe.com.uy\/web\/wp-json\/wp\/v2\/media?parent=7578"}],"wp:term":[{"taxonomy":"product_brand","embeddable":true,"href":"https:\/\/ajupe.com.uy\/web\/wp-json\/wp\/v2\/product_brand?post=7578"},{"taxonomy":"product_cat","embeddable":true,"href":"https:\/\/ajupe.com.uy\/web\/wp-json\/wp\/v2\/product_cat?post=7578"},{"taxonomy":"product_tag","embeddable":true,"href":"https:\/\/ajupe.com.uy\/web\/wp-json\/wp\/v2\/product_tag?post=7578"}],"curies":[{"name":"wp","href":"https:\/\/api.w.org\/{rel}","templated":true}]}}