{"id":7617,"date":"2015-10-23T21:18:59","date_gmt":"2015-10-24T00:18:59","guid":{"rendered":"http:\/\/ajupe.com.uy\/web\/?post_type=product&#038;p=7617"},"modified":"2016-05-30T14:36:20","modified_gmt":"2016-05-30T17:36:20","slug":"el-nino-de-la-nieve","status":"publish","type":"product","link":"https:\/\/ajupe.com.uy\/web\/biblioteca\/el-nino-de-la-nieve\/","title":{"rendered":"El ni\u00f1o de la nieve"},"content":{"rendered":"<p>Cuando Edie Kiglatuk, gu\u00eda de caza en el \u00c1rtico, tropieza con el cad\u00e1ver congelado de un ni\u00f1o en un bosque de Alaska, poco puede imaginar ad\u00f3nde la conducir\u00e1 su descubrimiento.La polic\u00eda local tiene la convicci\u00f3n de que esa muerte est\u00e1 relacionada con los Oscuros Creyentes, una siniestra secta rusa, y los amigos de Edie le recomiendan que deje la investigaci\u00f3n en manos de las autoridades competentes.<\/p>\n<p>Pero durante su estancia en Alaska como integrante del equipo de su ex marido Sammy, que est\u00e1 disputando la famosa carrera de trineos Iditarod, Edie no consigue quitarse de la cabeza la imagen del ni\u00f1o congelado.Mientras Sammy recorre algunas de las regiones m\u00e1s dif\u00edciles y peligrosas del planeta, Edie emprende una investigaci\u00f3n que la llevar\u00e1 al turbio mundo de la pol\u00edtica, la corrupci\u00f3n y la codicia, y que har\u00e1 emerger tambi\u00e9n un doloroso secreto de su propio pasado.<\/p>\n","protected":false},"excerpt":{"rendered":"<p>Cuando Edie Kiglatuk, gu\u00eda de caza en el \u00c1rtico, tropieza con el cad\u00e1ver congelado de un ni\u00f1o en un bosque de Alaska, poco puede imaginar ad\u00f3nde la conducir\u00e1 su descubrimiento.La polic\u00eda local tiene la convicci\u00f3n de que esa muerte est\u00e1 relacionada con los Oscuros Creyentes, una siniestra secta rusa, y los amigos de Edie le [&hellip;]<\/p>\n","protected":false},"featured_media":7618,"template":"","meta":[],"product_brand":[1119],"product_cat":[40],"product_tag":[],"class_list":{"0":"post-7617","1":"product","2":"type-product","3":"status-publish","4":"has-post-thumbnail","6":"product_brand-m-j-mcgrath","7":"product_cat-policial","9":"first","10":"instock","11":"purchasable","12":"product-type-simple"},"featured_image_urls_v2":{"full":["https:\/\/ajupe.com.uy\/web\/wp-content\/uploads\/2016\/04\/p-7617-El_ni__o_de_la_n_562aa4746f9c7.jpg",225,338,false],"thumbnail":["https:\/\/ajupe.com.uy\/web\/wp-content\/uploads\/2016\/04\/p-7617-El_ni__o_de_la_n_562aa4746f9c7.jpg",150,150,true],"medium":["https:\/\/ajupe.com.uy\/web\/wp-content\/uploads\/2016\/04\/p-7617-El_ni__o_de_la_n_562aa4746f9c7.jpg",300,214,true],"medium_large":["https:\/\/ajupe.com.uy\/web\/wp-content\/uploads\/2016\/04\/p-7617-El_ni__o_de_la_n_562aa4746f9c7.jpg",225,338,false],"large":["https:\/\/ajupe.com.uy\/web\/wp-content\/uploads\/2016\/04\/p-7617-El_ni__o_de_la_n_562aa4746f9c7.jpg",225,338,false],"1536x1536":["https:\/\/ajupe.com.uy\/web\/wp-content\/uploads\/2016\/04\/p-7617-El_ni__o_de_la_n_562aa4746f9c7.jpg",225,338,false],"2048x2048":["https:\/\/ajupe.com.uy\/web\/wp-content\/uploads\/2016\/04\/p-7617-El_ni__o_de_la_n_562aa4746f9c7.jpg",225,338,false],"woocommerce_archive_thumbnail":["https:\/\/ajupe.com.uy\/web\/wp-content\/uploads\/2016\/04\/p-7617-El_ni__o_de_la_n_562aa4746f9c7-225x300.jpg",225,300,true],"woocommerce_thumbnail":["https:\/\/ajupe.com.uy\/web\/wp-content\/uploads\/2016\/04\/p-7617-El_ni__o_de_la_n_562aa4746f9c7-225x300.jpg",225,300,true],"woocommerce_single":["https:\/\/ajupe.com.uy\/web\/wp-content\/uploads\/2016\/04\/p-7617-El_ni__o_de_la_n_562aa4746f9c7.jpg",225,338,false],"woocommerce_gallery_thumbnail":["https:\/\/ajupe.com.uy\/web\/wp-content\/uploads\/2016\/04\/p-7617-El_ni__o_de_la_n_562aa4746f9c7-100x100.jpg",100,100,true]},"post_excerpt_stackable_v2":"<p>Cuando Edie Kiglatuk, gu\u00eda de caza en el \u00c1rtico, tropieza con el cad\u00e1ver congelado de un ni\u00f1o en un bosque de Alaska, poco puede imaginar ad\u00f3nde la conducir\u00e1 su descubrimiento.La polic\u00eda local tiene la convicci\u00f3n de que esa muerte est\u00e1 relacionada con los Oscuros Creyentes, una siniestra secta rusa, y los amigos de Edie le recomiendan que deje la investigaci\u00f3n en manos de las autoridades competentes. Pero durante su estancia en Alaska como integrante del equipo de su ex marido Sammy, que est\u00e1 disputando la famosa carrera de trineos Iditarod, Edie no consigue quitarse de la cabeza la imagen del&hellip;<\/p>\n","category_list_v2":"","author_info_v2":{"name":"","url":""},"comments_num_v2":"0 comentarios","_links":{"self":[{"href":"https:\/\/ajupe.com.uy\/web\/wp-json\/wp\/v2\/product\/7617","targetHints":{"allow":["GET"]}}],"collection":[{"href":"https:\/\/ajupe.com.uy\/web\/wp-json\/wp\/v2\/product"}],"about":[{"href":"https:\/\/ajupe.com.uy\/web\/wp-json\/wp\/v2\/types\/product"}],"wp:featuredmedia":[{"embeddable":true,"href":"https:\/\/ajupe.com.uy\/web\/wp-json\/wp\/v2\/media\/7618"}],"wp:attachment":[{"href":"https:\/\/ajupe.com.uy\/web\/wp-json\/wp\/v2\/media?parent=7617"}],"wp:term":[{"taxonomy":"product_brand","embeddable":true,"href":"https:\/\/ajupe.com.uy\/web\/wp-json\/wp\/v2\/product_brand?post=7617"},{"taxonomy":"product_cat","embeddable":true,"href":"https:\/\/ajupe.com.uy\/web\/wp-json\/wp\/v2\/product_cat?post=7617"},{"taxonomy":"product_tag","embeddable":true,"href":"https:\/\/ajupe.com.uy\/web\/wp-json\/wp\/v2\/product_tag?post=7617"}],"curies":[{"name":"wp","href":"https:\/\/api.w.org\/{rel}","templated":true}]}}