{"id":8067,"date":"2016-06-17T17:15:10","date_gmt":"2016-06-17T20:15:10","guid":{"rendered":"http:\/\/ajupe.com.uy\/web\/producto\/la-conspiracion-del-templo\/"},"modified":"2016-06-17T17:17:56","modified_gmt":"2016-06-17T20:17:56","slug":"la-conspiracion-del-templo","status":"publish","type":"product","link":"https:\/\/ajupe.com.uy\/web\/biblioteca\/la-conspiracion-del-templo\/","title":{"rendered":"La conspiraci\u00f3n del templo"},"content":{"rendered":"<p>Isaac Cohen, un joven arque\u00f3logo de campa\u00f1a en Mali, se topa con un curioso hallazgo: un manuscrito proveniente de la Espa\u00f1a visigoda que indica el lugar exacto donde se encuentra una reliquia b\u00edblica que confiere un poder ilimitado a quien la posea. En cuanto la noticia trascienda, Isaac ser\u00e1 blanco de unos fan\u00e1ticos que sue\u00f1an con construir el Tercer Templo en Jerusal\u00e9n sobre las ruinas de las mezquitas, y tambi\u00e9n de una organizaci\u00f3n radical islamita que planea un inminente atentado en Espa\u00f1a.<\/p>\n","protected":false},"excerpt":{"rendered":"<p>Isaac Cohen, un joven arque\u00f3logo de campa\u00f1a en Mali, se topa con un curioso hallazgo: un manuscrito proveniente de la Espa\u00f1a visigoda que indica el lugar exacto donde se encuentra una reliquia b\u00edblica que confiere un poder ilimitado a quien la posea. En cuanto la noticia trascienda, Isaac ser\u00e1 blanco de unos fan\u00e1ticos que sue\u00f1an [&hellip;]<\/p>\n","protected":false},"featured_media":8028,"template":"","meta":[],"product_brand":[],"product_cat":[48],"product_tag":[],"class_list":{"0":"post-8067","1":"product","2":"type-product","3":"status-publish","4":"has-post-thumbnail","6":"product_cat-thrillers","8":"first","9":"instock","10":"purchasable","11":"product-type-simple"},"featured_image_urls_v2":{"full":["https:\/\/ajupe.com.uy\/web\/wp-content\/uploads\/2016\/06\/8903.jpg",182,278,false],"thumbnail":["https:\/\/ajupe.com.uy\/web\/wp-content\/uploads\/2016\/06\/8903-150x150.jpg",150,150,true],"medium":["https:\/\/ajupe.com.uy\/web\/wp-content\/uploads\/2016\/06\/8903.jpg",182,278,false],"medium_large":["https:\/\/ajupe.com.uy\/web\/wp-content\/uploads\/2016\/06\/8903.jpg",182,278,false],"large":["https:\/\/ajupe.com.uy\/web\/wp-content\/uploads\/2016\/06\/8903.jpg",182,278,false],"1536x1536":["https:\/\/ajupe.com.uy\/web\/wp-content\/uploads\/2016\/06\/8903.jpg",182,278,false],"2048x2048":["https:\/\/ajupe.com.uy\/web\/wp-content\/uploads\/2016\/06\/8903.jpg",182,278,false],"woocommerce_archive_thumbnail":["https:\/\/ajupe.com.uy\/web\/wp-content\/uploads\/2016\/06\/8903.jpg",182,278,false],"woocommerce_thumbnail":["https:\/\/ajupe.com.uy\/web\/wp-content\/uploads\/2016\/06\/8903.jpg",182,278,false],"woocommerce_single":["https:\/\/ajupe.com.uy\/web\/wp-content\/uploads\/2016\/06\/8903.jpg",182,278,false],"woocommerce_gallery_thumbnail":["https:\/\/ajupe.com.uy\/web\/wp-content\/uploads\/2016\/06\/8903-100x100.jpg",100,100,true]},"post_excerpt_stackable_v2":"<p>Isaac Cohen, un joven arque\u00f3logo de campa\u00f1a en Mali, se topa con un curioso hallazgo: un manuscrito proveniente de la Espa\u00f1a visigoda que indica el lugar exacto donde se encuentra una reliquia b\u00edblica que confiere un poder ilimitado a quien la posea. En cuanto la noticia trascienda, Isaac ser\u00e1 blanco de unos fan\u00e1ticos que sue\u00f1an con construir el Tercer Templo en Jerusal\u00e9n sobre las ruinas de las mezquitas, y tambi\u00e9n de una organizaci\u00f3n radical islamita que planea un inminente atentado en Espa\u00f1a.<\/p>\n","category_list_v2":"","author_info_v2":{"name":"","url":""},"comments_num_v2":"0 comentarios","_links":{"self":[{"href":"https:\/\/ajupe.com.uy\/web\/wp-json\/wp\/v2\/product\/8067","targetHints":{"allow":["GET"]}}],"collection":[{"href":"https:\/\/ajupe.com.uy\/web\/wp-json\/wp\/v2\/product"}],"about":[{"href":"https:\/\/ajupe.com.uy\/web\/wp-json\/wp\/v2\/types\/product"}],"wp:featuredmedia":[{"embeddable":true,"href":"https:\/\/ajupe.com.uy\/web\/wp-json\/wp\/v2\/media\/8028"}],"wp:attachment":[{"href":"https:\/\/ajupe.com.uy\/web\/wp-json\/wp\/v2\/media?parent=8067"}],"wp:term":[{"taxonomy":"product_brand","embeddable":true,"href":"https:\/\/ajupe.com.uy\/web\/wp-json\/wp\/v2\/product_brand?post=8067"},{"taxonomy":"product_cat","embeddable":true,"href":"https:\/\/ajupe.com.uy\/web\/wp-json\/wp\/v2\/product_cat?post=8067"},{"taxonomy":"product_tag","embeddable":true,"href":"https:\/\/ajupe.com.uy\/web\/wp-json\/wp\/v2\/product_tag?post=8067"}],"curies":[{"name":"wp","href":"https:\/\/api.w.org\/{rel}","templated":true}]}}