{"id":8355,"date":"2016-06-22T17:09:02","date_gmt":"2016-06-22T20:09:02","guid":{"rendered":"http:\/\/ajupe.com.uy\/web\/producto\/circo-maximo\/"},"modified":"2016-06-22T17:13:07","modified_gmt":"2016-06-22T20:13:07","slug":"circo-maximo","status":"publish","type":"product","link":"https:\/\/ajupe.com.uy\/web\/biblioteca\/circo-maximo\/","title":{"rendered":"Circo m\u00e1ximo"},"content":{"rendered":"<p>Tras el \u00e9xito de\u00a0<strong>Los asesinos del emperador<\/strong>, llega la segunda parte de la trilog\u00eda sobre\u00a0<strong>Trajano y su gobierno<\/strong>.\u00a0<strong>Circo M\u00e1ximo<\/strong>\u00a0es el t\u00edtulo de esta segunda entrega en la que el emperador Trajano vuelve a ser protagonista. En esta ocasi\u00f3n, su vida, aunque \u00e9l no lo sepa, corre peligro. Un complot para asesinarlo se est\u00e1 preparando&#8230; Una apasionante novela de traici\u00f3n, guerras y amor en tiempos de la Roma imperial de los C\u00e9sares.<\/p>\n","protected":false},"excerpt":{"rendered":"<p>Tras el \u00e9xito de\u00a0Los asesinos del emperador, llega la segunda parte de la trilog\u00eda sobre\u00a0Trajano y su gobierno.\u00a0Circo M\u00e1ximo\u00a0es el t\u00edtulo de esta segunda entrega en la que el emperador Trajano vuelve a ser protagonista. En esta ocasi\u00f3n, su vida, aunque \u00e9l no lo sepa, corre peligro. Un complot para asesinarlo se est\u00e1 preparando&#8230; Una [&hellip;]<\/p>\n","protected":false},"featured_media":8250,"template":"","meta":[],"product_brand":[],"product_cat":[31,29],"product_tag":[],"class_list":{"0":"post-8355","1":"product","2":"type-product","3":"status-publish","4":"has-post-thumbnail","6":"product_cat-historico","7":"product_cat-novela","9":"first","10":"instock","11":"purchasable","12":"product-type-simple"},"featured_image_urls_v2":{"full":["https:\/\/ajupe.com.uy\/web\/wp-content\/uploads\/2016\/06\/8924.jpg",219,339,false],"thumbnail":["https:\/\/ajupe.com.uy\/web\/wp-content\/uploads\/2016\/06\/8924-150x150.jpg",150,150,true],"medium":["https:\/\/ajupe.com.uy\/web\/wp-content\/uploads\/2016\/06\/8924-194x300.jpg",194,300,true],"medium_large":["https:\/\/ajupe.com.uy\/web\/wp-content\/uploads\/2016\/06\/8924.jpg",219,339,false],"large":["https:\/\/ajupe.com.uy\/web\/wp-content\/uploads\/2016\/06\/8924.jpg",219,339,false],"1536x1536":["https:\/\/ajupe.com.uy\/web\/wp-content\/uploads\/2016\/06\/8924.jpg",219,339,false],"2048x2048":["https:\/\/ajupe.com.uy\/web\/wp-content\/uploads\/2016\/06\/8924.jpg",219,339,false],"woocommerce_archive_thumbnail":["https:\/\/ajupe.com.uy\/web\/wp-content\/uploads\/2016\/06\/8924-219x300.jpg",219,300,true],"woocommerce_thumbnail":["https:\/\/ajupe.com.uy\/web\/wp-content\/uploads\/2016\/06\/8924-219x300.jpg",219,300,true],"woocommerce_single":["https:\/\/ajupe.com.uy\/web\/wp-content\/uploads\/2016\/06\/8924.jpg",219,339,false],"woocommerce_gallery_thumbnail":["https:\/\/ajupe.com.uy\/web\/wp-content\/uploads\/2016\/06\/8924-100x100.jpg",100,100,true]},"post_excerpt_stackable_v2":"<p>Tras el \u00e9xito de\u00a0Los asesinos del emperador, llega la segunda parte de la trilog\u00eda sobre\u00a0Trajano y su gobierno.\u00a0Circo M\u00e1ximo\u00a0es el t\u00edtulo de esta segunda entrega en la que el emperador Trajano vuelve a ser protagonista. En esta ocasi\u00f3n, su vida, aunque \u00e9l no lo sepa, corre peligro. Un complot para asesinarlo se est\u00e1 preparando&#8230; Una apasionante novela de traici\u00f3n, guerras y amor en tiempos de la Roma imperial de los C\u00e9sares.<\/p>\n","category_list_v2":"","author_info_v2":{"name":"","url":""},"comments_num_v2":"0 comentarios","_links":{"self":[{"href":"https:\/\/ajupe.com.uy\/web\/wp-json\/wp\/v2\/product\/8355","targetHints":{"allow":["GET"]}}],"collection":[{"href":"https:\/\/ajupe.com.uy\/web\/wp-json\/wp\/v2\/product"}],"about":[{"href":"https:\/\/ajupe.com.uy\/web\/wp-json\/wp\/v2\/types\/product"}],"wp:featuredmedia":[{"embeddable":true,"href":"https:\/\/ajupe.com.uy\/web\/wp-json\/wp\/v2\/media\/8250"}],"wp:attachment":[{"href":"https:\/\/ajupe.com.uy\/web\/wp-json\/wp\/v2\/media?parent=8355"}],"wp:term":[{"taxonomy":"product_brand","embeddable":true,"href":"https:\/\/ajupe.com.uy\/web\/wp-json\/wp\/v2\/product_brand?post=8355"},{"taxonomy":"product_cat","embeddable":true,"href":"https:\/\/ajupe.com.uy\/web\/wp-json\/wp\/v2\/product_cat?post=8355"},{"taxonomy":"product_tag","embeddable":true,"href":"https:\/\/ajupe.com.uy\/web\/wp-json\/wp\/v2\/product_tag?post=8355"}],"curies":[{"name":"wp","href":"https:\/\/api.w.org\/{rel}","templated":true}]}}