{"id":8405,"date":"2016-07-01T13:55:34","date_gmt":"2016-07-01T16:55:34","guid":{"rendered":"http:\/\/ajupe.com.uy\/web\/producto\/brida\/"},"modified":"2016-07-04T15:40:37","modified_gmt":"2016-07-04T18:40:37","slug":"brida","status":"publish","type":"product","link":"https:\/\/ajupe.com.uy\/web\/biblioteca\/brida\/","title":{"rendered":"Brida"},"content":{"rendered":"<p>Paulo Coelho, con m\u00e1s de 35 millones de libros vendidos, no es s\u00f3lo uno de los autores m\u00e1s le\u00eddos del mundo, sino tambi\u00e9n uno de los escritores con mayor influencia ideol\u00f3gica de hoy en d\u00eda. Lectores de m\u00e1s de 150 pa\u00edses, sin distinci\u00f3n de credos ni culturas, le han convertido en uno de los autores de referencia de nuestro tiempo. Brida es una novela basada en una historia real de cautivadora belleza, la de la joven irlandesa Brida O\u2019 Fern. A la edad de veinti\u00fan a\u00f1os, Brida conoce a un mago al que le pide que le ayude a convertirse en bruja. Para ello, la muchacha deber\u00e1 superar una serie de obst\u00e1culos que har\u00e1n que cambie su concepci\u00f3n de la vida y descubrir\u00e1, junto al lector, que el amor es el \u00fanico medio de alcanzar el mundo espiritual y que nos transfigura, porque cuando amamos queremos ser mejores de lo que somos.<\/p>\n","protected":false},"excerpt":{"rendered":"<p>Paulo Coelho, con m\u00e1s de 35 millones de libros vendidos, no es s\u00f3lo uno de los autores m\u00e1s le\u00eddos del mundo, sino tambi\u00e9n uno de los escritores con mayor influencia ideol\u00f3gica de hoy en d\u00eda. Lectores de m\u00e1s de 150 pa\u00edses, sin distinci\u00f3n de credos ni culturas, le han convertido en uno de los autores [&hellip;]<\/p>\n","protected":false},"featured_media":8284,"template":"","meta":[],"product_brand":[],"product_cat":[29],"product_tag":[],"class_list":{"0":"post-8405","1":"product","2":"type-product","3":"status-publish","4":"has-post-thumbnail","6":"product_cat-novela","8":"first","9":"instock","10":"purchasable","11":"product-type-simple"},"featured_image_urls_v2":{"full":["https:\/\/ajupe.com.uy\/web\/wp-content\/uploads\/2016\/06\/8958.jpg",162,264,false],"thumbnail":["https:\/\/ajupe.com.uy\/web\/wp-content\/uploads\/2016\/06\/8958-150x150.jpg",150,150,true],"medium":["https:\/\/ajupe.com.uy\/web\/wp-content\/uploads\/2016\/06\/8958.jpg",162,264,false],"medium_large":["https:\/\/ajupe.com.uy\/web\/wp-content\/uploads\/2016\/06\/8958.jpg",162,264,false],"large":["https:\/\/ajupe.com.uy\/web\/wp-content\/uploads\/2016\/06\/8958.jpg",162,264,false],"1536x1536":["https:\/\/ajupe.com.uy\/web\/wp-content\/uploads\/2016\/06\/8958.jpg",162,264,false],"2048x2048":["https:\/\/ajupe.com.uy\/web\/wp-content\/uploads\/2016\/06\/8958.jpg",162,264,false],"woocommerce_archive_thumbnail":["https:\/\/ajupe.com.uy\/web\/wp-content\/uploads\/2016\/06\/8958.jpg",162,264,false],"woocommerce_thumbnail":["https:\/\/ajupe.com.uy\/web\/wp-content\/uploads\/2016\/06\/8958.jpg",162,264,false],"woocommerce_single":["https:\/\/ajupe.com.uy\/web\/wp-content\/uploads\/2016\/06\/8958.jpg",162,264,false],"woocommerce_gallery_thumbnail":["https:\/\/ajupe.com.uy\/web\/wp-content\/uploads\/2016\/06\/8958-100x100.jpg",100,100,true]},"post_excerpt_stackable_v2":"<p>Paulo Coelho, con m\u00e1s de 35 millones de libros vendidos, no es s\u00f3lo uno de los autores m\u00e1s le\u00eddos del mundo, sino tambi\u00e9n uno de los escritores con mayor influencia ideol\u00f3gica de hoy en d\u00eda. Lectores de m\u00e1s de 150 pa\u00edses, sin distinci\u00f3n de credos ni culturas, le han convertido en uno de los autores de referencia de nuestro tiempo. Brida es una novela basada en una historia real de cautivadora belleza, la de la joven irlandesa Brida O\u2019 Fern. A la edad de veinti\u00fan a\u00f1os, Brida conoce a un mago al que le pide que le ayude a convertirse&hellip;<\/p>\n","category_list_v2":"","author_info_v2":{"name":"","url":""},"comments_num_v2":"0 comentarios","_links":{"self":[{"href":"https:\/\/ajupe.com.uy\/web\/wp-json\/wp\/v2\/product\/8405","targetHints":{"allow":["GET"]}}],"collection":[{"href":"https:\/\/ajupe.com.uy\/web\/wp-json\/wp\/v2\/product"}],"about":[{"href":"https:\/\/ajupe.com.uy\/web\/wp-json\/wp\/v2\/types\/product"}],"wp:featuredmedia":[{"embeddable":true,"href":"https:\/\/ajupe.com.uy\/web\/wp-json\/wp\/v2\/media\/8284"}],"wp:attachment":[{"href":"https:\/\/ajupe.com.uy\/web\/wp-json\/wp\/v2\/media?parent=8405"}],"wp:term":[{"taxonomy":"product_brand","embeddable":true,"href":"https:\/\/ajupe.com.uy\/web\/wp-json\/wp\/v2\/product_brand?post=8405"},{"taxonomy":"product_cat","embeddable":true,"href":"https:\/\/ajupe.com.uy\/web\/wp-json\/wp\/v2\/product_cat?post=8405"},{"taxonomy":"product_tag","embeddable":true,"href":"https:\/\/ajupe.com.uy\/web\/wp-json\/wp\/v2\/product_tag?post=8405"}],"curies":[{"name":"wp","href":"https:\/\/api.w.org\/{rel}","templated":true}]}}