{"id":8427,"date":"2016-07-04T18:45:25","date_gmt":"2016-07-04T21:45:25","guid":{"rendered":"http:\/\/ajupe.com.uy\/web\/producto\/no-quiero-envejecer\/"},"modified":"2016-07-04T18:47:51","modified_gmt":"2016-07-04T21:47:51","slug":"no-quiero-envejecer","status":"publish","type":"product","link":"https:\/\/ajupe.com.uy\/web\/biblioteca\/no-quiero-envejecer\/","title":{"rendered":"No quiero envejecer"},"content":{"rendered":"<p>No quiero envejecer fue la frase que m\u00e1s se escuch\u00f3 durante la investigaci\u00f3n sobre la que se sustenta este libro. Ya sea porque los valores del \u00e9xito est\u00e1n asociados exclusivamente a la juventud o por el miedo que nos produce el que ma\u00f1ana nos falten la salud o los recursos, el asunto es que hoy nos han regalado veinte a\u00f1os m\u00e1s de vida y no sabemos qu\u00e9 hacer con ellos. \u00bfQu\u00e9 nos est\u00e1 pasando que nos aterra el paso del tiempo?<br \/>\nEn esta nueva entrega, Pilar Sordo desmenuza los ejes que dinamizan la vida moderna: el trabajo, la pareja, la familia, la sexualidad, la tecnolog\u00eda, la muerte, etc., y desde aqu\u00ed construye la tesis central de este estudio que, m\u00e1s que con c\u00f3mo enfrentar la vejez, tiene que ver con c\u00f3mo incorporar la idea de que envejecemos seg\u00fan c\u00f3mo hemos vivido. Por todo esto, m\u00e1s que un libro sobre la vejez, No quiero envejecer es una invitaci\u00f3n a celebrar la vida, a escuchar nuestro cuerpo y nuestra alma, a invertir en los afectos y cuidar los v\u00ednculos. Solo de esta manera podremos prepararnos para vivir una vida plena y disfrutar de la maravilla que esconde cada una de las etapas de la vida.<br \/>\nEl viejo que seremos ma\u00f1ana o que somos hoy depender\u00e1 o depende del joven y del adulto que fuimos ayer.<\/p>\n","protected":false},"excerpt":{"rendered":"<p>No quiero envejecer fue la frase que m\u00e1s se escuch\u00f3 durante la investigaci\u00f3n sobre la que se sustenta este libro. Ya sea porque los valores del \u00e9xito est\u00e1n asociados exclusivamente a la juventud o por el miedo que nos produce el que ma\u00f1ana nos falten la salud o los recursos, el asunto es que hoy [&hellip;]<\/p>\n","protected":false},"featured_media":8300,"template":"","meta":[],"product_brand":[],"product_cat":[32],"product_tag":[],"class_list":["post-8427","product","type-product","status-publish","has-post-thumbnail","product_cat-autoayuda","first","instock","purchasable","product-type-simple"],"featured_image_urls_v2":{"full":["https:\/\/ajupe.com.uy\/web\/wp-content\/uploads\/2016\/06\/8974.jpg",198,309,false],"thumbnail":["https:\/\/ajupe.com.uy\/web\/wp-content\/uploads\/2016\/06\/8974-150x150.jpg",150,150,true],"medium":["https:\/\/ajupe.com.uy\/web\/wp-content\/uploads\/2016\/06\/8974-192x300.jpg",192,300,true],"medium_large":["https:\/\/ajupe.com.uy\/web\/wp-content\/uploads\/2016\/06\/8974.jpg",198,309,false],"large":["https:\/\/ajupe.com.uy\/web\/wp-content\/uploads\/2016\/06\/8974.jpg",198,309,false],"1536x1536":["https:\/\/ajupe.com.uy\/web\/wp-content\/uploads\/2016\/06\/8974.jpg",198,309,false],"2048x2048":["https:\/\/ajupe.com.uy\/web\/wp-content\/uploads\/2016\/06\/8974.jpg",198,309,false],"woocommerce_archive_thumbnail":["https:\/\/ajupe.com.uy\/web\/wp-content\/uploads\/2016\/06\/8974-198x300.jpg",198,300,true],"woocommerce_thumbnail":["https:\/\/ajupe.com.uy\/web\/wp-content\/uploads\/2016\/06\/8974-198x300.jpg",198,300,true],"woocommerce_single":["https:\/\/ajupe.com.uy\/web\/wp-content\/uploads\/2016\/06\/8974.jpg",198,309,false],"woocommerce_gallery_thumbnail":["https:\/\/ajupe.com.uy\/web\/wp-content\/uploads\/2016\/06\/8974-100x100.jpg",100,100,true]},"post_excerpt_stackable_v2":"<p>No quiero envejecer fue la frase que m\u00e1s se escuch\u00f3 durante la investigaci\u00f3n sobre la que se sustenta este libro. Ya sea porque los valores del \u00e9xito est\u00e1n asociados exclusivamente a la juventud o por el miedo que nos produce el que ma\u00f1ana nos falten la salud o los recursos, el asunto es que hoy nos han regalado veinte a\u00f1os m\u00e1s de vida y no sabemos qu\u00e9 hacer con ellos. \u00bfQu\u00e9 nos est\u00e1 pasando que nos aterra el paso del tiempo? En esta nueva entrega, Pilar Sordo desmenuza los ejes que dinamizan la vida moderna: el trabajo, la pareja, la&hellip;<\/p>\n","category_list_v2":"","author_info_v2":{"name":"","url":""},"comments_num_v2":"0 comentarios","_links":{"self":[{"href":"https:\/\/ajupe.com.uy\/web\/wp-json\/wp\/v2\/product\/8427","targetHints":{"allow":["GET"]}}],"collection":[{"href":"https:\/\/ajupe.com.uy\/web\/wp-json\/wp\/v2\/product"}],"about":[{"href":"https:\/\/ajupe.com.uy\/web\/wp-json\/wp\/v2\/types\/product"}],"wp:featuredmedia":[{"embeddable":true,"href":"https:\/\/ajupe.com.uy\/web\/wp-json\/wp\/v2\/media\/8300"}],"wp:attachment":[{"href":"https:\/\/ajupe.com.uy\/web\/wp-json\/wp\/v2\/media?parent=8427"}],"wp:term":[{"taxonomy":"product_brand","embeddable":true,"href":"https:\/\/ajupe.com.uy\/web\/wp-json\/wp\/v2\/product_brand?post=8427"},{"taxonomy":"product_cat","embeddable":true,"href":"https:\/\/ajupe.com.uy\/web\/wp-json\/wp\/v2\/product_cat?post=8427"},{"taxonomy":"product_tag","embeddable":true,"href":"https:\/\/ajupe.com.uy\/web\/wp-json\/wp\/v2\/product_tag?post=8427"}],"curies":[{"name":"wp","href":"https:\/\/api.w.org\/{rel}","templated":true}]}}

<p>No quiero envejecer fue la frase que más se escuchó durante la investigación sobre la que se sustenta este libro. Ya sea porque los valores del éxito están asociados exclusivamente a la juventud o por el miedo que nos produce el que mañana nos falten la salud o los recursos, el asunto es que hoy nos han regalado veinte años más de vida y no sabemos qué hacer con ellos. ¿Qué nos está pasando que nos aterra el paso del tiempo?<br />
En esta nueva entrega, Pilar Sordo desmenuza los ejes que dinamizan la vida moderna: el trabajo, la pareja, la familia, la sexualidad, la tecnología, la muerte, etc., y desde aquí construye la tesis central de este estudio que, más que con cómo enfrentar la vejez, tiene que ver con cómo incorporar la idea de que envejecemos según cómo hemos vivido. Por todo esto, más que un libro sobre la vejez, No quiero envejecer es una invitación a celebrar la vida, a escuchar nuestro cuerpo y nuestra alma, a invertir en los afectos y cuidar los vínculos. Solo de esta manera podremos prepararnos para vivir una vida plena y disfrutar de la maravilla que esconde cada una de las etapas de la vida.<br />
El viejo que seremos mañana o que somos hoy dependerá o depende del joven y del adulto que fuimos ayer.</p>

<p>No quiero envejecer fue la frase que más se escuchó durante la investigación sobre la que se sustenta este libro. Ya sea porque los valores del éxito están asociados exclusivamente a la juventud o por el miedo que nos produce el que mañana nos falten la salud o los recursos, el asunto es que hoy [&hellip;]</p>

<p>No quiero envejecer fue la frase que más se escuchó durante la investigación sobre la que se sustenta este libro. Ya sea porque los valores del éxito están asociados exclusivamente a la juventud o por el miedo que nos produce el que mañana nos falten la salud o los recursos, el asunto es que hoy nos han regalado veinte años más de vida y no sabemos qué hacer con ellos. ¿Qué nos está pasando que nos aterra el paso del tiempo? En esta nueva entrega, Pilar Sordo desmenuza los ejes que dinamizan la vida moderna: el trabajo, la pareja, la&hellip;</p>
