{"id":8482,"date":"2016-07-21T16:18:18","date_gmt":"2016-07-21T19:18:18","guid":{"rendered":"http:\/\/ajupe.com.uy\/web\/producto\/tenia-que-sobrevivir\/"},"modified":"2016-07-21T16:28:34","modified_gmt":"2016-07-21T19:28:34","slug":"tenia-que-sobrevivir","status":"publish","type":"product","link":"https:\/\/ajupe.com.uy\/web\/biblioteca\/tenia-que-sobrevivir\/","title":{"rendered":"Ten\u00eda que sobrevivir"},"content":{"rendered":"<p>El 13 de octubre de 1972, un avi\u00f3n de la Fuerza A\u00e9rea Uruguaya que<br \/>\nllevaba al equipo de rugby Old Christians #y muchos de sus amigos y<br \/>\nfamiliares- se estrell\u00f3 en medio de la cordillera de los Andes. Ten\u00eda<br \/>\nque sobrevivir es el relato cautivante y desgarrador de esa larga<br \/>\nexperiencia con la muerte que impuls\u00f3 a uno de sus sobrevivientes,<br \/>\nRoberto Canessa, a convertirse en uno de los cardi\u00f3logos infantiles m\u00e1s<br \/>\nconocidos del mundo.<br \/>\nCuando atend\u00eda a sus compa\u00f1eros heridos en medio de esa carnicer\u00eda<br \/>\ndevastadora que produjo el accidente, Roberto Canessa, que en aquel<br \/>\nentonces ten\u00eda diecinueve a\u00f1os y era un estudiante de segundo a\u00f1o de<br \/>\nmedicina, se sinti\u00f3 la persona m\u00e1s afortunada del planeta: estaba vivo,<br \/>\ny por eso mismo, deb\u00eda estar eternamente agradecido. Mientras el grupo<br \/>\nfam\u00e9lico luchaba por sobrevivir, m\u00e1s all\u00e1 del l\u00edmite de lo imaginable,<br \/>\nCanessa jug\u00f3 un rol fundamental para salvar a los dem\u00e1s sobrevivientes,<br \/>\natravesando, con un compa\u00f1ero, la cordillera de los Andes, ex\u00e1nimes y<br \/>\nsin ning\u00fan tipo de equipo, en busca de ayuda. Esta delgada l\u00ednea entre<br \/>\nla vida y la muerte se transform\u00f3 en un catalizador para el resto de su<br \/>\nvida.<br \/>\nTen\u00eda que sobrevivir trata de un iluminador relato de esperanza y<br \/>\ndeterminaci\u00f3n, solidaridad e ingenio, que aporta una nueva perspectiva a<br \/>\nuna historia mundialmente conocida. Canessa traza un paralelismo \u00fanico y<br \/>\nfascinante entre su trabajo diagnosticando cardiopat\u00edas cong\u00e9nitas muy<br \/>\ncomplejas a ni\u00f1os reci\u00e9n nacidos y fetos, y las decisiones dif\u00edciles de<br \/>\nvida o muerte que fue forzado a tomar en los Andes. Con ternura y<br \/>\nhumanismo, Canessa nos incita a preguntarnos: \u00bfQu\u00e9 hacer cuando todo<br \/>\nest\u00e1 en tu contra?<\/p>\n","protected":false},"excerpt":{"rendered":"<p>El 13 de octubre de 1972, un avi\u00f3n de la Fuerza A\u00e9rea Uruguaya que llevaba al equipo de rugby Old Christians #y muchos de sus amigos y familiares- se estrell\u00f3 en medio de la cordillera de los Andes. Ten\u00eda que sobrevivir es el relato cautivante y desgarrador de esa larga experiencia con la muerte que [&hellip;]<\/p>\n","protected":false},"featured_media":8304,"template":"","meta":[],"product_brand":[],"product_cat":[31,45],"product_tag":[],"class_list":{"0":"post-8482","1":"product","2":"type-product","3":"status-publish","4":"has-post-thumbnail","6":"product_cat-historico","7":"product_cat-uruguayo","9":"first","10":"instock","11":"purchasable","12":"product-type-simple"},"featured_image_urls_v2":{"full":["https:\/\/ajupe.com.uy\/web\/wp-content\/uploads\/2016\/06\/8978.jpg",221,339,false],"thumbnail":["https:\/\/ajupe.com.uy\/web\/wp-content\/uploads\/2016\/06\/8978-150x150.jpg",150,150,true],"medium":["https:\/\/ajupe.com.uy\/web\/wp-content\/uploads\/2016\/06\/8978-196x300.jpg",196,300,true],"medium_large":["https:\/\/ajupe.com.uy\/web\/wp-content\/uploads\/2016\/06\/8978.jpg",221,339,false],"large":["https:\/\/ajupe.com.uy\/web\/wp-content\/uploads\/2016\/06\/8978.jpg",221,339,false],"1536x1536":["https:\/\/ajupe.com.uy\/web\/wp-content\/uploads\/2016\/06\/8978.jpg",221,339,false],"2048x2048":["https:\/\/ajupe.com.uy\/web\/wp-content\/uploads\/2016\/06\/8978.jpg",221,339,false],"woocommerce_archive_thumbnail":["https:\/\/ajupe.com.uy\/web\/wp-content\/uploads\/2016\/06\/8978-221x300.jpg",221,300,true],"woocommerce_thumbnail":["https:\/\/ajupe.com.uy\/web\/wp-content\/uploads\/2016\/06\/8978-221x300.jpg",221,300,true],"woocommerce_single":["https:\/\/ajupe.com.uy\/web\/wp-content\/uploads\/2016\/06\/8978.jpg",221,339,false],"woocommerce_gallery_thumbnail":["https:\/\/ajupe.com.uy\/web\/wp-content\/uploads\/2016\/06\/8978-100x100.jpg",100,100,true]},"post_excerpt_stackable_v2":"<p>El 13 de octubre de 1972, un avi\u00f3n de la Fuerza A\u00e9rea Uruguaya que llevaba al equipo de rugby Old Christians #y muchos de sus amigos y familiares- se estrell\u00f3 en medio de la cordillera de los Andes. Ten\u00eda que sobrevivir es el relato cautivante y desgarrador de esa larga experiencia con la muerte que impuls\u00f3 a uno de sus sobrevivientes, Roberto Canessa, a convertirse en uno de los cardi\u00f3logos infantiles m\u00e1s conocidos del mundo. Cuando atend\u00eda a sus compa\u00f1eros heridos en medio de esa carnicer\u00eda devastadora que produjo el accidente, Roberto Canessa, que en aquel entonces ten\u00eda diecinueve a\u00f1os&hellip;<\/p>\n","category_list_v2":"","author_info_v2":{"name":"","url":""},"comments_num_v2":"0 comentarios","_links":{"self":[{"href":"https:\/\/ajupe.com.uy\/web\/wp-json\/wp\/v2\/product\/8482","targetHints":{"allow":["GET"]}}],"collection":[{"href":"https:\/\/ajupe.com.uy\/web\/wp-json\/wp\/v2\/product"}],"about":[{"href":"https:\/\/ajupe.com.uy\/web\/wp-json\/wp\/v2\/types\/product"}],"wp:featuredmedia":[{"embeddable":true,"href":"https:\/\/ajupe.com.uy\/web\/wp-json\/wp\/v2\/media\/8304"}],"wp:attachment":[{"href":"https:\/\/ajupe.com.uy\/web\/wp-json\/wp\/v2\/media?parent=8482"}],"wp:term":[{"taxonomy":"product_brand","embeddable":true,"href":"https:\/\/ajupe.com.uy\/web\/wp-json\/wp\/v2\/product_brand?post=8482"},{"taxonomy":"product_cat","embeddable":true,"href":"https:\/\/ajupe.com.uy\/web\/wp-json\/wp\/v2\/product_cat?post=8482"},{"taxonomy":"product_tag","embeddable":true,"href":"https:\/\/ajupe.com.uy\/web\/wp-json\/wp\/v2\/product_tag?post=8482"}],"curies":[{"name":"wp","href":"https:\/\/api.w.org\/{rel}","templated":true}]}}