{"id":8517,"date":"2016-07-21T17:28:54","date_gmt":"2016-07-21T20:28:54","guid":{"rendered":"http:\/\/ajupe.com.uy\/web\/producto\/ave-del-paraiso\/"},"modified":"2016-07-21T17:33:04","modified_gmt":"2016-07-21T20:33:04","slug":"ave-del-paraiso","status":"publish","type":"product","link":"https:\/\/ajupe.com.uy\/web\/biblioteca\/ave-del-paraiso\/","title":{"rendered":"Ave del para\u00edso"},"content":{"rendered":"<p>Situada en la m\u00edtica ciudad de Sparta, en Nueva York, <em>Ave del para\u00edso<\/em> es una punzante y v\u00edvida combinaci\u00f3n de romance er\u00f3tico y violencia tr\u00e1gica en la Norteam\u00e9rica de finales del siglo XX. Cuando Zoe Kruller, una joven esposa y madre, aparece brutalmente asesinada, la polic\u00eda de Sparta se centra en dos principales sospechosos, su marido, Delray, del que estaba separada, y su amante desde hace tiempo, Eddy Diehl. Mientras tanto, el hijo de los Kruller, Aaron, y la hija de Eddy, Krista, adquieren una mutua obsesi\u00f3n, y cada uno cree que el padre del otro es culpable. Una cl\u00e1sica novela de <strong>Oates<\/strong>, autora tambi\u00e9n de<em> La hija del sepulturero<\/em>, <em>Mam\u00e1<\/em>, <em>Infiel<\/em>, <em>Puro fuego<\/em> y <em>Un jard\u00edn de poderes terrenales<\/em>,\u00a0en la que el lirismo del intenso amor sexual est\u00e1 entrelazado con la angustia de la p\u00e9rdida y es dif\u00edcil diferenciar la ternura de la crueldad<\/p>\n","protected":false},"excerpt":{"rendered":"<p>Situada en la m\u00edtica ciudad de Sparta, en Nueva York, Ave del para\u00edso es una punzante y v\u00edvida combinaci\u00f3n de romance er\u00f3tico y violencia tr\u00e1gica en la Norteam\u00e9rica de finales del siglo XX. Cuando Zoe Kruller, una joven esposa y madre, aparece brutalmente asesinada, la polic\u00eda de Sparta se centra en dos principales sospechosos, su [&hellip;]<\/p>\n","protected":false},"featured_media":8505,"template":"","meta":[],"product_brand":[],"product_cat":[29],"product_tag":[],"class_list":{"0":"post-8517","1":"product","2":"type-product","3":"status-publish","4":"has-post-thumbnail","6":"product_cat-novela","8":"first","9":"instock","10":"purchasable","11":"product-type-simple"},"featured_image_urls_v2":{"full":["https:\/\/ajupe.com.uy\/web\/wp-content\/uploads\/2016\/07\/8990.jpg",222,351,false],"thumbnail":["https:\/\/ajupe.com.uy\/web\/wp-content\/uploads\/2016\/07\/8990-150x150.jpg",150,150,true],"medium":["https:\/\/ajupe.com.uy\/web\/wp-content\/uploads\/2016\/07\/8990-190x300.jpg",190,300,true],"medium_large":["https:\/\/ajupe.com.uy\/web\/wp-content\/uploads\/2016\/07\/8990.jpg",222,351,false],"large":["https:\/\/ajupe.com.uy\/web\/wp-content\/uploads\/2016\/07\/8990.jpg",222,351,false],"1536x1536":["https:\/\/ajupe.com.uy\/web\/wp-content\/uploads\/2016\/07\/8990.jpg",222,351,false],"2048x2048":["https:\/\/ajupe.com.uy\/web\/wp-content\/uploads\/2016\/07\/8990.jpg",222,351,false],"woocommerce_archive_thumbnail":["https:\/\/ajupe.com.uy\/web\/wp-content\/uploads\/2016\/07\/8990-222x300.jpg",222,300,true],"woocommerce_thumbnail":["https:\/\/ajupe.com.uy\/web\/wp-content\/uploads\/2016\/07\/8990-222x300.jpg",222,300,true],"woocommerce_single":["https:\/\/ajupe.com.uy\/web\/wp-content\/uploads\/2016\/07\/8990.jpg",222,351,false],"woocommerce_gallery_thumbnail":["https:\/\/ajupe.com.uy\/web\/wp-content\/uploads\/2016\/07\/8990-100x100.jpg",100,100,true]},"post_excerpt_stackable_v2":"<p>Situada en la m\u00edtica ciudad de Sparta, en Nueva York, Ave del para\u00edso es una punzante y v\u00edvida combinaci\u00f3n de romance er\u00f3tico y violencia tr\u00e1gica en la Norteam\u00e9rica de finales del siglo XX. Cuando Zoe Kruller, una joven esposa y madre, aparece brutalmente asesinada, la polic\u00eda de Sparta se centra en dos principales sospechosos, su marido, Delray, del que estaba separada, y su amante desde hace tiempo, Eddy Diehl. Mientras tanto, el hijo de los Kruller, Aaron, y la hija de Eddy, Krista, adquieren una mutua obsesi\u00f3n, y cada uno cree que el padre del otro es culpable. Una cl\u00e1sica&hellip;<\/p>\n","category_list_v2":"","author_info_v2":{"name":"","url":""},"comments_num_v2":"0 comentarios","_links":{"self":[{"href":"https:\/\/ajupe.com.uy\/web\/wp-json\/wp\/v2\/product\/8517","targetHints":{"allow":["GET"]}}],"collection":[{"href":"https:\/\/ajupe.com.uy\/web\/wp-json\/wp\/v2\/product"}],"about":[{"href":"https:\/\/ajupe.com.uy\/web\/wp-json\/wp\/v2\/types\/product"}],"wp:featuredmedia":[{"embeddable":true,"href":"https:\/\/ajupe.com.uy\/web\/wp-json\/wp\/v2\/media\/8505"}],"wp:attachment":[{"href":"https:\/\/ajupe.com.uy\/web\/wp-json\/wp\/v2\/media?parent=8517"}],"wp:term":[{"taxonomy":"product_brand","embeddable":true,"href":"https:\/\/ajupe.com.uy\/web\/wp-json\/wp\/v2\/product_brand?post=8517"},{"taxonomy":"product_cat","embeddable":true,"href":"https:\/\/ajupe.com.uy\/web\/wp-json\/wp\/v2\/product_cat?post=8517"},{"taxonomy":"product_tag","embeddable":true,"href":"https:\/\/ajupe.com.uy\/web\/wp-json\/wp\/v2\/product_tag?post=8517"}],"curies":[{"name":"wp","href":"https:\/\/api.w.org\/{rel}","templated":true}]}}