{"id":8527,"date":"2016-07-21T18:02:39","date_gmt":"2016-07-21T21:02:39","guid":{"rendered":"http:\/\/ajupe.com.uy\/web\/producto\/la-amiga-estupenda-dos-amigas-i\/"},"modified":"2016-07-21T18:04:39","modified_gmt":"2016-07-21T21:04:39","slug":"la-amiga-estupenda-dos-amigas-i","status":"publish","type":"product","link":"https:\/\/ajupe.com.uy\/web\/biblioteca\/la-amiga-estupenda-dos-amigas-i\/","title":{"rendered":"La amiga estupenda (Dos amigas I)"},"content":{"rendered":"<div class=\"bloque_texto_02 description\">\n<p><strong>Elena Ferrante<\/strong> inaugura una trilog\u00eda deslumbrante que tiene como tel\u00f3n de fondo la ciudad de N\u00e1poles a mediados del siglo pasado.<\/p>\n<p>Por primera vez <strong>Ferrante<\/strong> aborda una narraci\u00f3n m\u00e1s amplia, poniendo en escena no una realidad \u00edntima (la relaci\u00f3n madre-hija o la pareja) como en las novelas anteriores, sino un verdadero tableau vivant de los vecinos de un barrio marginal del N\u00e1poles de los a\u00f1os cincuenta.<\/p>\n<p>Es un escenario que le da la oportunidad de ejercer su especial habilidad para retratar a los personajes y la relaci\u00f3n entre ellos a trav\u00e9s de sus sensaciones y reacciones f\u00edsicas ante la realidad que los rodea. La historia de la amistad a veces contradictoria entre Lila y Nan\u00fa se hilvana sobre el fondo social de una ciudad violenta y pobre, devastada por la guerra y por los usureros; pero, lejos de convertirse en un trabajo de realismo social, la novela nos entrega el retrato de unos mecanismos emocionales marcados por la pobreza y la sumisi\u00f3n.<\/p>\n<p>Imprescindible.<\/p>\n<\/div>\n","protected":false},"excerpt":{"rendered":"<p>Elena Ferrante inaugura una trilog\u00eda deslumbrante que tiene como tel\u00f3n de fondo la ciudad de N\u00e1poles a mediados del siglo pasado. Por primera vez Ferrante aborda una narraci\u00f3n m\u00e1s amplia, poniendo en escena no una realidad \u00edntima (la relaci\u00f3n madre-hija o la pareja) como en las novelas anteriores, sino un verdadero tableau vivant de los [&hellip;]<\/p>\n","protected":false},"featured_media":8492,"template":"","meta":[],"product_brand":[],"product_cat":[29],"product_tag":[],"class_list":["post-8527","product","type-product","status-publish","has-post-thumbnail","product_cat-novela","first","instock","purchasable","product-type-simple"],"featured_image_urls_v2":{"full":["https:\/\/ajupe.com.uy\/web\/wp-content\/uploads\/2016\/07\/8999.jpg",221,338,false],"thumbnail":["https:\/\/ajupe.com.uy\/web\/wp-content\/uploads\/2016\/07\/8999-150x150.jpg",150,150,true],"medium":["https:\/\/ajupe.com.uy\/web\/wp-content\/uploads\/2016\/07\/8999-196x300.jpg",196,300,true],"medium_large":["https:\/\/ajupe.com.uy\/web\/wp-content\/uploads\/2016\/07\/8999.jpg",221,338,false],"large":["https:\/\/ajupe.com.uy\/web\/wp-content\/uploads\/2016\/07\/8999.jpg",221,338,false],"1536x1536":["https:\/\/ajupe.com.uy\/web\/wp-content\/uploads\/2016\/07\/8999.jpg",221,338,false],"2048x2048":["https:\/\/ajupe.com.uy\/web\/wp-content\/uploads\/2016\/07\/8999.jpg",221,338,false],"woocommerce_archive_thumbnail":["https:\/\/ajupe.com.uy\/web\/wp-content\/uploads\/2016\/07\/8999-221x300.jpg",221,300,true],"woocommerce_thumbnail":["https:\/\/ajupe.com.uy\/web\/wp-content\/uploads\/2016\/07\/8999-221x300.jpg",221,300,true],"woocommerce_single":["https:\/\/ajupe.com.uy\/web\/wp-content\/uploads\/2016\/07\/8999.jpg",221,338,false],"woocommerce_gallery_thumbnail":["https:\/\/ajupe.com.uy\/web\/wp-content\/uploads\/2016\/07\/8999-100x100.jpg",100,100,true]},"post_excerpt_stackable_v2":"<p>Elena Ferrante inaugura una trilog\u00eda deslumbrante que tiene como tel\u00f3n de fondo la ciudad de N\u00e1poles a mediados del siglo pasado. Por primera vez Ferrante aborda una narraci\u00f3n m\u00e1s amplia, poniendo en escena no una realidad \u00edntima (la relaci\u00f3n madre-hija o la pareja) como en las novelas anteriores, sino un verdadero tableau vivant de los vecinos de un barrio marginal del N\u00e1poles de los a\u00f1os cincuenta. Es un escenario que le da la oportunidad de ejercer su especial habilidad para retratar a los personajes y la relaci\u00f3n entre ellos a trav\u00e9s de sus sensaciones y reacciones f\u00edsicas ante la realidad&hellip;<\/p>\n","category_list_v2":"","author_info_v2":{"name":"","url":""},"comments_num_v2":"0 comentarios","_links":{"self":[{"href":"https:\/\/ajupe.com.uy\/web\/wp-json\/wp\/v2\/product\/8527","targetHints":{"allow":["GET"]}}],"collection":[{"href":"https:\/\/ajupe.com.uy\/web\/wp-json\/wp\/v2\/product"}],"about":[{"href":"https:\/\/ajupe.com.uy\/web\/wp-json\/wp\/v2\/types\/product"}],"wp:featuredmedia":[{"embeddable":true,"href":"https:\/\/ajupe.com.uy\/web\/wp-json\/wp\/v2\/media\/8492"}],"wp:attachment":[{"href":"https:\/\/ajupe.com.uy\/web\/wp-json\/wp\/v2\/media?parent=8527"}],"wp:term":[{"taxonomy":"product_brand","embeddable":true,"href":"https:\/\/ajupe.com.uy\/web\/wp-json\/wp\/v2\/product_brand?post=8527"},{"taxonomy":"product_cat","embeddable":true,"href":"https:\/\/ajupe.com.uy\/web\/wp-json\/wp\/v2\/product_cat?post=8527"},{"taxonomy":"product_tag","embeddable":true,"href":"https:\/\/ajupe.com.uy\/web\/wp-json\/wp\/v2\/product_tag?post=8527"}],"curies":[{"name":"wp","href":"https:\/\/api.w.org\/{rel}","templated":true}]}}

<div class="bloque_texto_02 description">
<p><strong>Elena Ferrante</strong> inaugura una trilogía deslumbrante que tiene como telón de fondo la ciudad de Nápoles a mediados del siglo pasado.</p>
<p>Por primera vez <strong>Ferrante</strong> aborda una narración más amplia, poniendo en escena no una realidad íntima (la relación madre-hija o la pareja) como en las novelas anteriores, sino un verdadero tableau vivant de los vecinos de un barrio marginal del Nápoles de los años cincuenta.</p>
<p>Es un escenario que le da la oportunidad de ejercer su especial habilidad para retratar a los personajes y la relación entre ellos a través de sus sensaciones y reacciones físicas ante la realidad que los rodea. La historia de la amistad a veces contradictoria entre Lila y Nanú se hilvana sobre el fondo social de una ciudad violenta y pobre, devastada por la guerra y por los usureros; pero, lejos de convertirse en un trabajo de realismo social, la novela nos entrega el retrato de unos mecanismos emocionales marcados por la pobreza y la sumisión.</p>
<p>Imprescindible.</p>
</div>

<p>Elena Ferrante inaugura una trilogía deslumbrante que tiene como telón de fondo la ciudad de Nápoles a mediados del siglo pasado. Por primera vez Ferrante aborda una narración más amplia, poniendo en escena no una realidad íntima (la relación madre-hija o la pareja) como en las novelas anteriores, sino un verdadero tableau vivant de los [&hellip;]</p>

<p>Elena Ferrante inaugura una trilogía deslumbrante que tiene como telón de fondo la ciudad de Nápoles a mediados del siglo pasado. Por primera vez Ferrante aborda una narración más amplia, poniendo en escena no una realidad íntima (la relación madre-hija o la pareja) como en las novelas anteriores, sino un verdadero tableau vivant de los vecinos de un barrio marginal del Nápoles de los años cincuenta. Es un escenario que le da la oportunidad de ejercer su especial habilidad para retratar a los personajes y la relación entre ellos a través de sus sensaciones y reacciones físicas ante la realidad&hellip;</p>
