{"id":8920,"date":"2017-02-14T18:25:03","date_gmt":"2017-02-14T21:25:03","guid":{"rendered":"http:\/\/ajupe.com.uy\/web\/producto\/la-primera-orden\/"},"modified":"2017-02-14T18:28:25","modified_gmt":"2017-02-14T21:28:25","slug":"la-primera-orden","status":"publish","type":"product","link":"https:\/\/ajupe.com.uy\/web\/biblioteca\/la-primera-orden\/","title":{"rendered":"La primera orden"},"content":{"rendered":"<p>El t\u00edtulo completo del libro es: \u201c\u00bbLa primera orden. Gregorio \u00c1lvarez, el militar y el dictador. Una historia de omnipotencia\u00bb. \u00abNo hubo hecho relevante en los a\u00f1os previos a la dictadura, durante la dictadura e incluso en algunos posteriores, en los que no haya estado detr\u00e1s el general \u00c1lvarez\u00bb. Esta es una de las premisas de las que parte esta nueva investigaci\u00f3n de Alfonso Lessa. El libro relata la personalidad del general (r) Gregorio \u00c1lvarez y reconstruye los pasos que, con una vocaci\u00f3n pol\u00edtica infrecuente entre los militares, lo convirtieron en el general m\u00e1s poderoso de la historia uruguaya reciente. En octubre de 2009 la Justicia conden\u00f3 al militar a 25 a\u00f1os de prisi\u00f3n por encontrarlo responsable de 37 delitos de homicidio muy especialmente agravados, en reiteraci\u00f3n real. El autor viv\u00f3 y cubri\u00f3 como periodista muchos de los hechos relatados y tuvo la oportunidad de conversar varias veces con \u00c1lvarez, incluso en dos ocasiones en su prisi\u00f3n. Complet\u00f3 as\u00ed una investigaci\u00f3n integral y rigurosa, con la perspectiva que merece un cap\u00edtulo crucial de la vida pol\u00edtica del pa\u00eds. Lessa se nutri\u00f3 de entrevistas a referentes pol\u00edticos y militares de la \u00e9poca, hombres cercanos a \u00c1lvarez y otros que lo enfrentaron, y reuni\u00f3 valiosos documentos -muchos in\u00e9ditos o casi desconocidos- que se rescatan en esta publicaci\u00f3n. El apetito de poder, su sorda disputa con Bordaberry, la lucha por la conducci\u00f3n econ\u00f3mica en la dictadura, los golpes dentro del golpe, las conversaciones con el enemigo, su plan pol\u00edtico, los intentos de asesinarlo, su obsesi\u00f3n por los dirigentes pol\u00edticos y en particular por Wilson, el papel de su gobierno y de Uruguay en la guerra de las Malvinas, las atocr\u00edticas despu\u00e9s del No en el 80, el peso psicol\u00f3gico de los carceleros, el pacto del Club Naval a sus espaldas, las negociaciones secretas y la visita de los reyes de Espa\u00f1a son algunos de los puntos m\u00e1s relevantes de esta investigaci\u00f3n<\/p>\n","protected":false},"excerpt":{"rendered":"<p>El t\u00edtulo completo del libro es: \u201c\u00bbLa primera orden. Gregorio \u00c1lvarez, el militar y el dictador. Una historia de omnipotencia\u00bb. \u00abNo hubo hecho relevante en los a\u00f1os previos a la dictadura, durante la dictadura e incluso en algunos posteriores, en los que no haya estado detr\u00e1s el general \u00c1lvarez\u00bb. Esta es una de las premisas [&hellip;]<\/p>\n","protected":false},"featured_media":8862,"template":"","meta":[],"product_brand":[],"product_cat":[45],"product_tag":[],"class_list":{"0":"post-8920","1":"product","2":"type-product","3":"status-publish","4":"has-post-thumbnail","6":"product_cat-uruguayo","8":"first","9":"instock","10":"purchasable","11":"product-type-simple"},"featured_image_urls_v2":{"full":["https:\/\/ajupe.com.uy\/web\/wp-content\/uploads\/2016\/10\/9053.jpg",120,187,false],"thumbnail":["https:\/\/ajupe.com.uy\/web\/wp-content\/uploads\/2016\/10\/9053-120x150.jpg",120,150,true],"medium":["https:\/\/ajupe.com.uy\/web\/wp-content\/uploads\/2016\/10\/9053.jpg",120,187,false],"medium_large":["https:\/\/ajupe.com.uy\/web\/wp-content\/uploads\/2016\/10\/9053.jpg",120,187,false],"large":["https:\/\/ajupe.com.uy\/web\/wp-content\/uploads\/2016\/10\/9053.jpg",120,187,false],"1536x1536":["https:\/\/ajupe.com.uy\/web\/wp-content\/uploads\/2016\/10\/9053.jpg",120,187,false],"2048x2048":["https:\/\/ajupe.com.uy\/web\/wp-content\/uploads\/2016\/10\/9053.jpg",120,187,false],"woocommerce_archive_thumbnail":["https:\/\/ajupe.com.uy\/web\/wp-content\/uploads\/2016\/10\/9053.jpg",120,187,false],"woocommerce_thumbnail":["https:\/\/ajupe.com.uy\/web\/wp-content\/uploads\/2016\/10\/9053.jpg",120,187,false],"woocommerce_single":["https:\/\/ajupe.com.uy\/web\/wp-content\/uploads\/2016\/10\/9053.jpg",120,187,false],"woocommerce_gallery_thumbnail":["https:\/\/ajupe.com.uy\/web\/wp-content\/uploads\/2016\/10\/9053-100x100.jpg",100,100,true]},"post_excerpt_stackable_v2":"<p>El t\u00edtulo completo del libro es: \u201c\u00bbLa primera orden. Gregorio \u00c1lvarez, el militar y el dictador. Una historia de omnipotencia\u00bb. \u00abNo hubo hecho relevante en los a\u00f1os previos a la dictadura, durante la dictadura e incluso en algunos posteriores, en los que no haya estado detr\u00e1s el general \u00c1lvarez\u00bb. Esta es una de las premisas de las que parte esta nueva investigaci\u00f3n de Alfonso Lessa. El libro relata la personalidad del general (r) Gregorio \u00c1lvarez y reconstruye los pasos que, con una vocaci\u00f3n pol\u00edtica infrecuente entre los militares, lo convirtieron en el general m\u00e1s poderoso de la historia uruguaya reciente.&hellip;<\/p>\n","category_list_v2":"","author_info_v2":{"name":"","url":""},"comments_num_v2":"0 comentarios","_links":{"self":[{"href":"https:\/\/ajupe.com.uy\/web\/wp-json\/wp\/v2\/product\/8920","targetHints":{"allow":["GET"]}}],"collection":[{"href":"https:\/\/ajupe.com.uy\/web\/wp-json\/wp\/v2\/product"}],"about":[{"href":"https:\/\/ajupe.com.uy\/web\/wp-json\/wp\/v2\/types\/product"}],"wp:featuredmedia":[{"embeddable":true,"href":"https:\/\/ajupe.com.uy\/web\/wp-json\/wp\/v2\/media\/8862"}],"wp:attachment":[{"href":"https:\/\/ajupe.com.uy\/web\/wp-json\/wp\/v2\/media?parent=8920"}],"wp:term":[{"taxonomy":"product_brand","embeddable":true,"href":"https:\/\/ajupe.com.uy\/web\/wp-json\/wp\/v2\/product_brand?post=8920"},{"taxonomy":"product_cat","embeddable":true,"href":"https:\/\/ajupe.com.uy\/web\/wp-json\/wp\/v2\/product_cat?post=8920"},{"taxonomy":"product_tag","embeddable":true,"href":"https:\/\/ajupe.com.uy\/web\/wp-json\/wp\/v2\/product_tag?post=8920"}],"curies":[{"name":"wp","href":"https:\/\/api.w.org\/{rel}","templated":true}]}}