{"id":964,"date":"2010-07-14T00:00:00","date_gmt":"2010-07-14T03:00:00","guid":{"rendered":"http:\/\/ajupe.com.uy\/web\/?post_type=product&#038;p=964"},"modified":"2011-09-15T19:51:42","modified_gmt":"2011-09-15T22:51:42","slug":"con-la-patria-en-la-valija","status":"publish","type":"product","link":"https:\/\/ajupe.com.uy\/web\/biblioteca\/con-la-patria-en-la-valija\/","title":{"rendered":"Con la patria en la valija"},"content":{"rendered":"<p>Las tristezas, alegr\u00edas, frustraciones y esperanzas con que se vivi\u00f3 el exilio de los uruguayos son transmitidas a trav\u00e9s de la memoria de uno de sus protagonistas. J. R. Ferreira rescata apasionantes episodios de sus diez a\u00f1os de destierro donde aparecen tanto personajes an\u00f3nimos como grandes figuras mundiales de fin de siglo. El dram\u00e1tico relato del asesinato de Michelini y Gutierrez Ruiz y la manera incre\u00edble en que Wilson y Juan Ra\u00fal logran escapar de la muerte en ese incidente; el recordado regreso de Wilson desde Buenos Aires; las incontables gestiones a favor de la recuperaci\u00f3n de la democracia; el atentado con las botellas de vino envenenado; ls permanentes y sorpresivas mutaciones de la pol\u00edtica.<\/p>\n","protected":false},"excerpt":{"rendered":"<p>Las tristezas, alegr\u00edas, frustraciones y esperanzas con que se vivi\u00f3 el exilio de los uruguayos son transmitidas a trav\u00e9s de la memoria de uno de sus protagonistas. J. R. Ferreira rescata apasionantes episodios de sus diez a\u00f1os de destierro donde aparecen<\/p>\n","protected":false},"featured_media":965,"template":"","meta":[],"product_brand":[258],"product_cat":[31,45,39],"product_tag":[],"class_list":{"0":"post-964","1":"product","2":"type-product","3":"status-publish","4":"has-post-thumbnail","6":"product_brand-juan-raul-ferreira","7":"product_cat-historico","8":"product_cat-uruguayo","9":"product_cat-veridico","11":"first","12":"instock","13":"purchasable","14":"product-type-simple"},"featured_image_urls_v2":{"full":["https:\/\/ajupe.com.uy\/web\/wp-content\/uploads\/2016\/04\/p-964-6003.jpg",361,503,false],"thumbnail":["https:\/\/ajupe.com.uy\/web\/wp-content\/uploads\/2016\/04\/p-964-6003.jpg",150,150,true],"medium":["https:\/\/ajupe.com.uy\/web\/wp-content\/uploads\/2016\/04\/p-964-6003.jpg",300,214,true],"medium_large":["https:\/\/ajupe.com.uy\/web\/wp-content\/uploads\/2016\/04\/p-964-6003.jpg",361,503,false],"large":["https:\/\/ajupe.com.uy\/web\/wp-content\/uploads\/2016\/04\/p-964-6003.jpg",361,503,false],"1536x1536":["https:\/\/ajupe.com.uy\/web\/wp-content\/uploads\/2016\/04\/p-964-6003.jpg",361,503,false],"2048x2048":["https:\/\/ajupe.com.uy\/web\/wp-content\/uploads\/2016\/04\/p-964-6003.jpg",361,503,false],"woocommerce_archive_thumbnail":["https:\/\/ajupe.com.uy\/web\/wp-content\/uploads\/2016\/04\/p-964-6003-300x450.jpg",300,450,true],"woocommerce_thumbnail":["https:\/\/ajupe.com.uy\/web\/wp-content\/uploads\/2016\/04\/p-964-6003-300x300.jpg",300,300,true],"woocommerce_single":["https:\/\/ajupe.com.uy\/web\/wp-content\/uploads\/2016\/04\/p-964-6003-300x418.jpg",300,418,true],"woocommerce_gallery_thumbnail":["https:\/\/ajupe.com.uy\/web\/wp-content\/uploads\/2016\/04\/p-964-6003-100x100.jpg",100,100,true]},"post_excerpt_stackable_v2":"<p>Las tristezas, alegr\u00edas, frustraciones y esperanzas con que se vivi\u00f3 el exilio de los uruguayos son transmitidas a trav\u00e9s de la memoria de uno de sus protagonistas. J. R. Ferreira rescata apasionantes episodios de sus diez a\u00f1os de destierro donde aparecen<\/p>\n","category_list_v2":"","author_info_v2":{"name":"","url":""},"comments_num_v2":"0 comentarios","_links":{"self":[{"href":"https:\/\/ajupe.com.uy\/web\/wp-json\/wp\/v2\/product\/964","targetHints":{"allow":["GET"]}}],"collection":[{"href":"https:\/\/ajupe.com.uy\/web\/wp-json\/wp\/v2\/product"}],"about":[{"href":"https:\/\/ajupe.com.uy\/web\/wp-json\/wp\/v2\/types\/product"}],"wp:featuredmedia":[{"embeddable":true,"href":"https:\/\/ajupe.com.uy\/web\/wp-json\/wp\/v2\/media\/965"}],"wp:attachment":[{"href":"https:\/\/ajupe.com.uy\/web\/wp-json\/wp\/v2\/media?parent=964"}],"wp:term":[{"taxonomy":"product_brand","embeddable":true,"href":"https:\/\/ajupe.com.uy\/web\/wp-json\/wp\/v2\/product_brand?post=964"},{"taxonomy":"product_cat","embeddable":true,"href":"https:\/\/ajupe.com.uy\/web\/wp-json\/wp\/v2\/product_cat?post=964"},{"taxonomy":"product_tag","embeddable":true,"href":"https:\/\/ajupe.com.uy\/web\/wp-json\/wp\/v2\/product_tag?post=964"}],"curies":[{"name":"wp","href":"https:\/\/api.w.org\/{rel}","templated":true}]}}