{"id":9954,"date":"2021-10-19T15:48:14","date_gmt":"2021-10-19T18:48:14","guid":{"rendered":"http:\/\/ajupe.com.uy\/web\/?post_type=product&#038;p=9954"},"modified":"2021-10-19T15:49:55","modified_gmt":"2021-10-19T18:49:55","slug":"marea-viva","status":"publish","type":"product","link":"https:\/\/ajupe.com.uy\/web\/biblioteca\/marea-viva\/","title":{"rendered":"MAREA VIVA"},"content":{"rendered":"<p>La marea viva lleg\u00f3 s\u00fabitamente. La altura de las olas aumentaba con cada pasada y el agua cubr\u00eda la cabeza, meti\u00e9ndose en la boca y la nariz de la mujer. Trag\u00f3 agua y al volver la cabeza recibi\u00f3 una nueva ola en el rostro. Una de las figuras se acerc\u00f3 a ella y se puso en cuclillas. Sus miradas se cruzaron. Desde su escondite, el chico advirti\u00f3 la subida del nivel de las aguas. La cabeza de la mujer desaparec\u00eda y volv\u00eda a aparecer. Dos de las figuras oscuras hab\u00edan desaparecido, la tercera estaba subiendo por la playa. De pronto se oy\u00f3 un terrible grito: la mujer en el hoyo aullaba fuera de s\u00ed. Resonaba en la ensenada llana y reverber\u00f3 contra la roca tras la cual se escond\u00eda el chico, justo antes de que la siguiente ola cubriera la cabeza de la mujer y el grito se ahogara. Entonces el chico ech\u00f3 a correr.<\/p>\n","protected":false},"excerpt":{"rendered":"<p>La marea viva lleg\u00f3 s\u00fabitamente. La altura de las olas aumentaba con cada pasada y el agua cubr\u00eda la cabeza, meti\u00e9ndose en la boca y la nariz de la mujer. Trag\u00f3 agua y al volver la cabeza recibi\u00f3 una nueva ola en el rostro. Una de las figuras se acerc\u00f3 a ella y se puso [&hellip;]<\/p>\n","protected":false},"featured_media":9942,"template":"","meta":[],"product_brand":[],"product_cat":[40],"product_tag":[],"class_list":{"0":"post-9954","1":"product","2":"type-product","3":"status-publish","4":"has-post-thumbnail","6":"product_cat-policial","8":"first","9":"outofstock","10":"purchasable","11":"product-type-simple"},"featured_image_urls_v2":{"full":["https:\/\/ajupe.com.uy\/web\/wp-content\/uploads\/2021\/10\/9193.jpg",181,280,false],"thumbnail":["https:\/\/ajupe.com.uy\/web\/wp-content\/uploads\/2021\/10\/9193-150x150.jpg",150,150,true],"medium":["https:\/\/ajupe.com.uy\/web\/wp-content\/uploads\/2021\/10\/9193.jpg",181,280,false],"medium_large":["https:\/\/ajupe.com.uy\/web\/wp-content\/uploads\/2021\/10\/9193.jpg",181,280,false],"large":["https:\/\/ajupe.com.uy\/web\/wp-content\/uploads\/2021\/10\/9193.jpg",181,280,false],"1536x1536":["https:\/\/ajupe.com.uy\/web\/wp-content\/uploads\/2021\/10\/9193.jpg",181,280,false],"2048x2048":["https:\/\/ajupe.com.uy\/web\/wp-content\/uploads\/2021\/10\/9193.jpg",181,280,false],"woocommerce_archive_thumbnail":["https:\/\/ajupe.com.uy\/web\/wp-content\/uploads\/2021\/10\/9193.jpg",181,280,false],"woocommerce_thumbnail":["https:\/\/ajupe.com.uy\/web\/wp-content\/uploads\/2021\/10\/9193.jpg",181,280,false],"woocommerce_single":["https:\/\/ajupe.com.uy\/web\/wp-content\/uploads\/2021\/10\/9193.jpg",181,280,false],"woocommerce_gallery_thumbnail":["https:\/\/ajupe.com.uy\/web\/wp-content\/uploads\/2021\/10\/9193-100x100.jpg",100,100,true]},"post_excerpt_stackable_v2":"<p>La marea viva lleg\u00f3 s\u00fabitamente. La altura de las olas aumentaba con cada pasada y el agua cubr\u00eda la cabeza, meti\u00e9ndose en la boca y la nariz de la mujer. Trag\u00f3 agua y al volver la cabeza recibi\u00f3 una nueva ola en el rostro. Una de las figuras se acerc\u00f3 a ella y se puso en cuclillas. Sus miradas se cruzaron. Desde su escondite, el chico advirti\u00f3 la subida del nivel de las aguas. La cabeza de la mujer desaparec\u00eda y volv\u00eda a aparecer. Dos de las figuras oscuras hab\u00edan desaparecido, la tercera estaba subiendo por la playa. De pronto&hellip;<\/p>\n","category_list_v2":"","author_info_v2":{"name":"","url":""},"comments_num_v2":"0 comentarios","_links":{"self":[{"href":"https:\/\/ajupe.com.uy\/web\/wp-json\/wp\/v2\/product\/9954","targetHints":{"allow":["GET"]}}],"collection":[{"href":"https:\/\/ajupe.com.uy\/web\/wp-json\/wp\/v2\/product"}],"about":[{"href":"https:\/\/ajupe.com.uy\/web\/wp-json\/wp\/v2\/types\/product"}],"wp:featuredmedia":[{"embeddable":true,"href":"https:\/\/ajupe.com.uy\/web\/wp-json\/wp\/v2\/media\/9942"}],"wp:attachment":[{"href":"https:\/\/ajupe.com.uy\/web\/wp-json\/wp\/v2\/media?parent=9954"}],"wp:term":[{"taxonomy":"product_brand","embeddable":true,"href":"https:\/\/ajupe.com.uy\/web\/wp-json\/wp\/v2\/product_brand?post=9954"},{"taxonomy":"product_cat","embeddable":true,"href":"https:\/\/ajupe.com.uy\/web\/wp-json\/wp\/v2\/product_cat?post=9954"},{"taxonomy":"product_tag","embeddable":true,"href":"https:\/\/ajupe.com.uy\/web\/wp-json\/wp\/v2\/product_tag?post=9954"}],"curies":[{"name":"wp","href":"https:\/\/api.w.org\/{rel}","templated":true}]}}