{"id":9974,"date":"2021-10-19T17:25:34","date_gmt":"2021-10-19T20:25:34","guid":{"rendered":"http:\/\/ajupe.com.uy\/web\/?post_type=product&#038;p=9974"},"modified":"2021-10-19T17:26:24","modified_gmt":"2021-10-19T20:26:24","slug":"mala-vida","status":"publish","type":"product","link":"https:\/\/ajupe.com.uy\/web\/biblioteca\/mala-vida\/","title":{"rendered":"MALA VIDA"},"content":{"rendered":"<p>El libro sumerge al lector en un pasado hist\u00f3rico reconstruido fielmente gracias a unos personajes de sobra veros\u00edmiles. Porque nada es tan humano como la rebeld\u00eda de esos aventureros, que luchan por convertir cada d\u00eda de su precaria existencia en un festejo de sensualidad. Y para excusar su escasa virtud, nada m\u00e1s id\u00f3neo que la iron\u00eda y lenguaje jocoso.<\/p>\n","protected":false},"excerpt":{"rendered":"<p>El libro sumerge al lector en un pasado hist\u00f3rico reconstruido fielmente gracias a unos personajes de sobra veros\u00edmiles. Porque nada es tan humano como la rebeld\u00eda de esos aventureros, que luchan por convertir cada d\u00eda de su precaria existencia en un festejo de sensualidad. Y para excusar su escasa virtud, nada m\u00e1s id\u00f3neo que la [&hellip;]<\/p>\n","protected":false},"featured_media":9923,"template":"","meta":[],"product_brand":[],"product_cat":[31,29],"product_tag":[],"class_list":{"0":"post-9974","1":"product","2":"type-product","3":"status-publish","4":"has-post-thumbnail","6":"product_cat-historico","7":"product_cat-novela","9":"first","10":"outofstock","11":"purchasable","12":"product-type-simple"},"featured_image_urls_v2":{"full":["https:\/\/ajupe.com.uy\/web\/wp-content\/uploads\/2021\/10\/9174.jpg",222,326,false],"thumbnail":["https:\/\/ajupe.com.uy\/web\/wp-content\/uploads\/2021\/10\/9174-150x150.jpg",150,150,true],"medium":["https:\/\/ajupe.com.uy\/web\/wp-content\/uploads\/2021\/10\/9174-204x300.jpg",204,300,true],"medium_large":["https:\/\/ajupe.com.uy\/web\/wp-content\/uploads\/2021\/10\/9174.jpg",222,326,false],"large":["https:\/\/ajupe.com.uy\/web\/wp-content\/uploads\/2021\/10\/9174.jpg",222,326,false],"1536x1536":["https:\/\/ajupe.com.uy\/web\/wp-content\/uploads\/2021\/10\/9174.jpg",222,326,false],"2048x2048":["https:\/\/ajupe.com.uy\/web\/wp-content\/uploads\/2021\/10\/9174.jpg",222,326,false],"woocommerce_archive_thumbnail":["https:\/\/ajupe.com.uy\/web\/wp-content\/uploads\/2021\/10\/9174-222x300.jpg",222,300,true],"woocommerce_thumbnail":["https:\/\/ajupe.com.uy\/web\/wp-content\/uploads\/2021\/10\/9174-222x300.jpg",222,300,true],"woocommerce_single":["https:\/\/ajupe.com.uy\/web\/wp-content\/uploads\/2021\/10\/9174.jpg",222,326,false],"woocommerce_gallery_thumbnail":["https:\/\/ajupe.com.uy\/web\/wp-content\/uploads\/2021\/10\/9174-100x100.jpg",100,100,true]},"post_excerpt_stackable_v2":"<p>El libro sumerge al lector en un pasado hist\u00f3rico reconstruido fielmente gracias a unos personajes de sobra veros\u00edmiles. Porque nada es tan humano como la rebeld\u00eda de esos aventureros, que luchan por convertir cada d\u00eda de su precaria existencia en un festejo de sensualidad. Y para excusar su escasa virtud, nada m\u00e1s id\u00f3neo que la iron\u00eda y lenguaje jocoso.<\/p>\n","category_list_v2":"","author_info_v2":{"name":"","url":""},"comments_num_v2":"0 comentarios","_links":{"self":[{"href":"https:\/\/ajupe.com.uy\/web\/wp-json\/wp\/v2\/product\/9974","targetHints":{"allow":["GET"]}}],"collection":[{"href":"https:\/\/ajupe.com.uy\/web\/wp-json\/wp\/v2\/product"}],"about":[{"href":"https:\/\/ajupe.com.uy\/web\/wp-json\/wp\/v2\/types\/product"}],"wp:featuredmedia":[{"embeddable":true,"href":"https:\/\/ajupe.com.uy\/web\/wp-json\/wp\/v2\/media\/9923"}],"wp:attachment":[{"href":"https:\/\/ajupe.com.uy\/web\/wp-json\/wp\/v2\/media?parent=9974"}],"wp:term":[{"taxonomy":"product_brand","embeddable":true,"href":"https:\/\/ajupe.com.uy\/web\/wp-json\/wp\/v2\/product_brand?post=9974"},{"taxonomy":"product_cat","embeddable":true,"href":"https:\/\/ajupe.com.uy\/web\/wp-json\/wp\/v2\/product_cat?post=9974"},{"taxonomy":"product_tag","embeddable":true,"href":"https:\/\/ajupe.com.uy\/web\/wp-json\/wp\/v2\/product_tag?post=9974"}],"curies":[{"name":"wp","href":"https:\/\/api.w.org\/{rel}","templated":true}]}}