{"id":998,"date":"2010-07-14T00:00:00","date_gmt":"2010-07-14T03:00:00","guid":{"rendered":"http:\/\/ajupe.com.uy\/web\/?post_type=product&#038;p=998"},"modified":"2011-09-22T18:47:33","modified_gmt":"2011-09-22T21:47:33","slug":"l-a-confidential","status":"publish","type":"product","link":"https:\/\/ajupe.com.uy\/web\/biblioteca\/l-a-confidential\/","title":{"rendered":"L.A. Confidential"},"content":{"rendered":"<p>Los \u00c1ngeles, a\u00f1os 50. Una d\u00e9cada desquiciada y turbulenta; una ciudad marcada por la corrupci\u00f3n, la violencia, la pornograf\u00eda y las mafias, y sacudida de repente por un atroz asesinato de oscuras ramificaciones. En medio, movi\u00e9ndose en arenas movedizas y siempre al borde de la ley, tres polic\u00edas: Ed Exley, sediento de gloria y capaz de violar todas las normas; Bud White, una bomba de relojer\u00eda con placa que ans\u00eda vengarse de la muerte brutal de su madre, y Jack Vincennes, obsesionado por un secreto que quiere mantener oculto a cualquier precio&#8230;<\/p>\n","protected":false},"excerpt":{"rendered":"<p>Los \u00c1ngeles, a\u00f1os 50. Una d\u00e9cada desquiciada y turbulenta; una ciudad marcada por la corrupci\u00f3n, la violencia, la pornograf\u00eda y las mafias, y sacudida de repente por un atroz asesinato de oscuras ramificaciones. En medio, movi\u00e9ndose en arenas movedizas y<\/p>\n","protected":false},"featured_media":999,"template":"","meta":[],"product_brand":[272],"product_cat":[30],"product_tag":[],"class_list":{"0":"post-998","1":"product","2":"type-product","3":"status-publish","4":"has-post-thumbnail","6":"product_brand-james-ellroy","7":"product_cat-suspenso","9":"first","10":"instock","11":"purchasable","12":"product-type-simple"},"featured_image_urls_v2":{"full":["https:\/\/ajupe.com.uy\/web\/wp-content\/uploads\/2016\/04\/p-998-6020.jpg",362,598,false],"thumbnail":["https:\/\/ajupe.com.uy\/web\/wp-content\/uploads\/2016\/04\/p-998-6020.jpg",150,150,true],"medium":["https:\/\/ajupe.com.uy\/web\/wp-content\/uploads\/2016\/04\/p-998-6020.jpg",300,214,true],"medium_large":["https:\/\/ajupe.com.uy\/web\/wp-content\/uploads\/2016\/04\/p-998-6020.jpg",362,598,false],"large":["https:\/\/ajupe.com.uy\/web\/wp-content\/uploads\/2016\/04\/p-998-6020.jpg",362,598,false],"1536x1536":["https:\/\/ajupe.com.uy\/web\/wp-content\/uploads\/2016\/04\/p-998-6020.jpg",362,598,false],"2048x2048":["https:\/\/ajupe.com.uy\/web\/wp-content\/uploads\/2016\/04\/p-998-6020.jpg",362,598,false],"woocommerce_archive_thumbnail":["https:\/\/ajupe.com.uy\/web\/wp-content\/uploads\/2016\/04\/p-998-6020-300x450.jpg",300,450,true],"woocommerce_thumbnail":["https:\/\/ajupe.com.uy\/web\/wp-content\/uploads\/2016\/04\/p-998-6020-300x300.jpg",300,300,true],"woocommerce_single":["https:\/\/ajupe.com.uy\/web\/wp-content\/uploads\/2016\/04\/p-998-6020-300x496.jpg",300,496,true],"woocommerce_gallery_thumbnail":["https:\/\/ajupe.com.uy\/web\/wp-content\/uploads\/2016\/04\/p-998-6020-100x100.jpg",100,100,true]},"post_excerpt_stackable_v2":"<p>Los \u00c1ngeles, a\u00f1os 50. Una d\u00e9cada desquiciada y turbulenta; una ciudad marcada por la corrupci\u00f3n, la violencia, la pornograf\u00eda y las mafias, y sacudida de repente por un atroz asesinato de oscuras ramificaciones. En medio, movi\u00e9ndose en arenas movedizas y<\/p>\n","category_list_v2":"","author_info_v2":{"name":"","url":""},"comments_num_v2":"0 comentarios","_links":{"self":[{"href":"https:\/\/ajupe.com.uy\/web\/wp-json\/wp\/v2\/product\/998","targetHints":{"allow":["GET"]}}],"collection":[{"href":"https:\/\/ajupe.com.uy\/web\/wp-json\/wp\/v2\/product"}],"about":[{"href":"https:\/\/ajupe.com.uy\/web\/wp-json\/wp\/v2\/types\/product"}],"wp:featuredmedia":[{"embeddable":true,"href":"https:\/\/ajupe.com.uy\/web\/wp-json\/wp\/v2\/media\/999"}],"wp:attachment":[{"href":"https:\/\/ajupe.com.uy\/web\/wp-json\/wp\/v2\/media?parent=998"}],"wp:term":[{"taxonomy":"product_brand","embeddable":true,"href":"https:\/\/ajupe.com.uy\/web\/wp-json\/wp\/v2\/product_brand?post=998"},{"taxonomy":"product_cat","embeddable":true,"href":"https:\/\/ajupe.com.uy\/web\/wp-json\/wp\/v2\/product_cat?post=998"},{"taxonomy":"product_tag","embeddable":true,"href":"https:\/\/ajupe.com.uy\/web\/wp-json\/wp\/v2\/product_tag?post=998"}],"curies":[{"name":"wp","href":"https:\/\/api.w.org\/{rel}","templated":true}]}}